INSERT INTO `ps_search_index` (`id_product`, `id_word`, `weight`) VALUES
(9900544, 2626, 2),
(9900560, 2626, 2),
(9900567, 2626, 2),
(9900561, 2627, 10),
(9900561, 2628, 2),
(9900573, 2628, 2),
(9900579, 2628, 2),
(9900585, 2628, 2),
(9900586, 2628, 2),
(9900592, 2628, 2),
(9900726, 2628, 2),
(9900561, 2629, 2),
(9900573, 2629, 2),
(9900579, 2629, 2),
(9900585, 2629, 2),
(9900586, 2629, 2),
(9900592, 2629, 2),
(9900726, 2629, 2),
(9900561, 2630, 2),
(9900573, 2630, 2),
(9900579, 2630, 2),
(9900585, 2630, 2),
(9900586, 2630, 2),
(9900592, 2630, 2),
(9900726, 2630, 2),
(9900561, 2631, 2),
(9900573, 2631, 2),
(9900579, 2631, 2),
(9900585, 2631, 2),
(9900586, 2631, 2),
(9900592, 2631, 2),
(9900598, 2631, 2),
(9900726, 2631, 2),
(232, 2632, 1),
(233, 2632, 1),
(234, 2632, 1),
(235, 2632, 1),
(236, 2632, 1),
(237, 2632, 1),
(238, 2632, 1),
(438, 2632, 1),
(574, 2632, 2),
(757, 2632, 1),
(758, 2632, 2),
(759, 2632, 1),
(760, 2632, 1),
(761, 2632, 1),
(762, 2632, 1),
(763, 2632, 1),
(764, 2632, 1),
(765, 2632, 1),
(766, 2632, 1),
(767, 2632, 1),
(768, 2632, 1),
(769, 2632, 1),
(770, 2632, 1),
(772, 2632, 1),
(773, 2632, 1),
(775, 2632, 1),
(9900261, 2632, 1),
(9900561, 2632, 2),
(9900573, 2632, 2),
(9900579, 2632, 2),
(9900585, 2632, 2),
(9900586, 2632, 2),
(9900592, 2632, 2),
(9900726, 2632, 2),
(9900561, 2633, 2),
(9900573, 2633, 2),
(9900579, 2633, 2),
(9900585, 2633, 2),
(9900586, 2633, 2),
(9900592, 2633, 2),
(9900726, 2633, 2),
(9900561, 2634, 2),
(9900573, 2634, 2),
(9900579, 2634, 2),
(9900585, 2634, 2),
(9900586, 2634, 2),
(9900592, 2634, 2),
(9900726, 2634, 2),
(9900561, 2635, 2),
(9900573, 2635, 2),
(9900579, 2635, 2),
(9900585, 2635, 2),
(9900586, 2635, 2),
(9900592, 2635, 2),
(9900726, 2635, 2),
(9900561, 2636, 2),
(9900573, 2636, 2),
(9900579, 2636, 2),
(9900585, 2636, 2),
(9900586, 2636, 2),
(9900592, 2636, 2),
(9900726, 2636, 2),
(9900561, 2637, 2),
(9900563, 2638, 10),
(9900564, 2639, 10),
(9900567, 2640, 10),
(9900567, 2641, 2),
(9900705, 2641, 6),
(9900568, 2642, 10),
(9900568, 2643, 10),
(9900569, 2644, 10),
(9900569, 2645, 10),
(9900570, 2646, 10),
(9900570, 2647, 10),
(9900571, 2648, 10),
(9900572, 2649, 10),
(9900572, 2650, 10),
(9900573, 2651, 10),
(9900573, 2652, 2),
(9900574, 2653, 10),
(9900575, 2654, 10),
(9900576, 2655, 10),
(9900577, 2656, 10),
(9900578, 2657, 10),
(9900579, 2658, 10),
(9900579, 2659, 2),
(9900585, 2659, 2),
(9900726, 2659, 2),
(9900580, 2660, 10),
(9900581, 2661, 10),
(9900582, 2662, 10),
(9900583, 2663, 10),
(9900584, 2664, 10),
(9900585, 2665, 10),
(9900585, 2666, 2),
(9900586, 2667, 10),
(9900586, 2668, 2),
(9900587, 2669, 10),
(9900588, 2670, 10),
(9900589, 2671, 10),
(9900590, 2672, 10),
(9900591, 2673, 10),
(9900592, 2674, 10),
(9900592, 2675, 2),
(9900593, 2676, 10),
(9900594, 2677, 10),
(9900595, 2678, 10),
(9900596, 2679, 10),
(9900597, 2680, 10),
(9900598, 2681, 6),
(9900713, 2681, 1),
(9900598, 2682, 7),
(9900598, 2683, 10),
(9900606, 2683, 8),
(9900741, 2683, 6),
(9900743, 2683, 3),
(9900598, 2684, 6),
(9900605, 2684, 6),
(9900607, 2684, 6),
(9900608, 2684, 6),
(9900741, 2684, 6),
(9900742, 2684, 6),
(9900598, 2685, 10),
(9900605, 2685, 10),
(9900606, 2685, 10),
(9900607, 2685, 10),
(9900608, 2685, 10),
(9900741, 2685, 10),
(9900742, 2685, 10),
(9900598, 2686, 10),
(9900605, 2686, 10),
(9900606, 2686, 10),
(9900607, 2686, 10),
(9900608, 2686, 10),
(9900741, 2686, 10),
(9900742, 2686, 10),
(9900598, 2687, 10),
(9900598, 2688, 10),
(9900598, 2689, 4),
(9900606, 2689, 3),
(9900741, 2689, 3),
(9900001, 2690, 2),
(9900598, 2690, 4),
(9900606, 2690, 2),
(9900741, 2690, 2),
(9900783, 2690, 2),
(9900784, 2690, 1),
(9900598, 2691, 2),
(757, 2692, 3),
(758, 2692, 2),
(759, 2692, 2),
(760, 2692, 2),
(761, 2692, 1),
(762, 2692, 2),
(763, 2692, 2),
(764, 2692, 2),
(765, 2692, 2),
(766, 2692, 2),
(767, 2692, 2),
(768, 2692, 2),
(769, 2692, 2),
(770, 2692, 2),
(772, 2692, 2),
(773, 2692, 2),
(775, 2692, 2),
(9900598, 2692, 2),
(9900682, 2692, 3),
(9900598, 2693, 2),
(9900598, 2694, 2),
(9900598, 2695, 2),
(592, 2696, 1),
(593, 2696, 1),
(594, 2696, 1),
(595, 2696, 1),
(9900544, 2696, 2),
(9900598, 2696, 2),
(9900598, 2697, 2),
(9900598, 2698, 2),
(9900598, 2699, 2),
(9900650, 2699, 4),
(9900651, 2699, 2),
(9900598, 2700, 1),
(9900598, 2701, 1),
(9900598, 2702, 1),
(9900598, 2703, 1),
(9900598, 2704, 1),
(9900606, 2704, 1),
(9900741, 2704, 1),
(9900598, 2705, 1),
(9900606, 2705, 1),
(9900741, 2705, 1),
(9900598, 2706, 1),
(9900606, 2706, 1),
(9900741, 2706, 1),
(9900598, 2707, 1),
(9900606, 2707, 1),
(9900741, 2707, 1),
(9900598, 2708, 1),
(9900606, 2708, 1),
(9900741, 2708, 1),
(9900598, 2709, 1),
(9900001, 2710, 2),
(9900598, 2710, 2),
(9900786, 2710, 2),
(9900598, 2711, 1),
(9900598, 2712, 1),
(9900682, 2712, 1),
(9900786, 2712, 2),
(9900598, 2713, 1),
(9900598, 2714, 1),
(9900598, 2715, 1),
(9900598, 2716, 1),
(9900682, 2716, 1),
(9900605, 2717, 6),
(9900608, 2717, 6),
(9900605, 2718, 16),
(9900606, 2718, 20),
(9900607, 2718, 16),
(9900608, 2718, 16),
(9900742, 2718, 16),
(9900605, 2719, 6),
(9900605, 2720, 6),
(9900606, 2720, 1),
(9900607, 2720, 6),
(9900608, 2720, 6),
(9900741, 2720, 1),
(9900742, 2720, 6),
(9900605, 2721, 6),
(9900607, 2721, 6),
(9900608, 2721, 6),
(9900742, 2721, 6),
(9900605, 2722, 10),
(9900606, 2723, 6),
(9900607, 2723, 6),
(9900742, 2723, 6),
(9900606, 2724, 8),
(9900607, 2724, 6),
(9900608, 2724, 6),
(9900741, 2724, 2),
(9900742, 2724, 6),
(9900606, 2725, 10),
(9900742, 2725, 10),
(9900606, 2726, 3),
(9900741, 2726, 2),
(9900606, 2727, 6),
(9900741, 2727, 4),
(9900606, 2728, 4),
(9900741, 2728, 4),
(9900606, 2729, 4),
(9900741, 2729, 4),
(9900606, 2730, 2),
(9900741, 2730, 2),
(9900606, 2731, 2),
(9900741, 2731, 2),
(9900606, 2732, 2),
(9900741, 2732, 2),
(9900606, 2733, 2),
(9900741, 2733, 2),
(9900606, 2734, 2),
(9900741, 2734, 2),
(9900606, 2735, 1),
(9900741, 2735, 1),
(9900228, 2736, 2),
(9900606, 2736, 1),
(9900741, 2736, 1),
(9900228, 2737, 2),
(9900606, 2737, 1),
(9900682, 2737, 1),
(9900741, 2737, 1),
(9900606, 2738, 1),
(9900741, 2738, 1),
(9900606, 2739, 1),
(9900741, 2739, 1),
(9900606, 2740, 1),
(9900741, 2740, 1),
(9900606, 2741, 1),
(9900741, 2741, 1),
(9900606, 2742, 1),
(9900741, 2742, 1),
(9900606, 2743, 1),
(9900741, 2743, 1),
(9900607, 2744, 10),
(9900608, 2745, 10),
(9900609, 2746, 6),
(9900610, 2746, 6),
(9900611, 2746, 6),
(9900609, 2747, 6),
(9900609, 2748, 10),
(9900610, 2748, 10),
(9900611, 2748, 10),
(9900609, 2749, 10),
(9900609, 2750, 10),
(9900610, 2751, 6),
(9900610, 2752, 6),
(9900610, 2753, 6),
(9900610, 2754, 6),
(9900610, 2755, 10),
(9900610, 2756, 10),
(9900611, 2757, 10),
(9900611, 2758, 10),
(9900612, 2759, 6),
(9900612, 2760, 6),
(9900612, 2761, 10),
(9900612, 2762, 10),
(9900613, 2763, 6),
(9900614, 2763, 6),
(9900613, 2764, 6),
(9900613, 2765, 10),
(9900613, 2766, 10),
(9900614, 2767, 10),
(9900614, 2768, 10),
(9900616, 2769, 6),
(9900618, 2769, 6),
(9900619, 2769, 6),
(9900620, 2769, 6),
(9900621, 2769, 6),
(9900622, 2769, 6),
(9900623, 2769, 6),
(9900624, 2769, 6),
(9900625, 2769, 6),
(9900626, 2769, 6),
(9900627, 2769, 6),
(9900628, 2769, 6),
(9900629, 2769, 6),
(9900630, 2769, 6),
(9900631, 2769, 6),
(9900616, 2770, 10),
(9900617, 2771, 6),
(9900679, 2771, 16),
(9900680, 2771, 16),
(9900681, 2771, 16),
(9900617, 2772, 6),
(9900679, 2772, 6),
(9900680, 2772, 6),
(9900681, 2772, 6),
(9900617, 2773, 6),
(9900680, 2773, 6),
(9900690, 2773, 6),
(9900617, 2774, 10),
(9900617, 2775, 10),
(9900618, 2776, 10),
(9900619, 2777, 10),
(9900620, 2778, 10),
(9900621, 2779, 10),
(9900622, 2780, 6),
(9900623, 2780, 6),
(9900622, 2781, 10),
(9900623, 2781, 10),
(9900622, 2782, 10),
(9900623, 2783, 10),
(9900624, 2784, 10),
(9900625, 2784, 10),
(9900626, 2784, 10),
(9900718, 2784, 10),
(9900624, 2785, 10),
(9900625, 2786, 6),
(9900654, 2786, 6),
(9900661, 2786, 6),
(9900662, 2786, 6),
(9900663, 2786, 6),
(9900664, 2786, 6),
(9900691, 2786, 6),
(9900625, 2787, 10),
(9900626, 2788, 10),
(9900627, 2789, 6),
(9900628, 2789, 6),
(9900629, 2789, 6),
(9900630, 2789, 6),
(9900631, 2789, 6),
(9900627, 2790, 6),
(9900628, 2790, 6),
(9900629, 2790, 6),
(9900630, 2790, 6),
(9900631, 2790, 6),
(9900627, 2791, 10),
(9900628, 2791, 10),
(9900629, 2791, 10),
(9900630, 2791, 10),
(9900631, 2791, 10),
(9900692, 2791, 10),
(9900627, 2792, 10),
(9900628, 2793, 10),
(9900629, 2794, 10),
(9900630, 2795, 10),
(9900631, 2796, 10),
(9900632, 2797, 6),
(9900632, 2798, 6),
(9900632, 2799, 6),
(9900751, 2799, 4),
(9900752, 2799, 4),
(9900753, 2799, 4),
(9900632, 2800, 10),
(9900632, 2801, 10),
(9900633, 2802, 18),
(9900633, 2803, 6),
(9900633, 2804, 6),
(9900633, 2805, 10),
(9900634, 2806, 10),
(9900634, 2807, 2),
(9900635, 2807, 6),
(9900635, 2808, 6),
(9900635, 2809, 10),
(9900637, 2811, 10),
(9900639, 2813, 10),
(9900640, 2814, 6),
(9900660, 2814, 6),
(9900640, 2815, 6),
(9900640, 2816, 6),
(9900640, 2817, 6),
(9900640, 2818, 10),
(9900640, 2819, 10),
(9900641, 2820, 6),
(9900641, 2821, 6),
(9900641, 2822, 16),
(9900641, 2823, 10),
(9900641, 2824, 10),
(9900642, 2825, 6),
(9900762, 2825, 6),
(9900642, 2826, 10),
(9900762, 2826, 10),
(438, 2827, 1),
(9900261, 2827, 1),
(9900643, 2827, 6),
(9900644, 2827, 6),
(9900643, 2828, 10),
(9900643, 2829, 10),
(9900643, 2830, 2),
(9900643, 2831, 5),
(9900666, 2831, 2),
(9900743, 2831, 2),
(9900643, 2832, 2),
(9900643, 2833, 2),
(9900643, 2834, 2),
(828, 2835, 3),
(874, 2835, 3),
(875, 2835, 3),
(876, 2835, 3),
(9900643, 2835, 1),
(9900091, 2836, 2),
(9900141, 2836, 2),
(9900643, 2836, 2),
(9900091, 2837, 2),
(9900141, 2837, 2),
(9900643, 2837, 2),
(9900786, 2837, 2),
(9900644, 2838, 6),
(9900644, 2839, 8),
(9900644, 2840, 10),
(9900644, 2841, 10),
(9900644, 2842, 2),
(9900644, 2843, 2),
(9900666, 2843, 2),
(9900644, 2844, 2),
(9900644, 2845, 2),
(9900645, 2846, 18),
(9900645, 2847, 6),
(9900646, 2847, 6),
(9900647, 2847, 6),
(9900649, 2847, 6),
(9900645, 2848, 10),
(9900646, 2848, 10),
(9900647, 2848, 10),
(9900648, 2848, 10),
(9900649, 2848, 10),
(9900645, 2849, 10),
(9900646, 2850, 6),
(9900646, 2851, 6),
(9900646, 2852, 10),
(9900646, 2853, 10),
(9900647, 2854, 6),
(9900647, 2855, 10),
(9900647, 2856, 10),
(9900648, 2857, 6),
(9900648, 2858, 10),
(9900648, 2859, 10),
(9900649, 2860, 6),
(9900649, 2861, 10),
(9900649, 2862, 10),
(9900001, 2863, 10),
(9900650, 2863, 10),
(9900651, 2863, 10),
(9900652, 2863, 10),
(9900650, 2864, 10),
(9900651, 2865, 6),
(9900651, 2866, 10),
(9900652, 2867, 6),
(9900652, 2868, 6),
(9900652, 2869, 10),
(9900652, 2870, 10),
(9900653, 2871, 8),
(9900653, 2872, 6),
(9900653, 2873, 6),
(9900653, 2874, 10),
(9900653, 2875, 10),
(9900654, 2876, 6),
(9900661, 2876, 6),
(9900662, 2876, 6),
(9900691, 2876, 6),
(9900654, 2877, 6),
(9900661, 2877, 6),
(9900662, 2877, 6),
(9900691, 2877, 6),
(9900654, 2878, 10),
(798, 2879, 1),
(799, 2879, 1),
(800, 2879, 1),
(803, 2879, 1),
(804, 2879, 1),
(9900655, 2879, 6),
(9900658, 2879, 6),
(9900659, 2879, 6),
(9900655, 2880, 6),
(9900655, 2881, 10),
(9900656, 2882, 10),
(9900656, 2883, 10),
(9900657, 2884, 10),
(9900657, 2885, 10),
(9900658, 2886, 6),
(9900658, 2887, 10),
(9900658, 2888, 10),
(9900659, 2889, 6),
(9900659, 2890, 10),
(9900659, 2891, 10),
(9900660, 2892, 6),
(9900660, 2893, 6),
(9900001, 2894, 2),
(9900660, 2894, 6),
(9900786, 2894, 2),
(9900660, 2895, 6),
(9900660, 2896, 6),
(9900660, 2897, 10),
(9900660, 2898, 10),
(9900661, 2899, 6),
(9900661, 2900, 16),
(9900662, 2900, 16),
(9900661, 2901, 6),
(9900662, 2901, 6),
(9900661, 2902, 10),
(9900662, 2902, 10),
(9900661, 2903, 10),
(9900662, 2904, 6),
(9900662, 2905, 10),
(9900663, 2906, 6),
(9900663, 2907, 6),
(9900663, 2908, 6),
(9900664, 2908, 6),
(9900663, 2909, 10),
(9900664, 2909, 10),
(9900663, 2910, 10),
(9900663, 2911, 10),
(9900664, 2912, 16),
(9900664, 2913, 6),
(9900664, 2914, 10),
(9900665, 2915, 10),
(9900665, 2916, 10),
(9900666, 2917, 10),
(9900667, 2917, 10),
(9900666, 2918, 10),
(9900667, 2919, 10),
(9900667, 2920, 10),
(130, 2921, 2),
(9900134, 2921, 2),
(9900668, 2921, 6),
(9900669, 2921, 6),
(9900670, 2921, 6),
(9900671, 2921, 6),
(9900672, 2921, 6),
(9900673, 2921, 6),
(9900674, 2921, 6),
(9900675, 2921, 6),
(9900764, 2921, 6),
(9900668, 2922, 6),
(9900669, 2922, 6),
(9900670, 2922, 6),
(9900671, 2922, 6),
(9900668, 2923, 6),
(9900669, 2923, 6),
(9900670, 2923, 6),
(9900671, 2923, 6),
(9900668, 2924, 10),
(9900668, 2925, 10),
(9900669, 2926, 10),
(9900669, 2927, 10),
(9900670, 2928, 10),
(9900670, 2929, 10),
(9900671, 2930, 10),
(9900671, 2931, 10),
(9900672, 2932, 6),
(9900673, 2932, 6),
(9900674, 2932, 6),
(9900675, 2932, 6),
(9900764, 2932, 6),
(9900666, 2933, 10),
(9900672, 2933, 6),
(9900673, 2933, 6),
(9900674, 2933, 6),
(9900675, 2933, 6),
(9900764, 2933, 6),
(9900673, 2934, 6),
(9900674, 2934, 6),
(9900675, 2934, 6),
(9900764, 2934, 6),
(9900764, 2935, 10),
(9900672, 2936, 10),
(9900764, 2936, 10),
(9900673, 2937, 10),
(9900673, 2938, 10),
(9900674, 2939, 10),
(9900674, 2940, 10),
(9900675, 2941, 10),
(9900675, 2942, 10),
(9900676, 2943, 6),
(9900677, 2943, 6),
(9900678, 2943, 6),
(9900676, 2944, 10),
(9900676, 2945, 10),
(9900677, 2946, 10),
(9900677, 2947, 10),
(9900678, 2948, 10),
(9900678, 2949, 10),
(9900679, 2950, 10),
(9900680, 2951, 10),
(9900680, 2952, 10),
(9900681, 2953, 10),
(9900682, 2954, 9),
(9900682, 2956, 10),
(9900682, 2957, 10),
(9900682, 2958, 10),
(9900683, 2959, 8),
(9900683, 2960, 6),
(9900720, 2960, 6),
(9900683, 2962, 10),
(9900684, 2963, 6),
(9900685, 2963, 6),
(9900686, 2963, 6),
(9900684, 2964, 6),
(9900684, 2965, 10),
(9900685, 2966, 6),
(9900686, 2966, 6),
(9900685, 2967, 6),
(9900686, 2967, 6),
(9900685, 2968, 10),
(9900685, 2969, 10),
(9900686, 2970, 6),
(9900686, 2971, 6),
(9900686, 2972, 10),
(9900686, 2973, 10),
(9900687, 2974, 6),
(9900687, 2975, 6),
(9900688, 2975, 6),
(9900689, 2975, 6),
(9900720, 2975, 6),
(638, 2976, 1),
(640, 2976, 1),
(641, 2976, 1),
(688, 2976, 3),
(746, 2976, 1),
(747, 2976, 1),
(748, 2976, 1),
(9900344, 2976, 3),
(9900346, 2976, 3),
(9900687, 2976, 6),
(9900687, 2977, 10),
(9900688, 2978, 10),
(9900689, 2979, 10),
(830, 2980, 3),
(831, 2980, 3),
(858, 2980, 3),
(887, 2980, 3),
(894, 2980, 3),
(895, 2980, 3),
(9900690, 2980, 6),
(9900690, 2981, 6),
(9900690, 2982, 12),
(9900690, 2983, 10),
(9900691, 2984, 6),
(9900718, 2984, 6),
(9900691, 2985, 10),
(9900691, 2986, 10),
(9900692, 2987, 6),
(9900692, 2988, 6),
(9900692, 2989, 6),
(9900692, 2990, 10),
(9900693, 2991, 6),
(9900709, 2991, 16),
(9900693, 2992, 10),
(9900694, 2993, 6),
(9900694, 2994, 6),
(905, 2995, 4),
(9900694, 2995, 6),
(9900717, 2995, 6),
(9900719, 2995, 6),
(9900694, 2996, 10),
(9900694, 2997, 10),
(9900698, 2998, 6),
(9900698, 2999, 10),
(9900699, 3000, 6),
(9900700, 3000, 6),
(9900701, 3000, 6),
(9900699, 3001, 10),
(9900699, 3002, 10),
(9900700, 3003, 10),
(9900701, 3004, 6),
(9900701, 3005, 10),
(9900701, 3006, 10),
(9900703, 3007, 6),
(9900704, 3007, 6),
(9900705, 3007, 6),
(9900706, 3007, 6),
(9900703, 3008, 6),
(9900703, 3009, 10),
(9900704, 3010, 6),
(9900704, 3011, 10),
(9900706, 3011, 10),
(9900704, 3012, 10),
(9900705, 3013, 10),
(9900706, 3014, 6),
(9900706, 3015, 10),
(9900707, 3016, 6),
(9900707, 3017, 10),
(9900708, 3018, 10),
(9900709, 3019, 10),
(9900710, 3020, 16),
(9900710, 3021, 10),
(9900711, 3022, 6),
(9900712, 3022, 6),
(9900711, 3023, 10),
(9900712, 3024, 10),
(9900713, 3025, 7),
(9900713, 3026, 10),
(9900713, 3027, 10),
(9900716, 3028, 12),
(9900718, 3028, 6),
(9900682, 3029, 1),
(9900716, 3029, 6),
(9900718, 3029, 6),
(9900719, 3029, 6),
(9900716, 3030, 10),
(9900716, 3031, 10),
(9900717, 3032, 10),
(9900718, 3032, 10),
(9900717, 3033, 10),
(9900718, 3034, 10),
(9900719, 3035, 10),
(9900719, 3036, 10),
(9900720, 3037, 6),
(9900720, 3038, 6),
(9900720, 3039, 10),
(9900721, 3040, 6),
(9900721, 3041, 6),
(9900721, 3042, 6),
(9900721, 3043, 6),
(9900721, 3044, 10),
(9900721, 3045, 10),
(9900726, 3046, 2),
(9900730, 3047, 10),
(9900767, 3047, 10),
(9900741, 3048, 6),
(9900741, 3049, 6),
(9900741, 3050, 6),
(9900741, 3051, 10),
(9900741, 3052, 10),
(9900743, 3053, 2),
(9900743, 3054, 2),
(9900743, 3055, 4),
(9900743, 3056, 2),
(9900736, 3057, 10),
(164, 3058, 2),
(164, 3059, 2),
(164, 3060, 2),
(9900678, 3060, 2),
(164, 3061, 2),
(164, 3062, 2),
(164, 3063, 2),
(247, 3063, 1),
(251, 3063, 1),
(252, 3063, 1),
(253, 3063, 1),
(254, 3063, 1),
(255, 3063, 1),
(256, 3063, 1),
(257, 3063, 1),
(259, 3063, 1),
(260, 3063, 1),
(265, 3063, 1),
(266, 3063, 1),
(756, 3063, 1),
(164, 3064, 2),
(164, 3065, 2),
(164, 3066, 2),
(164, 3067, 2),
(164, 3068, 2),
(164, 3069, 2),
(164, 3070, 2),
(9900751, 3079, 10),
(9900752, 3079, 10),
(9900751, 3080, 2),
(9900752, 3080, 2),
(9900753, 3080, 2),
(9900751, 3081, 2),
(9900752, 3081, 2),
(9900753, 3081, 2),
(9900751, 3082, 2),
(9900752, 3082, 2),
(9900753, 3082, 2),
(9900751, 3083, 2),
(9900752, 3083, 2),
(9900753, 3083, 2),
(9900751, 3084, 2),
(9900752, 3084, 2),
(9900753, 3084, 2),
(9900751, 3085, 2),
(9900752, 3085, 2),
(9900753, 3085, 2),
(9900751, 3086, 2),
(9900752, 3086, 2),
(9900753, 3086, 2),
(130, 3087, 2),
(9900134, 3087, 1),
(9900751, 3087, 2),
(9900752, 3087, 2),
(9900753, 3087, 2),
(9900642, 3088, 2),
(9900751, 3088, 2),
(9900752, 3088, 2),
(9900753, 3088, 2),
(9900762, 3088, 1),
(688, 3089, 2),
(9900139, 3089, 2),
(9900141, 3089, 2),
(9900157, 3089, 2),
(9900158, 3089, 2),
(9900344, 3089, 2),
(9900346, 3089, 2),
(9900157, 3090, 2),
(9900158, 3090, 2),
(9900139, 3091, 2),
(9900141, 3091, 2),
(9900157, 3091, 2),
(9900158, 3091, 2),
(9900139, 3092, 2),
(9900141, 3092, 2),
(9900157, 3092, 2),
(9900158, 3092, 2),
(9900139, 3093, 2),
(9900141, 3093, 2),
(9900157, 3093, 2),
(9900158, 3093, 2),
(9900139, 3094, 2),
(9900157, 3094, 2),
(9900158, 3094, 2),
(9900139, 3095, 2),
(9900157, 3095, 2),
(9900158, 3095, 2),
(9900139, 3096, 2),
(9900157, 3096, 2),
(9900158, 3096, 2),
(9900753, 3097, 10),
(130, 3098, 1),
(9900134, 3098, 1),
(9900753, 3098, 1),
(119, 3099, 1),
(9900754, 3099, 2),
(688, 3100, 2),
(9900228, 3100, 2),
(9900344, 3100, 2),
(9900346, 3100, 2),
(9900754, 3100, 2),
(9900754, 3101, 2),
(9900754, 3102, 2),
(9900754, 3103, 2),
(9900377, 3104, 2),
(9900754, 3104, 2),
(438, 3105, 1),
(9900261, 3105, 1),
(9900754, 3105, 2),
(9900754, 3106, 2),
(438, 3107, 1),
(9900261, 3107, 1),
(9900754, 3107, 2),
(9900756, 3108, 10),
(9900757, 3109, 10),
(9900759, 3110, 10),
(9900502, 3111, 10),
(9900525, 3111, 10),
(9900799, 3111, 10),
(9900503, 3112, 10),
(9900507, 3113, 10),
(174, 3114, 2),
(588, 3114, 1),
(9900642, 3114, 2),
(9900645, 3114, 2),
(9900762, 3114, 2),
(9900642, 3115, 2),
(9900762, 3115, 2),
(9900642, 3116, 2),
(9900762, 3116, 2),
(9900650, 3117, 2),
(9900651, 3117, 1),
(9900650, 3118, 4),
(9900651, 3118, 2),
(9900688, 3118, 2),
(9900672, 3120, 10),
(9900672, 3121, 6),
(9900141, 3122, 10),
(130, 3123, 3),
(655, 3123, 3),
(9900109, 3123, 3),
(9900666, 3123, 3),
(9900683, 3124, 10),
(9900377, 3126, 2),
(9900713, 3126, 2),
(9900713, 3127, 2),
(9900713, 3128, 2),
(9900713, 3129, 1),
(565, 3130, 2),
(566, 3130, 2),
(571, 3130, 2),
(9900377, 3130, 2),
(9900683, 3130, 2),
(9900713, 3130, 1),
(9900688, 3131, 2),
(9900688, 3132, 2),
(9900688, 3133, 2),
(9900688, 3134, 2),
(9900688, 3135, 2),
(162, 3136, 3),
(9900001, 3136, 2),
(9900228, 3136, 2),
(9900786, 3136, 2),
(9900228, 3137, 2),
(9900228, 3138, 2),
(9900261, 3138, 1),
(592, 3139, 1),
(593, 3139, 1),
(594, 3139, 1),
(595, 3139, 1),
(9900228, 3139, 2),
(9900544, 3139, 2),
(9900228, 3140, 2),
(757, 3141, 3),
(758, 3141, 2),
(759, 3141, 2),
(760, 3141, 2),
(761, 3141, 1),
(762, 3141, 2),
(763, 3141, 2),
(764, 3141, 2),
(765, 3141, 2),
(766, 3141, 2),
(767, 3141, 2),
(768, 3141, 2),
(769, 3141, 2),
(770, 3141, 2),
(772, 3141, 2),
(773, 3141, 2),
(775, 3141, 2),
(9900228, 3141, 2),
(9900682, 3142, 2),
(9900682, 3143, 2),
(9900682, 3144, 2),
(9900682, 3145, 5),
(9900682, 3146, 2),
(9900682, 3147, 2),
(576, 3148, 2),
(577, 3148, 2),
(9900682, 3148, 2),
(576, 3149, 2),
(577, 3149, 2),
(9900682, 3149, 2),
(9900682, 3150, 1),
(9900682, 3151, 1),
(9900682, 3152, 2),
(9900682, 3153, 1),
(9900682, 3154, 1),
(9900682, 3155, 1),
(9900682, 3156, 1),
(9900784, 3156, 7),
(9900785, 3156, 8),
(9900682, 3157, 1),
(9900682, 3158, 2),
(9900682, 3159, 2),
(9900682, 3160, 1),
(9900682, 3161, 1),
(9900682, 3162, 1),
(9900682, 3163, 1),
(9900682, 3164, 1),
(9900682, 3165, 1),
(9900682, 3166, 4),
(9900682, 3167, 2),
(9900682, 3168, 1),
(9900682, 3169, 1),
(9900682, 3170, 1),
(9900682, 3171, 1),
(438, 3172, 1),
(9900261, 3172, 1),
(9900682, 3172, 1),
(9900682, 3173, 1),
(9900682, 3174, 1),
(9900682, 3175, 1),
(9900682, 3176, 1),
(9900682, 3177, 1),
(9900682, 3178, 1),
(9900682, 3179, 1),
(9900682, 3180, 1),
(688, 3181, 2),
(9900344, 3181, 2),
(9900346, 3181, 2),
(9900682, 3181, 1),
(9900682, 3182, 1),
(9900682, 3183, 1),
(9900682, 3184, 1),
(9900682, 3185, 1),
(9900682, 3186, 1),
(9900682, 3187, 1),
(9900653, 3188, 2),
(9900682, 3188, 1),
(9900682, 3189, 1),
(9900682, 3190, 1),
(9900682, 3191, 1),
(9900682, 3192, 1),
(9900682, 3193, 1),
(9900682, 3194, 1),
(9900683, 3195, 2),
(9900683, 3196, 2),
(9900683, 3197, 4),
(9900683, 3198, 2),
(9900683, 3199, 2),
(9900683, 3200, 2),
(9900377, 3201, 2),
(9900377, 3202, 2),
(9900377, 3203, 2),
(637, 3204, 1),
(654, 3204, 1),
(655, 3204, 1),
(9900377, 3204, 2),
(9900377, 3205, 2),
(9900377, 3206, 2),
(9900377, 3207, 2),
(631, 3208, 1),
(635, 3208, 1),
(9900377, 3208, 2),
(9900377, 3209, 2),
(9900377, 3210, 2),
(9900377, 3211, 2),
(9900653, 3211, 2),
(9900377, 3212, 2),
(9900261, 3213, 1),
(9900261, 3214, 1),
(438, 3215, 1),
(9900261, 3215, 1),
(438, 3216, 1),
(757, 3216, 1),
(758, 3216, 2),
(759, 3216, 1),
(760, 3216, 1),
(761, 3216, 1),
(762, 3216, 1),
(763, 3216, 1),
(764, 3216, 1),
(765, 3216, 1),
(766, 3216, 1),
(767, 3216, 1),
(768, 3216, 1),
(769, 3216, 1),
(770, 3216, 1),
(772, 3216, 1),
(773, 3216, 1),
(775, 3216, 1),
(9900261, 3216, 1),
(9900666, 3216, 2),
(438, 3217, 1),
(9900261, 3217, 1),
(438, 3218, 1),
(9900261, 3218, 1),
(232, 3219, 1),
(233, 3219, 1),
(234, 3219, 1),
(235, 3219, 1),
(236, 3219, 1),
(237, 3219, 1),
(238, 3219, 1),
(438, 3219, 1),
(9900261, 3219, 1),
(9900261, 3220, 2),
(757, 3221, 3),
(758, 3221, 2),
(759, 3221, 2),
(760, 3221, 2),
(761, 3221, 1),
(762, 3221, 2),
(763, 3221, 2),
(764, 3221, 2),
(765, 3221, 2),
(766, 3221, 2),
(767, 3221, 2),
(768, 3221, 2),
(769, 3221, 2),
(770, 3221, 2),
(772, 3221, 2),
(773, 3221, 2),
(775, 3221, 2),
(757, 3222, 3),
(758, 3222, 2),
(759, 3222, 2),
(760, 3222, 2),
(761, 3222, 1),
(762, 3222, 2),
(763, 3222, 2),
(764, 3222, 2),
(765, 3222, 2),
(766, 3222, 2),
(767, 3222, 2),
(768, 3222, 2),
(769, 3222, 2),
(770, 3222, 2),
(772, 3222, 2),
(773, 3222, 2),
(775, 3222, 2),
(757, 3223, 3),
(758, 3223, 2),
(759, 3223, 2),
(760, 3223, 2),
(761, 3223, 1),
(762, 3223, 2),
(763, 3223, 2),
(764, 3223, 2),
(765, 3223, 2),
(766, 3223, 2),
(767, 3223, 2),
(768, 3223, 2),
(769, 3223, 2),
(770, 3223, 2),
(772, 3223, 2),
(773, 3223, 2),
(775, 3223, 2),
(757, 3224, 3),
(758, 3224, 2),
(759, 3224, 2),
(760, 3224, 2),
(761, 3224, 1),
(762, 3224, 2),
(763, 3224, 2),
(764, 3224, 2),
(765, 3224, 2),
(766, 3224, 2),
(767, 3224, 2),
(768, 3224, 2),
(769, 3224, 2),
(770, 3224, 2),
(772, 3224, 2),
(773, 3224, 2),
(775, 3224, 2),
(757, 3225, 1),
(758, 3225, 2),
(759, 3225, 1),
(760, 3225, 1),
(761, 3225, 1),
(762, 3225, 1),
(763, 3225, 1),
(764, 3225, 1),
(765, 3225, 1),
(766, 3225, 1),
(767, 3225, 1),
(768, 3225, 1),
(769, 3225, 1),
(770, 3225, 1),
(772, 3225, 1),
(773, 3225, 1),
(775, 3225, 1),
(757, 3226, 1),
(758, 3226, 2),
(759, 3226, 1),
(760, 3226, 1),
(761, 3226, 1),
(762, 3226, 1),
(763, 3226, 1),
(764, 3226, 1),
(765, 3226, 1),
(766, 3226, 1),
(767, 3226, 1),
(768, 3226, 1),
(769, 3226, 1),
(770, 3226, 1),
(772, 3226, 1),
(773, 3226, 1),
(775, 3226, 1),
(757, 3227, 1),
(758, 3227, 2),
(759, 3227, 1),
(760, 3227, 1),
(761, 3227, 1),
(762, 3227, 1),
(763, 3227, 1),
(764, 3227, 1),
(765, 3227, 1),
(766, 3227, 1),
(767, 3227, 1),
(768, 3227, 1),
(769, 3227, 1),
(770, 3227, 1),
(772, 3227, 1),
(773, 3227, 1),
(775, 3227, 1),
(757, 3228, 1),
(758, 3228, 2),
(759, 3228, 1),
(760, 3228, 1),
(761, 3228, 1),
(762, 3228, 1),
(763, 3228, 1),
(764, 3228, 1),
(765, 3228, 1),
(766, 3228, 1),
(767, 3228, 1),
(768, 3228, 1),
(769, 3228, 1),
(770, 3228, 1),
(772, 3228, 1),
(773, 3228, 1),
(775, 3228, 1),
(757, 3229, 1),
(758, 3229, 2),
(759, 3229, 1),
(760, 3229, 1),
(761, 3229, 1),
(762, 3229, 1),
(763, 3229, 1),
(764, 3229, 1),
(765, 3229, 1),
(766, 3229, 1),
(767, 3229, 1),
(768, 3229, 1),
(769, 3229, 1),
(770, 3229, 1),
(772, 3229, 1),
(773, 3229, 1),
(775, 3229, 1),
(757, 3230, 1),
(758, 3230, 2),
(759, 3230, 1),
(760, 3230, 1),
(761, 3230, 1),
(762, 3230, 1),
(763, 3230, 1),
(764, 3230, 1),
(765, 3230, 1),
(766, 3230, 1),
(767, 3230, 1),
(768, 3230, 1),
(769, 3230, 1),
(770, 3230, 1),
(772, 3230, 1),
(773, 3230, 1),
(775, 3230, 1),
(15, 3231, 2),
(773, 3231, 2),
(776, 3231, 2),
(130, 3232, 1),
(758, 3232, 2),
(9900344, 3232, 2),
(898, 3233, 1),
(9900091, 3234, 2),
(9900091, 3235, 2),
(332, 3236, 2),
(688, 3237, 2),
(9900344, 3237, 2),
(9900346, 3237, 2),
(688, 3238, 2),
(9900344, 3238, 2),
(9900346, 3238, 2),
(688, 3239, 2),
(9900344, 3239, 2),
(9900346, 3239, 2),
(688, 3240, 2),
(9900344, 3240, 2),
(9900346, 3240, 2),
(688, 3241, 2),
(9900344, 3241, 2),
(9900346, 3241, 2),
(688, 3242, 2),
(9900344, 3242, 2),
(9900346, 3242, 2),
(9900346, 3243, 2),
(130, 3244, 7),
(9900134, 3244, 1),
(130, 3245, 2),
(9900134, 3245, 1),
(130, 3246, 2),
(9900134, 3246, 1),
(130, 3247, 2),
(9900134, 3247, 1),
(130, 3248, 2),
(9900134, 3248, 1),
(130, 3249, 2),
(232, 3249, 1),
(233, 3249, 1),
(234, 3249, 1),
(235, 3249, 1),
(236, 3249, 1),
(237, 3249, 1),
(238, 3249, 1),
(9900134, 3249, 1),
(130, 3250, 2),
(9900134, 3250, 1),
(130, 3251, 1),
(9900134, 3251, 1),
(130, 3252, 1),
(905, 3252, 2),
(130, 3253, 1),
(905, 3254, 2),
(905, 3255, 2),
(905, 3256, 2),
(905, 3257, 2),
(576, 3259, 2),
(577, 3259, 2),
(576, 3260, 2),
(577, 3260, 2),
(576, 3261, 2),
(577, 3261, 2),
(574, 3262, 2),
(576, 3262, 2),
(577, 3262, 2),
(574, 3263, 2),
(576, 3263, 2),
(577, 3263, 2),
(576, 3264, 2),
(577, 3264, 2),
(574, 3265, 4),
(576, 3265, 2),
(577, 3265, 2),
(576, 3266, 2),
(577, 3266, 2),
(576, 3267, 2),
(577, 3267, 2),
(576, 3268, 2),
(577, 3268, 2),
(574, 3269, 3),
(576, 3269, 3),
(577, 3269, 3),
(574, 3270, 3),
(576, 3270, 3),
(577, 3270, 3),
(574, 3271, 4),
(232, 3272, 1),
(233, 3272, 1),
(234, 3272, 1),
(235, 3272, 1),
(236, 3272, 1),
(237, 3272, 1),
(238, 3272, 1),
(574, 3272, 2),
(574, 3273, 2),
(588, 3274, 1),
(588, 3275, 1),
(588, 3276, 1),
(588, 3277, 1),
(588, 3278, 1),
(9900666, 3278, 2),
(588, 3279, 1),
(588, 3280, 1),
(588, 3281, 1),
(588, 3282, 3),
(9900492, 3282, 3),
(9900634, 3283, 2),
(9900139, 3284, 2),
(9900141, 3284, 4),
(9900141, 3285, 2),
(9900141, 3286, 2),
(9900783, 3288, 10),
(9900001, 3289, 2),
(9900666, 3289, 2),
(9900783, 3289, 2),
(9900784, 3289, 1),
(9900001, 3290, 2),
(9900783, 3290, 2),
(9900784, 3290, 1),
(9900001, 3291, 2),
(9900783, 3291, 2),
(9900784, 3291, 2),
(9900785, 3291, 2),
(9900786, 3291, 2),
(9900001, 3292, 2),
(9900783, 3292, 2),
(9900784, 3292, 2),
(9900785, 3292, 2),
(9900786, 3292, 2),
(9900001, 3293, 2),
(9900783, 3293, 2),
(9900784, 3293, 2),
(9900785, 3293, 2),
(9900786, 3293, 2),
(9900001, 3294, 2),
(9900783, 3294, 2),
(9900784, 3294, 2),
(9900785, 3294, 2),
(9900786, 3294, 2),
(9900001, 3295, 2),
(9900783, 3295, 2),
(9900784, 3295, 2),
(9900785, 3295, 2),
(9900786, 3295, 2),
(9900783, 3296, 2),
(9900784, 3296, 2),
(9900785, 3296, 2),
(9900783, 3297, 2),
(9900784, 3297, 2),
(9900785, 3297, 2),
(9900783, 3298, 2),
(9900784, 3298, 1),
(9900783, 3299, 2),
(9900784, 3299, 1),
(9900783, 3300, 2),
(9900784, 3300, 1),
(9900783, 3301, 2),
(9900784, 3301, 1),
(9900001, 3302, 4),
(9900783, 3302, 4),
(9900784, 3302, 4),
(9900785, 3302, 4),
(9900786, 3302, 4),
(9900001, 3303, 2),
(9900783, 3303, 2),
(9900784, 3303, 2),
(9900785, 3303, 2),
(9900786, 3303, 4),
(9900001, 3304, 2),
(9900783, 3304, 2),
(9900784, 3304, 2),
(9900785, 3304, 2),
(9900784, 3305, 10),
(9900785, 3305, 10),
(9900784, 3306, 1),
(9900785, 3306, 1),
(9900784, 3307, 1),
(9900785, 3307, 2),
(9900784, 3308, 1),
(9900785, 3308, 2),
(9900784, 3309, 1),
(9900785, 3309, 2),
(9900784, 3310, 1),
(9900785, 3310, 2),
(9900784, 3311, 1),
(9900785, 3311, 2),
(9900784, 3312, 1),
(9900785, 3312, 2),
(9900784, 3313, 1),
(9900785, 3313, 2),
(9900784, 3314, 1),
(9900785, 3314, 2),
(9900784, 3315, 1),
(9900785, 3315, 2),
(9900784, 3316, 1),
(9900785, 3316, 2),
(9900784, 3317, 1),
(9900785, 3317, 2),
(9900784, 3318, 1),
(9900785, 3318, 2),
(9900784, 3319, 1),
(9900785, 3319, 2),
(9900784, 3320, 1),
(9900785, 3320, 2),
(9900784, 3321, 1),
(9900785, 3321, 2),
(9900784, 3322, 1),
(9900785, 3322, 2),
(9900786, 3322, 2),
(9900785, 3323, 6),
(9900785, 3324, 10),
(9900785, 3325, 2),
(9900786, 3326, 2),
(592, 3327, 1),
(593, 3327, 1),
(594, 3327, 1),
(595, 3327, 1),
(9900544, 3327, 2),
(9900786, 3327, 2),
(9900786, 3328, 2),
(9900001, 3329, 2),
(9900786, 3329, 2),
(9900001, 3330, 2),
(9900786, 3330, 2),
(9900786, 3331, 2),
(9900786, 3332, 2),
(9900786, 3333, 2),
(9900786, 3334, 2),
(9900001, 3335, 2),
(9900001, 3336, 2),
(9900788, 3338, 6),
(9900442, 3342, 10),
(9900792, 3344, 10),
(161, 3345, 2),
(798, 3346, 1),
(799, 3346, 1),
(800, 3346, 1),
(803, 3346, 1),
(804, 3346, 1),
(798, 3347, 1),
(799, 3347, 1),
(800, 3347, 1),
(803, 3347, 1),
(804, 3347, 1),
(798, 3348, 1),
(799, 3348, 1),
(800, 3348, 1),
(803, 3348, 1),
(804, 3348, 1),
(798, 3349, 1),
(799, 3349, 1),
(800, 3349, 1),
(803, 3349, 1),
(804, 3349, 1),
(798, 3350, 1),
(799, 3350, 1),
(800, 3350, 1),
(803, 3350, 1),
(804, 3350, 1),
(798, 3351, 1),
(799, 3351, 1),
(800, 3351, 1),
(803, 3351, 1),
(804, 3351, 1),
(798, 3352, 1),
(799, 3352, 1),
(800, 3352, 1),
(803, 3352, 1),
(804, 3352, 1),
(798, 3353, 1),
(799, 3353, 1),
(800, 3353, 1),
(803, 3353, 1),
(804, 3353, 1),
(798, 3354, 1),
(799, 3354, 1),
(800, 3354, 1),
(803, 3354, 1),
(804, 3354, 1),
(815, 3355, 1),
(815, 3356, 1),
(815, 3357, 1),
(815, 3358, 1),
(815, 3359, 1),
(592, 3360, 1),
(593, 3360, 1),
(594, 3360, 1),
(595, 3360, 1),
(9900544, 3360, 2),
(592, 3361, 1),
(593, 3361, 1),
(594, 3361, 1),
(595, 3361, 1),
(9900544, 3361, 2),
(247, 3362, 1),
(251, 3362, 1),
(252, 3362, 1),
(253, 3362, 1),
(254, 3362, 1),
(255, 3362, 1),
(256, 3362, 1),
(257, 3362, 1),
(259, 3362, 1),
(260, 3362, 1),
(265, 3362, 1),
(266, 3362, 1),
(592, 3362, 1),
(593, 3362, 1),
(594, 3362, 1),
(595, 3362, 1),
(756, 3362, 1),
(9900544, 3362, 2),
(592, 3363, 1),
(593, 3363, 1),
(594, 3363, 1),
(595, 3363, 1),
(9900544, 3363, 2),
(592, 3364, 1),
(593, 3364, 1),
(594, 3364, 1),
(595, 3364, 1),
(9900544, 3364, 2),
(592, 3365, 1),
(593, 3365, 1),
(594, 3365, 1),
(595, 3365, 1),
(9900544, 3365, 2),
(592, 3366, 1),
(593, 3366, 1),
(594, 3366, 1),
(595, 3366, 1),
(9900544, 3366, 2),
(592, 3367, 1),
(593, 3367, 1),
(594, 3367, 1),
(595, 3367, 1),
(9900544, 3367, 2),
(592, 3368, 1),
(593, 3368, 1),
(594, 3368, 1),
(595, 3368, 1),
(9900544, 3368, 2),
(592, 3369, 1),
(593, 3369, 1),
(594, 3369, 1),
(595, 3369, 1),
(9900544, 3369, 2),
(592, 3370, 1),
(593, 3370, 1),
(594, 3370, 1),
(595, 3370, 1),
(9900544, 3370, 2),
(592, 3371, 1),
(593, 3371, 1),
(594, 3371, 1),
(595, 3371, 1),
(9900544, 3371, 2),
(592, 3372, 1),
(593, 3372, 1),
(594, 3372, 1),
(595, 3372, 1),
(9900544, 3372, 2),
(592, 3373, 1),
(593, 3373, 1),
(594, 3373, 1),
(595, 3373, 1),
(9900544, 3373, 2),
(593, 3374, 7),
(595, 3374, 7),
(594, 3376, 6),
(594, 3377, 1),
(820, 3378, 1),
(757, 3379, 1),
(825, 3380, 6),
(477, 3381, 1),
(11, 3384, 1),
(830, 3385, 3),
(831, 3385, 3),
(858, 3385, 3),
(887, 3385, 3),
(894, 3385, 3),
(895, 3385, 3),
(631, 3386, 1),
(635, 3386, 1),
(631, 3387, 1),
(635, 3387, 1),
(631, 3388, 1),
(635, 3388, 1),
(247, 3389, 1),
(251, 3389, 1),
(252, 3389, 1),
(253, 3389, 1),
(254, 3389, 1),
(255, 3389, 1),
(256, 3389, 1),
(257, 3389, 1),
(259, 3389, 1),
(260, 3389, 1),
(265, 3389, 1),
(266, 3389, 1),
(756, 3389, 1),
(247, 3390, 1),
(251, 3390, 1),
(252, 3390, 1),
(253, 3390, 1),
(254, 3390, 1),
(255, 3390, 1),
(256, 3390, 1),
(257, 3390, 1),
(259, 3390, 1),
(260, 3390, 1),
(265, 3390, 1),
(266, 3390, 1),
(756, 3390, 1),
(247, 3391, 1),
(251, 3391, 1),
(252, 3391, 1),
(253, 3391, 1),
(254, 3391, 1),
(255, 3391, 1),
(256, 3391, 1),
(257, 3391, 1),
(259, 3391, 1),
(260, 3391, 1),
(265, 3391, 1),
(266, 3391, 1),
(756, 3391, 1),
(247, 3392, 1),
(251, 3392, 1),
(252, 3392, 1),
(253, 3392, 1),
(254, 3392, 1),
(255, 3392, 1),
(256, 3392, 1),
(257, 3392, 1),
(259, 3392, 1),
(260, 3392, 1),
(265, 3392, 1),
(266, 3392, 1),
(756, 3392, 1),
(247, 3393, 1),
(251, 3393, 1),
(252, 3393, 1),
(253, 3393, 1),
(254, 3393, 1),
(255, 3393, 1),
(256, 3393, 1),
(257, 3393, 1),
(259, 3393, 1),
(260, 3393, 1),
(265, 3393, 1),
(266, 3393, 1),
(756, 3393, 1),
(247, 3394, 1),
(251, 3394, 1),
(252, 3394, 1),
(253, 3394, 1),
(254, 3394, 1),
(255, 3394, 1),
(256, 3394, 1),
(257, 3394, 1),
(259, 3394, 1),
(260, 3394, 1),
(265, 3394, 1),
(266, 3394, 1),
(756, 3394, 1),
(247, 3395, 1),
(251, 3395, 1),
(252, 3395, 1),
(253, 3395, 1),
(254, 3395, 1),
(255, 3395, 1),
(256, 3395, 1),
(257, 3395, 1),
(259, 3395, 1),
(260, 3395, 1),
(265, 3395, 1),
(266, 3395, 1),
(756, 3395, 1),
(247, 3396, 2),
(251, 3396, 2),
(252, 3396, 2),
(253, 3396, 2),
(254, 3396, 2),
(255, 3396, 2),
(256, 3396, 2),
(257, 3396, 2),
(259, 3396, 2),
(260, 3396, 2),
(265, 3396, 2),
(266, 3396, 2),
(756, 3396, 2),
(247, 3397, 1),
(251, 3397, 1),
(252, 3397, 1),
(253, 3397, 1),
(254, 3397, 1),
(255, 3397, 1),
(256, 3397, 1),
(257, 3397, 1),
(259, 3397, 1),
(260, 3397, 1),
(265, 3397, 1),
(266, 3397, 1),
(756, 3397, 1),
(247, 3398, 1),
(251, 3398, 1),
(252, 3398, 1),
(253, 3398, 1),
(254, 3398, 1),
(255, 3398, 1),
(256, 3398, 1),
(257, 3398, 1),
(259, 3398, 1),
(260, 3398, 1),
(265, 3398, 1),
(266, 3398, 1),
(756, 3398, 1),
(247, 3399, 1),
(251, 3399, 1),
(252, 3399, 1),
(253, 3399, 1),
(254, 3399, 1),
(255, 3399, 1),
(256, 3399, 1),
(257, 3399, 1),
(259, 3399, 1),
(260, 3399, 1),
(265, 3399, 1),
(266, 3399, 1),
(756, 3399, 1),
(828, 3401, 1),
(11, 3402, 1),
(232, 3403, 1),
(233, 3403, 1),
(234, 3403, 1),
(235, 3403, 1),
(236, 3403, 1),
(237, 3403, 1),
(238, 3403, 1),
(232, 3404, 1),
(233, 3404, 1),
(234, 3404, 1),
(235, 3404, 1),
(236, 3404, 1),
(237, 3404, 1),
(238, 3404, 1),
(232, 3405, 1),
(233, 3405, 1),
(234, 3405, 1),
(235, 3405, 1),
(236, 3405, 1),
(237, 3405, 1),
(238, 3405, 1),
(232, 3406, 1),
(233, 3406, 1),
(234, 3406, 1),
(235, 3406, 1),
(236, 3406, 1),
(237, 3406, 1),
(238, 3406, 1),
(236, 3407, 1),
(235, 3408, 7),
(234, 3409, 1),
(233, 3410, 1),
(261, 3411, 1),
(401, 3412, 2),
(239, 3414, 1),
(240, 3414, 1),
(241, 3414, 1),
(239, 3415, 1),
(240, 3415, 1),
(241, 3415, 1),
(241, 3416, 1),
(240, 3417, 1),
(241, 3417, 1),
(240, 3418, 1),
(9900796, 3419, 6),
(127, 3420, 1),
(127, 3421, 1),
(127, 3422, 1),
(127, 3423, 1),
(127, 3424, 1),
(127, 3425, 1),
(9900645, 3426, 2),
(9900645, 3427, 3),
(9900479, 3428, 2),
(9900479, 3429, 1),
(9900678, 3430, 2),
(9900678, 3431, 2),
(9900678, 3432, 2),
(9900653, 3433, 2),
(9900678, 3433, 2),
(9900678, 3434, 2),
(119, 3435, 1),
(119, 3436, 1),
(119, 3437, 1),
(9900666, 3437, 2),
(119, 3438, 1),
(119, 3439, 1),
(149, 3440, 1),
(174, 3441, 2),
(174, 3442, 2),
(9900139, 3444, 2),
(9900653, 3445, 2),
(9900653, 3446, 2),
(9900653, 3447, 2),
(9900653, 3448, 2),
(9900653, 3449, 2),
(9900653, 3450, 2),
(9900653, 3451, 4),
(9900653, 3452, 2),
(9900653, 3453, 2),
(9900653, 3454, 2),
(9900653, 3455, 2),
(9900666, 3456, 8),
(9900666, 3457, 4),
(9900666, 3458, 2),
(9900666, 3459, 2),
(9900666, 3460, 2),
(9900666, 3461, 2),
(9900666, 3462, 2),
(9900666, 3463, 2),
(9900666, 3464, 2),
(9900666, 3465, 2),
(9900798, 3466, 10),
(9900134, 3467, 1),
(9900134, 3468, 1),
(9900134, 3469, 1),
(9900134, 3470, 1);

-- --------------------------------------------------------

--
-- Structure de la table `ps_search_word`
--

CREATE TABLE IF NOT EXISTS `ps_search_word` (
  `id_word` int(10) unsigned NOT NULL AUTO_INCREMENT,
  `id_shop` int(11) unsigned NOT NULL DEFAULT '1',
  `id_lang` int(10) unsigned NOT NULL,
  `word` varchar(15) NOT NULL,
  PRIMARY KEY (`id_word`),
  UNIQUE KEY `id_lang` (`id_lang`,`id_shop`,`word`)
) ENGINE=InnoDB  DEFAULT CHARSET=utf8 AUTO_INCREMENT=3471 ;

--
-- Contenu de la table `ps_search_word`
--

INSERT INTO `ps_search_word` (`id_word`, `id_shop`, `id_lang`, `word`) VALUES
(109, 1, 1, '000'),
(4, 1, 1, '0000000000009'),
(54, 1, 1, '0000000000011'),
(58, 1, 1, '0000000000014'),
(112, 1, 1, '0000000000015'),
(115, 1, 1, '0000000000016'),
(118, 1, 1, '0000000000017'),
(122, 1, 1, '0000000000018'),
(130, 1, 1, '0000000000019'),
(181, 1, 1, '0000000000020'),
(235, 1, 1, '0000000000023'),
(247, 1, 1, '0000000000026'),
(303, 1, 1, '0000000000027'),
(5, 1, 1, '000000000009'),
(55, 1, 1, '000000000011'),
(59, 1, 1, '000000000014'),
(113, 1, 1, '000000000015'),
(116, 1, 1, '000000000016'),
(119, 1, 1, '000000000017'),
(123, 1, 1, '000000000018'),
(131, 1, 1, '000000000019'),
(182, 1, 1, '000000000020'),
(236, 1, 1, '000000000023'),
(241, 1, 1, '000000000024'),
(248, 1, 1, '000000000026'),
(304, 1, 1, '000000000027'),
(1313, 1, 1, '011'),
(294, 1, 1, '012m3'),
(3283, 1, 1, '013m3'),
(979, 1, 1, '03b'),
(1315, 1, 1, '042'),
(3284, 1, 1, '050'),
(378, 1, 1, '050x100'),
(333, 1, 1, '050x150'),
(409, 1, 1, '050x50'),
(335, 1, 1, '050x75'),
(767, 1, 1, '0565'),
(458, 1, 1, '05g1'),
(2804, 1, 1, '05m'),
(245, 1, 1, '05m3'),
(411, 1, 1, '080x15'),
(380, 1, 1, '080x150'),
(338, 1, 1, '080x75'),
(989, 1, 1, '09x50'),
(13, 1, 1, '100'),
(463, 1, 1, '1000'),
(1549, 1, 1, '10000'),
(3412, 1, 1, '1000x400x300'),
(2519, 1, 1, '10012'),
(2521, 1, 1, '10018'),
(2523, 1, 1, '10024'),
(2527, 1, 1, '10030'),
(818, 1, 1, '100300'),
(2529, 1, 1, '10036'),
(3111, 1, 1, '1006'),
(561, 1, 1, '1006550'),
(3112, 1, 1, '10072'),
(3440, 1, 1, '100cm'),
(1236, 1, 1, '100l'),
(1844, 1, 1, '100m'),
(1068, 1, 1, '100micron'),
(951, 1, 1, '100ml'),
(372, 1, 1, '100x10'),
(332, 1, 1, '100x100'),
(1834, 1, 1, '100x10ml'),
(323, 1, 1, '100x150'),
(1282, 1, 1, '100x2'),
(1283, 1, 1, '100x220'),
(1140, 1, 1, '100x300'),
(585, 1, 1, '100x42x82'),
(994, 1, 1, '100x48'),
(367, 1, 1, '100x50'),
(586, 1, 1, '100x50x50'),
(2874, 1, 1, '100x51'),
(587, 1, 1, '100x70x50'),
(328, 1, 1, '100x75'),
(931, 1, 1, '100x840'),
(710, 1, 1, '1010x820x1070'),
(1509, 1, 1, '102'),
(485, 1, 1, '1024'),
(358, 1, 1, '10270'),
(534, 1, 1, '1028'),
(1468, 1, 1, '103x67x45'),
(1187, 1, 1, '1050'),
(760, 1, 1, '1072'),
(1033, 1, 1, '1075'),
(2682, 1, 1, '108'),
(1226, 1, 1, '1080'),
(761, 1, 1, '1090'),
(117, 1, 1, '10x10'),
(933, 1, 1, '10x1000'),
(2335, 1, 1, '10x1010'),
(2340, 1, 1, '10x10160'),
(2342, 1, 1, '10x102'),
(2344, 1, 1, '10x1040'),
(2346, 1, 1, '10x104000'),
(2348, 1, 1, '10x105'),
(2350, 1, 1, '10x10500'),
(2352, 1, 1, '10x1080'),
(121, 1, 1, '10x15'),
(2234, 1, 1, '10x1510'),
(2355, 1, 1, '10x152'),
(2357, 1, 1, '10x155'),
(2359, 1, 1, '10x1550'),
(2361, 1, 1, '10x15500'),
(2363, 1, 1, '10x155000'),
(1316, 1, 1, '10x20'),
(1318, 1, 1, '10x25'),
(2366, 1, 1, '10x2510'),
(2368, 1, 1, '10x2540'),
(2370, 1, 1, '10x255'),
(465, 1, 1, '10x801'),
(1211, 1, 1, '10x85'),
(388, 1, 1, '10x89'),
(386, 1, 1, '10x890'),
(414, 1, 1, '110'),
(504, 1, 1, '1100'),
(1149, 1, 1, '11002x550'),
(1474, 1, 1, '111'),
(1472, 1, 1, '112'),
(508, 1, 1, '1120'),
(1192, 1, 1, '112micron'),
(1506, 1, 1, '114'),
(509, 1, 1, '1150'),
(511, 1, 1, '1160'),
(759, 1, 1, '117'),
(757, 1, 1, '1170'),
(3273, 1, 1, '118'),
(1227, 1, 1, '1180'),
(1151, 1, 1, '11x11x1'),
(836, 1, 1, '11x11x25'),
(349, 1, 1, '120'),
(475, 1, 1, '1200'),
(555, 1, 1, '1200x1000x10'),
(752, 1, 1, '1200x800'),
(820, 1, 1, '120450'),
(1202, 1, 1, '120micron'),
(370, 1, 1, '120x150'),
(1215, 1, 1, '120x1800'),
(1602, 1, 1, '120x275'),
(3030, 1, 1, '120x27510'),
(3032, 1, 1, '120x275100'),
(3035, 1, 1, '120x27550'),
(588, 1, 1, '120x40x20'),
(2957, 1, 1, '120x80'),
(552, 1, 1, '120x80x100'),
(893, 1, 1, '120x8x85'),
(3244, 1, 1, '121'),
(589, 1, 1, '1210'),
(591, 1, 1, '121x90x74'),
(1510, 1, 1, '123'),
(1160, 1, 1, '12302x540x1570'),
(143, 1, 1, '125'),
(1048, 1, 1, '1250'),
(1314, 1, 1, '125x125'),
(1508, 1, 1, '126'),
(1181, 1, 1, '1270'),
(763, 1, 1, '1272'),
(1188, 1, 1, '127x88'),
(3268, 1, 1, '128'),
(769, 1, 1, '1290'),
(387, 1, 1, '12b80'),
(1084, 1, 1, '12micron'),
(1028, 1, 1, '12x100'),
(1102, 1, 1, '12x14'),
(941, 1, 1, '12x15'),
(1320, 1, 1, '12x18'),
(2237, 1, 1, '12x1810'),
(2374, 1, 1, '12x18100'),
(2376, 1, 1, '12x1820'),
(2378, 1, 1, '12x1830'),
(2380, 1, 1, '12x185'),
(1285, 1, 1, '12x27'),
(533, 1, 1, '12x35'),
(1923, 1, 1, '12x7x410'),
(1925, 1, 1, '12x7x425'),
(1927, 1, 1, '12x7x450'),
(1672, 1, 1, '12x8'),
(295, 1, 1, '130'),
(1037, 1, 1, '1300'),
(1148, 1, 1, '1320'),
(1505, 1, 1, '135'),
(674, 1, 1, '1350'),
(1153, 1, 1, '13502x575'),
(1156, 1, 1, '13502x575x1000'),
(1154, 1, 1, '13502x575x1700'),
(1206, 1, 1, '135micron'),
(1493, 1, 1, '139'),
(595, 1, 1, '140'),
(1050, 1, 1, '1400'),
(1603, 1, 1, '140x305'),
(1550, 1, 1, '142x101x12'),
(1473, 1, 1, '143'),
(3321, 1, 1, '144'),
(771, 1, 1, '1490'),
(1297, 1, 1, '14micron'),
(3407, 1, 1, '14mm'),
(837, 1, 1, '14x10x9'),
(2101, 1, 1, '14x10x9100'),
(2103, 1, 1, '14x10x920'),
(1279, 1, 1, '14x15'),
(1106, 1, 1, '14x16'),
(1270, 1, 1, '14x20'),
(1280, 1, 1, '14x25'),
(124, 1, 1, '150'),
(1135, 1, 1, '1500'),
(1209, 1, 1, '150micron'),
(406, 1, 1, '150x150'),
(1785, 1, 1, '150x200'),
(1244, 1, 1, '150x700'),
(512, 1, 1, '15100'),
(558, 1, 1, '1510x770x420'),
(514, 1, 1, '15120'),
(516, 1, 1, '15155'),
(1240, 1, 1, '1518'),
(2642, 1, 1, '152'),
(2644, 1, 1, '153'),
(992, 1, 1, '1530x12'),
(2646, 1, 1, '154'),
(515, 1, 1, '155'),
(2649, 1, 1, '156'),
(3310, 1, 1, '15conforme'),
(1090, 1, 1, '15micron'),
(1929, 1, 1, '15x10x710'),
(1931, 1, 1, '15x10x725'),
(839, 1, 1, '15x13x17'),
(2108, 1, 1, '15x13x17100'),
(2110, 1, 1, '15x13x1720'),
(3051, 1, 1, '15x15'),
(1934, 1, 1, '15x15x610'),
(1936, 1, 1, '15x15x625'),
(1938, 1, 1, '15x15x650'),
(321, 1, 1, '15x20'),
(1777, 1, 1, '15x2010'),
(1779, 1, 1, '15x20100'),
(1781, 1, 1, '15x20200'),
(1783, 1, 1, '15x20400'),
(1786, 1, 1, '15x2050'),
(366, 1, 1, '15x25'),
(1788, 1, 1, '15x2510'),
(1790, 1, 1, '15x25100'),
(1792, 1, 1, '15x25200'),
(1794, 1, 1, '15x2550'),
(1611, 1, 1, '15x28'),
(1245, 1, 1, '15x70'),
(383, 1, 1, '160'),
(1108, 1, 1, '1600'),
(2339, 1, 1, '16000'),
(3448, 1, 1, '160g'),
(1228, 1, 1, '160l'),
(330, 1, 1, '160x150'),
(1322, 1, 1, '160x220'),
(3334, 1, 1, '164'),
(1466, 1, 1, '165'),
(592, 1, 1, '1650'),
(593, 1, 1, '165x60x120'),
(345, 1, 1, '16b80poctri'),
(1323, 1, 1, '16x12'),
(594, 1, 1, '16x12x11'),
(1965, 1, 1, '16x12x1110'),
(2112, 1, 1, '16x12x11100'),
(1967, 1, 1, '16x12x1120'),
(1969, 1, 1, '16x12x1130'),
(1216, 1, 1, '16x22'),
(2240, 1, 1, '16x2210'),
(2242, 1, 1, '16x225'),
(1212, 1, 1, '16x85'),
(600, 1, 1, '170'),
(2588, 1, 1, '172'),
(2590, 1, 1, '173'),
(2592, 1, 1, '174'),
(1580, 1, 1, '17407'),
(661, 1, 1, '175'),
(3380, 1, 1, '175cm'),
(1462, 1, 1, '176'),
(1259, 1, 1, '17x23'),
(178, 1, 1, '180'),
(1063, 1, 1, '1800'),
(1920, 1, 1, '180x120x50'),
(1289, 1, 1, '180x35'),
(3429, 1, 1, '1820'),
(1241, 1, 1, '1825'),
(1494, 1, 1, '183'),
(3401, 1, 1, '183x139x53'),
(1486, 1, 1, '183x139x53barqu'),
(1076, 1, 1, '18micron'),
(1940, 1, 1, '18x10x510'),
(1942, 1, 1, '18x10x525'),
(1944, 1, 1, '18x10x550'),
(440, 1, 1, '18x12x5'),
(1921, 1, 1, '18x12x55'),
(1324, 1, 1, '18x15'),
(1325, 1, 1, '18x25'),
(403, 1, 1, '18x30'),
(1796, 1, 1, '18x3010'),
(1798, 1, 1, '18x30100'),
(1800, 1, 1, '18x30200'),
(1291, 1, 1, '18x35'),
(2299, 1, 1, '18x351000'),
(2301, 1, 1, '18x35200'),
(2303, 1, 1, '18x352000'),
(2305, 1, 1, '18x355000'),
(2307, 1, 1, '18x35600'),
(2309, 1, 1, '18x356000'),
(843, 1, 1, '190'),
(1039, 1, 1, '1900'),
(1038, 1, 1, '1900x650x1960'),
(1503, 1, 1, '192x137x40'),
(1499, 1, 1, '192x137x55'),
(3345, 1, 1, '1950'),
(1548, 1, 1, '197x142x12'),
(1021, 1, 1, '19mm'),
(988, 1, 1, '19x11'),
(982, 1, 1, '19x50'),
(1607, 1, 1, '1bout'),
(3367, 1, 1, '1er'),
(501, 1, 1, '1fb'),
(3190, 1, 1, '1format'),
(505, 1, 1, '1mm'),
(1437, 1, 1, '1pl'),
(106, 1, 1, '200'),
(434, 1, 1, '2000'),
(2448, 1, 1, '20000'),
(1203, 1, 1, '200200x1180'),
(1200, 1, 1, '200200x1180120'),
(1191, 1, 1, '200200x600'),
(3369, 1, 1, '2004'),
(1261, 1, 1, '200micron'),
(376, 1, 1, '200x150ml'),
(1463, 1, 1, '200x165x50'),
(1570, 1, 1, '202'),
(1193, 1, 1, '2020x65'),
(1197, 1, 1, '2020x70'),
(2600, 1, 1, '203'),
(423, 1, 1, '20333200080'),
(486, 1, 1, '2035'),
(2602, 1, 1, '204'),
(2604, 1, 1, '205'),
(2606, 1, 1, '206'),
(1199, 1, 1, '20micron'),
(1145, 1, 1, '20x12'),
(1947, 1, 1, '20x14x07510'),
(1949, 1, 1, '20x14x07525'),
(1951, 1, 1, '20x14x07550'),
(596, 1, 1, '20x14x14'),
(1971, 1, 1, '20x14x1410'),
(2115, 1, 1, '20x14x14100'),
(2117, 1, 1, '20x14x1420'),
(597, 1, 1, '20x15x12'),
(840, 1, 1, '20x15x15'),
(2119, 1, 1, '20x15x15100'),
(2122, 1, 1, '20x15x1520'),
(841, 1, 1, '20x15x6'),
(2124, 1, 1, '20x15x6100'),
(2126, 1, 1, '20x15x620'),
(413, 1, 1, '20x15x9'),
(3108, 1, 1, '20x15x910'),
(2128, 1, 1, '20x15x9100'),
(2130, 1, 1, '20x15x920'),
(1147, 1, 1, '20x17'),
(1342, 1, 1, '20x18'),
(842, 1, 1, '20x20x11'),
(3109, 1, 1, '20x20x1120'),
(598, 1, 1, '20x20x14'),
(599, 1, 1, '20x20x20'),
(1973, 1, 1, '20x20x2010'),
(2132, 1, 1, '20x20x20100'),
(2136, 1, 1, '20x20x2020'),
(1286, 1, 1, '20x30'),
(2759, 1, 1, '20x30cm'),
(1242, 1, 1, '20x3580'),
(1243, 1, 1, '20x4280'),
(350, 1, 1, '210'),
(518, 1, 1, '2100'),
(3008, 1, 1, '2108'),
(2641, 1, 1, '2110'),
(3010, 1, 1, '2113'),
(3014, 1, 1, '2115'),
(519, 1, 1, '2120'),
(1194, 1, 1, '212micron'),
(1110, 1, 1, '215'),
(520, 1, 1, '2150'),
(1461, 1, 1, '217'),
(1456, 1, 1, '217x176x75'),
(1457, 1, 1, '21x17'),
(1352, 1, 1, '21x34'),
(1213, 1, 1, '21x90'),
(326, 1, 1, '220'),
(608, 1, 1, '225'),
(2982, 1, 1, '227'),
(438, 1, 1, '22mm'),
(550, 1, 1, '22x11x4'),
(1326, 1, 1, '22x12'),
(2924, 1, 1, '22x12100'),
(2926, 1, 1, '22x121000'),
(2928, 1, 1, '22x12250'),
(2930, 1, 1, '22x1250'),
(826, 1, 1, '22x22x4'),
(327, 1, 1, '22x36'),
(1802, 1, 1, '22x3610'),
(1804, 1, 1, '22x36100'),
(1806, 1, 1, '22x36200'),
(1808, 1, 1, '22x3650'),
(613, 1, 1, '230'),
(1035, 1, 1, '2300'),
(2991, 1, 1, '231'),
(2586, 1, 1, '2351'),
(844, 1, 1, '23x19x12'),
(845, 1, 1, '23x19x16'),
(1218, 1, 1, '23x32'),
(2245, 1, 1, '23x3210'),
(2247, 1, 1, '23x325'),
(399, 1, 1, '240'),
(2857, 1, 1, '240401'),
(2860, 1, 1, '240408'),
(2854, 1, 1, '240412'),
(2851, 1, 1, '240414'),
(1132, 1, 1, '245'),
(1044, 1, 1, '2470'),
(1953, 1, 1, '24x17x510'),
(1955, 1, 1, '24x17x525'),
(1957, 1, 1, '24x17x550'),
(2765, 1, 1, '24x35'),
(2767, 1, 1, '24x352'),
(365, 1, 1, '250'),
(2703, 1, 1, '2500kg'),
(1222, 1, 1, '250250'),
(603, 1, 1, '250x180x140'),
(605, 1, 1, '250x250x160'),
(344, 1, 1, '250x300'),
(1195, 1, 1, '2525x90'),
(1416, 1, 1, '2530'),
(3418, 1, 1, '254'),
(3408, 1, 1, '2544'),
(663, 1, 1, '255'),
(625, 1, 1, '256'),
(495, 1, 1, '25g'),
(1845, 1, 1, '25m'),
(1146, 1, 1, '25micron'),
(1959, 1, 1, '25x10x1010'),
(1961, 1, 1, '25x10x1025'),
(1963, 1, 1, '25x10x1050'),
(601, 1, 1, '25x17x10'),
(602, 1, 1, '25x17x15'),
(604, 1, 1, '25x18x14'),
(1975, 1, 1, '25x18x1410'),
(1980, 1, 1, '25x18x14100'),
(2140, 1, 1, '25x18x1420'),
(846, 1, 1, '25x25x10'),
(606, 1, 1, '25x25x16'),
(491, 1, 1, '25x25x25'),
(2142, 1, 1, '25x25x25100'),
(2144, 1, 1, '25x25x2520'),
(369, 1, 1, '25x30'),
(1810, 1, 1, '25x3010'),
(1812, 1, 1, '25x30100'),
(1815, 1, 1, '25x30200'),
(1817, 1, 1, '25x3050'),
(1426, 1, 1, '25x33'),
(1271, 1, 1, '25x35'),
(1275, 1, 1, '25x40'),
(1273, 1, 1, '25x45'),
(2312, 1, 1, '25x45100'),
(2314, 1, 1, '25x451000'),
(2316, 1, 1, '25x4510000'),
(2318, 1, 1, '25x45200'),
(2320, 1, 1, '25x452000'),
(2322, 1, 1, '25x45500'),
(986, 1, 1, '25x50'),
(357, 1, 1, '260'),
(629, 1, 1, '265'),
(2092, 1, 1, '26x35'),
(305, 1, 1, '270'),
(2597, 1, 1, '2720'),
(3046, 1, 1, '2724'),
(1284, 1, 1, '275'),
(474, 1, 1, '2750'),
(476, 1, 1, '275x120'),
(3416, 1, 1, '278'),
(1594, 1, 1, '27x19'),
(847, 1, 1, '27x19x12'),
(1329, 1, 1, '27x38'),
(2383, 1, 1, '27x3810'),
(665, 1, 1, '280'),
(2418, 1, 1, '280558685833'),
(2903, 1, 1, '280624917489'),
(1713, 1, 1, '280627237768'),
(3047, 1, 1, '280627244188'),
(3033, 1, 1, '280644082308'),
(2885, 1, 1, '280648560633'),
(2849, 1, 1, '280649065171'),
(1926, 1, 1, '280651488480'),
(1928, 1, 1, '280651488949'),
(1930, 1, 1, '280651502262'),
(1943, 1, 1, '280651506335'),
(1935, 1, 1, '280651872887'),
(1937, 1, 1, '280651873213'),
(1939, 1, 1, '280651873523'),
(1932, 1, 1, '280651874241'),
(1958, 1, 1, '280651876896'),
(1960, 1, 1, '280651994067'),
(1962, 1, 1, '280651995396'),
(1952, 1, 1, '280652014374'),
(1950, 1, 1, '280652015476'),
(1948, 1, 1, '280652016155'),
(1720, 1, 1, '280652476227'),
(1752, 1, 1, '280652478407'),
(1941, 1, 1, '280665865028'),
(2131, 1, 1, '280679172551'),
(1839, 1, 1, '280685878525'),
(2095, 1, 1, '280696897657'),
(3002, 1, 1, '280696913539'),
(1838, 1, 1, '280708515711'),
(1837, 1, 1, '280712823316'),
(1865, 1, 1, '280714592840'),
(1767, 1, 1, '280715001642'),
(1769, 1, 1, '280715002909'),
(1763, 1, 1, '280715003542'),
(1773, 1, 1, '280715677133'),
(1991, 1, 1, '280718009409'),
(1987, 1, 1, '280718010504'),
(2014, 1, 1, '280719882005'),
(2016, 1, 1, '280719884977'),
(1696, 1, 1, '280733065713'),
(1706, 1, 1, '280733120229'),
(1727, 1, 1, '280733121604'),
(1750, 1, 1, '280733136860'),
(1761, 1, 1, '280733156103'),
(1768, 1, 1, '280733158283'),
(1771, 1, 1, '280733165712'),
(2091, 1, 1, '280733611834'),
(2061, 1, 1, '280735964452'),
(2065, 1, 1, '280735965976'),
(2067, 1, 1, '280735966755'),
(2069, 1, 1, '280735967976'),
(2853, 1, 1, '280746310088'),
(1996, 1, 1, '280746821876'),
(2259, 1, 1, '280747212796'),
(2233, 1, 1, '280747675320'),
(2235, 1, 1, '280747676152'),
(2236, 1, 1, '280747677468'),
(2238, 1, 1, '280747678167'),
(2931, 1, 1, '280747684984'),
(1913, 1, 1, '280747689991'),
(1841, 1, 1, '280747697047'),
(2241, 1, 1, '280750203632'),
(2244, 1, 1, '280750204675'),
(2248, 1, 1, '280750205881'),
(1694, 1, 1, '280754542501'),
(3003, 1, 1, '280756926923'),
(2129, 1, 1, '280757929495'),
(1681, 1, 1, '280758382135'),
(1884, 1, 1, '280758394903'),
(2079, 1, 1, '280758413542'),
(2083, 1, 1, '280758414716'),
(2085, 1, 1, '280758415559'),
(2087, 1, 1, '280758416362'),
(2089, 1, 1, '280758417050'),
(1876, 1, 1, '280760670117'),
(1877, 1, 1, '280760671917'),
(1690, 1, 1, '280764682580'),
(2043, 1, 1, '280766517552'),
(2138, 1, 1, '280766965247'),
(2051, 1, 1, '280768602999'),
(2057, 1, 1, '280768620523'),
(2053, 1, 1, '280768621173'),
(2048, 1, 1, '280768623350'),
(2039, 1, 1, '280768623793'),
(2037, 1, 1, '280768624933'),
(2045, 1, 1, '280768626037'),
(1734, 1, 1, '280770406702'),
(2055, 1, 1, '280773134283'),
(2049, 1, 1, '280773136924'),
(1721, 1, 1, '280776053120'),
(1789, 1, 1, '280779096541'),
(1793, 1, 1, '280779098962'),
(1797, 1, 1, '280779107598'),
(1807, 1, 1, '280779112825'),
(2841, 1, 1, '280779126343'),
(3012, 1, 1, '280780842201'),
(3013, 1, 1, '280780845697'),
(2870, 1, 1, '280782957420'),
(2423, 1, 1, '280787464271'),
(2464, 1, 1, '280787474184'),
(2461, 1, 1, '280787478237'),
(2388, 1, 1, '280787484486'),
(2425, 1, 1, '280787491399'),
(2227, 1, 1, '280787554366'),
(2230, 1, 1, '280787558852'),
(2782, 1, 1, '280791890244'),
(2778, 1, 1, '280791897009'),
(2787, 1, 1, '280793139354'),
(2785, 1, 1, '280793139738'),
(2788, 1, 1, '280793140193'),
(2775, 1, 1, '280793153825'),
(2859, 1, 1, '280804805148'),
(1862, 1, 1, '280806499128'),
(2165, 1, 1, '280812490168'),
(1738, 1, 1, '280812512935'),
(1740, 1, 1, '280812514711'),
(2506, 1, 1, '280812601367'),
(2215, 1, 1, '280812901182'),
(2218, 1, 1, '280812902068'),
(2217, 1, 1, '280812904332'),
(2665, 1, 1, '280812946704'),
(2216, 1, 1, '280812951338'),
(2224, 1, 1, '280814030982'),
(2664, 1, 1, '280814138189'),
(2661, 1, 1, '280815218717'),
(2030, 1, 1, '280824363364'),
(2028, 1, 1, '280824366436'),
(2109, 1, 1, '280826573621'),
(2471, 1, 1, '280832424620'),
(2533, 1, 1, '280832609732'),
(3039, 1, 1, '280834767401'),
(2638, 1, 1, '280834924525'),
(2149, 1, 1, '280836343924'),
(1693, 1, 1, '280853563255'),
(1692, 1, 1, '280853565861'),
(1827, 1, 1, '280853568148'),
(2662, 1, 1, '280853615161'),
(2663, 1, 1, '280853617336'),
(1787, 1, 1, '280855439590'),
(1780, 1, 1, '280855443010'),
(1782, 1, 1, '280855443914'),
(1784, 1, 1, '280855445819'),
(2977, 1, 1, '280855457127'),
(2938, 1, 1, '280855464470'),
(2491, 1, 1, '280857276863'),
(2487, 1, 1, '280857318400'),
(2489, 1, 1, '280857318438'),
(2490, 1, 1, '280857318456'),
(2672, 1, 1, '280857325835'),
(2670, 1, 1, '280857327359'),
(2667, 1, 1, '280857352460'),
(2669, 1, 1, '280857354858'),
(2671, 1, 1, '280857354882'),
(2655, 1, 1, '280857371691'),
(2653, 1, 1, '280857373990'),
(2406, 1, 1, '280857821745'),
(1886, 1, 1, '280858451386'),
(2534, 1, 1, '280858967812'),
(2526, 1, 1, '280858968507'),
(2522, 1, 1, '280859018838'),
(2528, 1, 1, '280859022888'),
(2530, 1, 1, '280859026776'),
(2544, 1, 1, '280859387303'),
(2545, 1, 1, '280859387862'),
(2547, 1, 1, '280859388261'),
(2557, 1, 1, '280859400185'),
(2552, 1, 1, '280859400207'),
(2554, 1, 1, '280859400502'),
(2556, 1, 1, '280859400908'),
(2979, 1, 1, '280865052207'),
(2377, 1, 1, '280866037625'),
(1917, 1, 1, '280870145928'),
(1849, 1, 1, '280881994226'),
(1851, 1, 1, '280892444472'),
(2674, 1, 1, '280894474873'),
(2679, 1, 1, '280894476678'),
(2676, 1, 1, '280894477005'),
(1981, 1, 1, '280899783028'),
(2143, 1, 1, '280900402031'),
(2116, 1, 1, '280900413815'),
(2125, 1, 1, '280900417099'),
(1998, 1, 1, '280900424367'),
(2000, 1, 1, '280900428476'),
(2012, 1, 1, '280900440701'),
(3052, 1, 1, '280905688506'),
(2918, 1, 1, '280906377864'),
(2920, 1, 1, '280906441525'),
(2010, 1, 1, '280906466234'),
(1970, 1, 1, '280906476277'),
(2180, 1, 1, '280906489541'),
(2183, 1, 1, '280906492178'),
(2191, 1, 1, '280906498770'),
(1746, 1, 1, '280906523605'),
(1745, 1, 1, '280906526572'),
(3023, 1, 1, '280908927003'),
(3024, 1, 1, '280908928736'),
(2725, 1, 1, '280914400984'),
(2745, 1, 1, '280914406654'),
(2722, 1, 1, '280914418843'),
(2272, 1, 1, '280959120324'),
(1902, 1, 1, '280960028576'),
(2864, 1, 1, '280960874443'),
(2762, 1, 1, '280963100453'),
(2768, 1, 1, '280963184554'),
(1860, 1, 1, '280963924575'),
(1878, 1, 1, '280963925421'),
(1875, 1, 1, '280963928969'),
(2008, 1, 1, '280965713512'),
(1903, 1, 1, '280971281754'),
(2280, 1, 1, '280979196312'),
(2271, 1, 1, '280979197945'),
(2195, 1, 1, '280988678068'),
(1833, 1, 1, '281013312347'),
(2916, 1, 1, '281017640097'),
(1677, 1, 1, '281017641491'),
(1828, 1, 1, '281022246857'),
(2792, 1, 1, '281022487994'),
(2806, 1, 1, '281031137780'),
(2591, 1, 1, '281031906875'),
(2593, 1, 1, '281031907528'),
(2594, 1, 1, '281031909426'),
(2601, 1, 1, '281031919013'),
(2599, 1, 1, '281031919028'),
(2607, 1, 1, '281031919348'),
(2605, 1, 1, '281031919656'),
(1818, 1, 1, '281033984591'),
(3019, 1, 1, '281035266817'),
(3021, 1, 1, '281035269776'),
(2155, 1, 1, '281035283899'),
(2163, 1, 1, '281035285392'),
(3036, 1, 1, '281037063199'),
(2990, 1, 1, '281037122433'),
(2596, 1, 1, '281037963302'),
(2410, 1, 1, '281038047592'),
(2466, 1, 1, '281038082192'),
(2983, 1, 1, '281038388044'),
(2949, 1, 1, '281038413400'),
(2560, 1, 1, '281042933899'),
(2458, 1, 1, '281046059009'),
(2447, 1, 1, '281046369557'),
(2445, 1, 1, '281046369582'),
(2343, 1, 1, '281046377234'),
(2341, 1, 1, '281046378299'),
(2345, 1, 1, '281046379501'),
(2347, 1, 1, '281046381223'),
(2351, 1, 1, '281046381243'),
(2364, 1, 1, '281046427519'),
(1701, 1, 1, '281051375737'),
(1699, 1, 1, '281051818651'),
(1705, 1, 1, '281051818674'),
(1698, 1, 1, '281051818783'),
(2429, 1, 1, '281055820777'),
(2430, 1, 1, '281055820788'),
(2427, 1, 1, '281055820868'),
(2253, 1, 1, '281057567146'),
(2401, 1, 1, '281060904471'),
(2440, 1, 1, '281060907984'),
(2439, 1, 1, '281060915628'),
(2400, 1, 1, '281061307197'),
(2026, 1, 1, '281061316311'),
(2809, 1, 1, '281064386724'),
(2358, 1, 1, '281071897614'),
(2382, 1, 1, '281077363974'),
(2384, 1, 1, '281077368650'),
(2371, 1, 1, '281077372669'),
(2952, 1, 1, '281078329073'),
(1709, 1, 1, '281081897028'),
(1711, 1, 1, '281081916947'),
(1712, 1, 1, '281081918020'),
(1714, 1, 1, '281081919042'),
(1716, 1, 1, '281081922639'),
(1715, 1, 1, '281082315911'),
(1729, 1, 1, '281083559720'),
(1730, 1, 1, '281083560629'),
(1731, 1, 1, '281083563022'),
(1732, 1, 1, '281083565680'),
(2688, 1, 1, '281090198467'),
(2302, 1, 1, '281097062274'),
(2300, 1, 1, '281097063317'),
(2304, 1, 1, '281097063917'),
(2306, 1, 1, '281097064390'),
(2315, 1, 1, '281097501698'),
(2323, 1, 1, '281098793662'),
(2321, 1, 1, '281098793694'),
(2141, 1, 1, '281114921893'),
(2133, 1, 1, '281114925401'),
(2999, 1, 1, '281116815023'),
(2325, 1, 1, '281125039380'),
(2298, 1, 1, '281155727124'),
(2289, 1, 1, '281155728518'),
(2279, 1, 1, '281165374425'),
(2277, 1, 1, '281165374631'),
(2276, 1, 1, '281165375866'),
(2286, 1, 1, '281173654970'),
(2640, 1, 1, '281183184385'),
(2645, 1, 1, '281183732342'),
(2650, 1, 1, '281183733277'),
(2643, 1, 1, '281183735469'),
(2647, 1, 1, '281183735522'),
(2805, 1, 1, '281189298076'),
(2221, 1, 1, '281194794459'),
(2539, 1, 1, '281201564723'),
(2496, 1, 1, '281201583001'),
(2493, 1, 1, '281201583021'),
(2476, 1, 1, '281201583042'),
(2480, 1, 1, '281201583080'),
(2495, 1, 1, '281201583109'),
(2498, 1, 1, '281201583161'),
(2973, 1, 1, '281203053648'),
(1754, 1, 1, '281224569239'),
(2201, 1, 1, '281230299084'),
(2419, 1, 1, '281232282821'),
(607, 1, 1, '285'),
(609, 1, 1, '28x22x24'),
(2096, 1, 1, '290'),
(2094, 1, 1, '29x35'),
(1564, 1, 1, '2bout'),
(517, 1, 1, '2mm'),
(1439, 1, 1, '2pl'),
(1136, 1, 1, '2x1500'),
(1157, 1, 1, '2x585x1600'),
(107, 1, 1, '300'),
(536, 1, 1, '3000'),
(1230, 1, 1, '300300'),
(816, 1, 1, '300g'),
(3450, 1, 1, '300mm'),
(441, 1, 1, '300x200x100'),
(443, 1, 1, '300x200x60'),
(422, 1, 1, '300x200x80'),
(1014, 1, 1, '300x300'),
(617, 1, 1, '300x300x200'),
(1331, 1, 1, '300x400'),
(3409, 1, 1, '3035'),
(2907, 1, 1, '3049kb'),
(1605, 1, 1, '305'),
(488, 1, 1, '3058'),
(2666, 1, 1, '3097'),
(492, 1, 1, '30g'),
(1104, 1, 1, '30micron'),
(442, 1, 1, '30x20x10'),
(2146, 1, 1, '30x20x10100'),
(2148, 1, 1, '30x20x1020'),
(610, 1, 1, '30x20x12'),
(611, 1, 1, '30x20x17'),
(1982, 1, 1, '30x20x1710'),
(2150, 1, 1, '30x20x17100'),
(2152, 1, 1, '30x20x1720'),
(444, 1, 1, '30x20x6'),
(445, 1, 1, '30x20x8'),
(612, 1, 1, '30x20x90'),
(614, 1, 1, '30x23x18'),
(615, 1, 1, '30x25x20'),
(1984, 1, 1, '30x25x2010'),
(616, 1, 1, '30x27x19'),
(439, 1, 1, '30x30'),
(3376, 1, 1, '30x300'),
(3377, 1, 1, '30x300cm'),
(848, 1, 1, '30x30x10'),
(618, 1, 1, '30x30x20'),
(1986, 1, 1, '30x30x2010'),
(619, 1, 1, '30x30x30'),
(1988, 1, 1, '30x30x3010'),
(405, 1, 1, '30x40'),
(1299, 1, 1, '30x50'),
(2324, 1, 1, '30x501000'),
(2326, 1, 1, '30x5010000'),
(2328, 1, 1, '30x50200'),
(2330, 1, 1, '30x502000'),
(2332, 1, 1, '30x50500'),
(620, 1, 1, '310'),
(2811, 1, 1, '310079133975'),
(2354, 1, 1, '310114075158'),
(2145, 1, 1, '310114311658'),
(2459, 1, 1, '310198499782'),
(2404, 1, 1, '310198501142'),
(2434, 1, 1, '310203377018'),
(2399, 1, 1, '310208781764'),
(1710, 1, 1, '310294557615'),
(1918, 1, 1, '310299934828'),
(2214, 1, 1, '310300858469'),
(1749, 1, 1, '310302945756'),
(3031, 1, 1, '310303944412'),
(2881, 1, 1, '310303960787'),
(2883, 1, 1, '310306327445'),
(2878, 1, 1, '310306334056'),
(2905, 1, 1, '310306336541'),
(2824, 1, 1, '310306576890'),
(1924, 1, 1, '310307866516'),
(1945, 1, 1, '310307875714'),
(1954, 1, 1, '310308020449'),
(1956, 1, 1, '310308020587'),
(1964, 1, 1, '310308068524'),
(1910, 1, 1, '310308213250'),
(1704, 1, 1, '310308252727'),
(2373, 1, 1, '310319588205'),
(1823, 1, 1, '310321715587'),
(1825, 1, 1, '310323844464'),
(2093, 1, 1, '310325958226'),
(2098, 1, 1, '310325958455'),
(2100, 1, 1, '310325958710'),
(3006, 1, 1, '310325962489'),
(2104, 1, 1, '310331085875'),
(2123, 1, 1, '310331785585'),
(2118, 1, 1, '310331801455'),
(1882, 1, 1, '310333275789'),
(1840, 1, 1, '310333465792'),
(1859, 1, 1, '310333480997'),
(1868, 1, 1, '310333481499'),
(1879, 1, 1, '310333483484'),
(1765, 1, 1, '310334500196'),
(1772, 1, 1, '310334501473'),
(1770, 1, 1, '310334834321'),
(1775, 1, 1, '310334835691'),
(1757, 1, 1, '310334836328'),
(1753, 1, 1, '310334842684'),
(1989, 1, 1, '310335808618'),
(1985, 1, 1, '310335809208'),
(1974, 1, 1, '310335809685'),
(2018, 1, 1, '310336698020'),
(2020, 1, 1, '310336699030'),
(2891, 1, 1, '310336711480'),
(2580, 1, 1, '310340535480'),
(2829, 1, 1, '310340536664'),
(1724, 1, 1, '310342652722'),
(1736, 1, 1, '310342657670'),
(1739, 1, 1, '310342658028'),
(1748, 1, 1, '310342658484'),
(1756, 1, 1, '310342662936'),
(1758, 1, 1, '310342663080'),
(1760, 1, 1, '310342669492'),
(1774, 1, 1, '310342673069'),
(2077, 1, 1, '310343893210'),
(2063, 1, 1, '310343900325'),
(2073, 1, 1, '310343902304'),
(2075, 1, 1, '310343902506'),
(2517, 1, 1, '310346490863'),
(2927, 1, 1, '310346708747'),
(1905, 1, 1, '310347515218'),
(2856, 1, 1, '310348159088'),
(2862, 1, 1, '310348389971'),
(2114, 1, 1, '310348569634'),
(1994, 1, 1, '310348583313'),
(2004, 1, 1, '310348587718'),
(2157, 1, 1, '310348592960'),
(2263, 1, 1, '310348912245'),
(2929, 1, 1, '310348916360'),
(2925, 1, 1, '310348916541'),
(1885, 1, 1, '310348921376'),
(1880, 1, 1, '310348921915'),
(1900, 1, 1, '310348921966'),
(1863, 1, 1, '310348922055'),
(2111, 1, 1, '310349341679'),
(2239, 1, 1, '310350028770'),
(2246, 1, 1, '310350029350'),
(2243, 1, 1, '310350029849'),
(2071, 1, 1, '310350044743'),
(1912, 1, 1, '310352600536'),
(2081, 1, 1, '310353144246'),
(2813, 1, 1, '310353196254'),
(1856, 1, 1, '310353944423'),
(2801, 1, 1, '310354524967'),
(2058, 1, 1, '310356302983'),
(2046, 1, 1, '310356475670'),
(2054, 1, 1, '310356476312'),
(2034, 1, 1, '310356476673'),
(1966, 1, 1, '310356480297'),
(2050, 1, 1, '310357185079'),
(2042, 1, 1, '310357185420'),
(1733, 1, 1, '310357864684'),
(1735, 1, 1, '310357865550'),
(2482, 1, 1, '310358945873'),
(2052, 1, 1, '310358989604'),
(2041, 1, 1, '310358993631'),
(2044, 1, 1, '310358995498'),
(2059, 1, 1, '310358996129'),
(2047, 1, 1, '310358998721'),
(1759, 1, 1, '310360416622'),
(1762, 1, 1, '310360416845'),
(1778, 1, 1, '310361438194'),
(1795, 1, 1, '310361447688'),
(1791, 1, 1, '310361447852'),
(1801, 1, 1, '310361453395'),
(1799, 1, 1, '310361453883'),
(1803, 1, 1, '310361454882'),
(1805, 1, 1, '310361456562'),
(1809, 1, 1, '310361458323'),
(3009, 1, 1, '310362051985'),
(3015, 1, 1, '310362054506'),
(2024, 1, 1, '310362974144'),
(2412, 1, 1, '310364336865'),
(2463, 1, 1, '310364343026'),
(2392, 1, 1, '310364350534'),
(2220, 1, 1, '310364373402'),
(2223, 1, 1, '310364375333'),
(2222, 1, 1, '310364375733'),
(2783, 1, 1, '310366042943'),
(2770, 1, 1, '310366044096'),
(2779, 1, 1, '310366044322'),
(2776, 1, 1, '310366050200'),
(2777, 1, 1, '310366050794'),
(2794, 1, 1, '310366614390'),
(2953, 1, 1, '310366616236'),
(2950, 1, 1, '310366616988'),
(3057, 1, 1, '310374411917'),
(1708, 1, 1, '310374416298'),
(2219, 1, 1, '310374571882'),
(2226, 1, 1, '310374829839'),
(2228, 1, 1, '310374838128'),
(2229, 1, 1, '310374838990'),
(2231, 1, 1, '310374839911'),
(2500, 1, 1, '310374847862'),
(2660, 1, 1, '310375267527'),
(1892, 1, 1, '310377648613'),
(1976, 1, 1, '310377904694'),
(2137, 1, 1, '310379349796'),
(2120, 1, 1, '310379418664'),
(2978, 1, 1, '310380019433'),
(2504, 1, 1, '310382144674'),
(2473, 1, 1, '310382147201'),
(2532, 1, 1, '310382217745'),
(2639, 1, 1, '310383112930'),
(2627, 1, 1, '310383114334'),
(2566, 1, 1, '310383117465'),
(2936, 1, 1, '310383243547'),
(1983, 1, 1, '310384781011'),
(2576, 1, 1, '310388366854'),
(1870, 1, 1, '310390583630'),
(2658, 1, 1, '310390586445'),
(2942, 1, 1, '310391379920'),
(2940, 1, 1, '310391380301'),
(2147, 1, 1, '310391381859'),
(2139, 1, 1, '310391382296'),
(2484, 1, 1, '310392069985'),
(2485, 1, 1, '310392071542'),
(2488, 1, 1, '310392074205'),
(2673, 1, 1, '310392086117'),
(2651, 1, 1, '310392103214'),
(2657, 1, 1, '310392103800'),
(2654, 1, 1, '310392104778'),
(2656, 1, 1, '310392104851'),
(2414, 1, 1, '310392262961'),
(1685, 1, 1, '310392482422'),
(2393, 1, 1, '310392499178'),
(2386, 1, 1, '310392507305'),
(2395, 1, 1, '310392508609'),
(2175, 1, 1, '310392650672'),
(2525, 1, 1, '310392707871'),
(2520, 1, 1, '310392709093'),
(2524, 1, 1, '310392713014'),
(2551, 1, 1, '310392878720'),
(2543, 1, 1, '310392880134'),
(2549, 1, 1, '310392880998'),
(2553, 1, 1, '310392885576'),
(2555, 1, 1, '310392886053'),
(2372, 1, 1, '310395057500'),
(2381, 1, 1, '310395057642'),
(2379, 1, 1, '310395240870'),
(2375, 1, 1, '310395240886'),
(2542, 1, 1, '310403307498'),
(2535, 1, 1, '310403307939'),
(2416, 1, 1, '310404930737'),
(1847, 1, 1, '310404935364'),
(1853, 1, 1, '310404937002'),
(1850, 1, 1, '310404939070'),
(2677, 1, 1, '310405602373'),
(2680, 1, 1, '310405603497'),
(2678, 1, 1, '310405605214'),
(2127, 1, 1, '310407310234'),
(1972, 1, 1, '310407502868'),
(2002, 1, 1, '310407504707'),
(2006, 1, 1, '310407505541'),
(2022, 1, 1, '310409406237'),
(1968, 1, 1, '310409408113'),
(2113, 1, 1, '310409411056'),
(2185, 1, 1, '310409415931'),
(2187, 1, 1, '310409417189'),
(2189, 1, 1, '310409418828'),
(1743, 1, 1, '310409430235'),
(1747, 1, 1, '310409431394'),
(2819, 1, 1, '310410161409'),
(3045, 1, 1, '310410164039'),
(2875, 1, 1, '310410168524'),
(2744, 1, 1, '310411928257'),
(2826, 1, 1, '310412140635'),
(2898, 1, 1, '310414924220'),
(2268, 1, 1, '310432027068'),
(1835, 1, 1, '310432615367'),
(2866, 1, 1, '310433134828'),
(2766, 1, 1, '310434583443'),
(1700, 1, 1, '310434592176'),
(1858, 1, 1, '310435601394'),
(1861, 1, 1, '310435606779'),
(2169, 1, 1, '310437976419'),
(2167, 1, 1, '310437987555'),
(1899, 1, 1, '310443395980'),
(2275, 1, 1, '310454149290'),
(2469, 1, 1, '310455564875'),
(2515, 1, 1, '310455565224'),
(1894, 1, 1, '310465145672'),
(1896, 1, 1, '310465151006'),
(1873, 1, 1, '310465158189'),
(2986, 1, 1, '310473645413'),
(2159, 1, 1, '310480675489'),
(2161, 1, 1, '310480677114'),
(2888, 1, 1, '310494403862'),
(1832, 1, 1, '310494457111'),
(2997, 1, 1, '310495188477'),
(1820, 1, 1, '310504380820'),
(2793, 1, 1, '310504389255'),
(2795, 1, 1, '310504389323'),
(2796, 1, 1, '310504389377'),
(2589, 1, 1, '310521354686'),
(2595, 1, 1, '310521384244'),
(2603, 1, 1, '310521410338'),
(1813, 1, 1, '310525500098'),
(1811, 1, 1, '310525500194'),
(1816, 1, 1, '310525505701'),
(3018, 1, 1, '310525573564'),
(3034, 1, 1, '310527679864'),
(2992, 1, 1, '310528924651'),
(2102, 1, 1, '310528945786'),
(2178, 1, 1, '310528982826'),
(2181, 1, 1, '310528988903'),
(2311, 1, 1, '310532250370'),
(2408, 1, 1, '310534340473'),
(2947, 1, 1, '310535195124'),
(2945, 1, 1, '310535220892'),
(3027, 1, 1, '310548579571'),
(2443, 1, 1, '310555205612'),
(2452, 1, 1, '310555801965'),
(2456, 1, 1, '310555811172'),
(2454, 1, 1, '310555811198'),
(2450, 1, 1, '310555811206'),
(2336, 1, 1, '310555826353'),
(2349, 1, 1, '310555830864'),
(2353, 1, 1, '310555835660'),
(2356, 1, 1, '310555931912'),
(2362, 1, 1, '310555969185'),
(2398, 1, 1, '310561775803'),
(1702, 1, 1, '310566498557'),
(1703, 1, 1, '310567517151'),
(2251, 1, 1, '310579933968'),
(2249, 1, 1, '310579938524'),
(2255, 1, 1, '310579943730'),
(2257, 1, 1, '310579943921'),
(2265, 1, 1, '310579946140'),
(2173, 1, 1, '310581996327'),
(1673, 1, 1, '310582029428'),
(2438, 1, 1, '310587686300'),
(2437, 1, 1, '310587692230'),
(2208, 1, 1, '310587692268'),
(2207, 1, 1, '310594627662'),
(2205, 1, 1, '310594630592'),
(2360, 1, 1, '310614131776'),
(2367, 1, 1, '310624714183'),
(2369, 1, 1, '310624725650'),
(2914, 1, 1, '310628362969'),
(2911, 1, 1, '310628379412'),
(1717, 1, 1, '310636515630'),
(1718, 1, 1, '310637136885'),
(1719, 1, 1, '310637137531'),
(1723, 1, 1, '310638985127'),
(1725, 1, 1, '310638986376'),
(1726, 1, 1, '310638988233'),
(1728, 1, 1, '310638990026'),
(1722, 1, 1, '310638999428'),
(2308, 1, 1, '310656641490'),
(2310, 1, 1, '310656644841'),
(2317, 1, 1, '310659109792'),
(2177, 1, 1, '310662896912'),
(2421, 1, 1, '310677507516'),
(2432, 1, 1, '310677509672'),
(2390, 1, 1, '310677517408'),
(2319, 1, 1, '310693298494'),
(2331, 1, 1, '310693321122'),
(2333, 1, 1, '310693321159'),
(2327, 1, 1, '310693321958'),
(2329, 1, 1, '310693322013'),
(2562, 1, 1, '310695665862'),
(2965, 1, 1, '310703222601'),
(1922, 1, 1, '310728181449'),
(2153, 1, 1, '310728197795'),
(2151, 1, 1, '310728200937'),
(2293, 1, 1, '310729624027'),
(2291, 1, 1, '310729624127'),
(2295, 1, 1, '310729624191'),
(2266, 1, 1, '310741815076'),
(2273, 1, 1, '310741816386'),
(2267, 1, 1, '310741817280'),
(2269, 1, 1, '310741817522'),
(2278, 1, 1, '310741817675'),
(2281, 1, 1, '310741817935'),
(3017, 1, 1, '310750757226'),
(2031, 1, 1, '310763859589'),
(2648, 1, 1, '310764355543'),
(2608, 1, 1, '310764357730'),
(1907, 1, 1, '310770178675'),
(2197, 1, 1, '310774642741'),
(2537, 1, 1, '310787986146'),
(2540, 1, 1, '310787986173'),
(2541, 1, 1, '310787986184'),
(1689, 1, 1, '310789420373'),
(1888, 1, 1, '310789421099'),
(2756, 1, 1, '310789460467'),
(2750, 1, 1, '310789466266'),
(2758, 1, 1, '310789472118'),
(2962, 1, 1, '310789496458'),
(2969, 1, 1, '310790302922'),
(2225, 1, 1, '310795490386'),
(2958, 1, 1, '310799625720'),
(1766, 1, 1, '310817449191'),
(1764, 1, 1, '310817450732'),
(1755, 1, 1, '310817452809'),
(1751, 1, 1, '310817455697'),
(1514, 1, 1, '3108240391289'),
(240, 1, 1, '3108241045204'),
(2203, 1, 1, '310824980098'),
(523, 1, 1, '3120'),
(1196, 1, 1, '312micron'),
(624, 1, 1, '315'),
(524, 1, 1, '3150'),
(622, 1, 1, '315x270x256'),
(484, 1, 1, '316'),
(525, 1, 1, '3160'),
(1262, 1, 1, '31x22'),
(621, 1, 1, '31x22x15'),
(1990, 1, 1, '31x22x1510'),
(623, 1, 1, '31x27x25'),
(2097, 1, 1, '31x35'),
(656, 1, 1, '320'),
(1440, 1, 1, '3200'),
(3426, 1, 1, '320082198'),
(1198, 1, 1, '320micron'),
(1846, 1, 1, '32100x25'),
(408, 1, 1, '32100x50'),
(922, 1, 1, '32116005'),
(628, 1, 1, '325'),
(337, 1, 1, '3250x50'),
(1066, 1, 1, '325325'),
(626, 1, 1, '325x265x230'),
(849, 1, 1, '32x22x19'),
(557, 1, 1, '32x25x18'),
(627, 1, 1, '32x26x23'),
(895, 1, 1, '32x32x40'),
(361, 1, 1, '330'),
(1223, 1, 1, '330l'),
(2913, 1, 1, '3311kb'),
(3417, 1, 1, '332'),
(493, 1, 1, '332x254x230'),
(850, 1, 1, '334'),
(3318, 1, 1, '335produit'),
(1043, 1, 1, '3370'),
(1042, 1, 1, '3370x2470'),
(630, 1, 1, '33x25x23'),
(2099, 1, 1, '33x35'),
(851, 1, 1, '33x38x31'),
(1428, 1, 1, '33x50'),
(1593, 1, 1, '33x55'),
(631, 1, 1, '340'),
(1234, 1, 1, '340340'),
(3120, 1, 1, '34x23'),
(2935, 1, 1, '34x23100'),
(2937, 1, 1, '34x23250'),
(2939, 1, 1, '34x2350'),
(2941, 1, 1, '34x23500'),
(632, 1, 1, '34x27x26'),
(1276, 1, 1, '34x50'),
(400, 1, 1, '350'),
(1053, 1, 1, '350x1500'),
(1303, 1, 1, '350x500mm'),
(1281, 1, 1, '35micron'),
(929, 1, 1, '35mm'),
(538, 1, 1, '35x10x30'),
(1573, 1, 1, '35x2'),
(540, 1, 1, '35x20x30'),
(852, 1, 1, '35x23x25'),
(633, 1, 1, '35x23x26'),
(853, 1, 1, '35x25x10'),
(634, 1, 1, '35x26x16'),
(635, 1, 1, '35x30x20'),
(636, 1, 1, '35x30x30'),
(637, 1, 1, '35x35x35'),
(1993, 1, 1, '35x35x3510'),
(1274, 1, 1, '35x50'),
(854, 1, 1, '35x506'),
(1277, 1, 1, '35x608'),
(1278, 1, 1, '35x758'),
(306, 1, 1, '360'),
(856, 1, 1, '367x12'),
(857, 1, 1, '36x12x12'),
(858, 1, 1, '36x14x12'),
(638, 1, 1, '36x24x18'),
(860, 1, 1, '36x27x16'),
(639, 1, 1, '36x31x15'),
(640, 1, 1, '36x31x155'),
(641, 1, 1, '370'),
(714, 1, 1, '375'),
(2985, 1, 1, '37510'),
(496, 1, 1, '378x332x305'),
(642, 1, 1, '37x33x30'),
(497, 1, 1, '380'),
(680, 1, 1, '386'),
(1003, 1, 1, '38x25'),
(1004, 1, 1, '38x50'),
(1567, 1, 1, '3bout'),
(3372, 1, 1, '3mg'),
(522, 1, 1, '3mm'),
(108, 1, 1, '400'),
(3322, 1, 1, '4000'),
(1058, 1, 1, '400100'),
(1246, 1, 1, '4002'),
(446, 1, 1, '400x400x90'),
(862, 1, 1, '40x20x10'),
(863, 1, 1, '40x25x15'),
(2154, 1, 1, '40x25x15100'),
(2156, 1, 1, '40x25x1520'),
(643, 1, 1, '40x27x20'),
(1995, 1, 1, '40x27x2010'),
(774, 1, 1, '40x30x15'),
(389, 1, 1, '40x30x16'),
(2158, 1, 1, '40x30x1620'),
(644, 1, 1, '40x30x20'),
(1997, 1, 1, '40x30x2010'),
(866, 1, 1, '40x30x27'),
(645, 1, 1, '40x30x30'),
(1999, 1, 1, '40x30x3010'),
(2160, 1, 1, '40x30x3020'),
(1085, 1, 1, '40x340'),
(912, 1, 1, '40x35'),
(2194, 1, 1, '40x35100'),
(646, 1, 1, '40x40x10'),
(2001, 1, 1, '40x40x1010'),
(647, 1, 1, '40x40x20'),
(2003, 1, 1, '40x40x2010'),
(2162, 1, 1, '40x40x20100'),
(2164, 1, 1, '40x40x2020'),
(648, 1, 1, '40x40x40'),
(2005, 1, 1, '40x40x4010'),
(2179, 1, 1, '40x40x408'),
(447, 1, 1, '40x40x9'),
(867, 1, 1, '40x60'),
(868, 1, 1, '40x606'),
(1247, 1, 1, '40x7030'),
(649, 1, 1, '410'),
(528, 1, 1, '4100'),
(906, 1, 1, '410x'),
(529, 1, 1, '4120'),
(830, 1, 1, '413x163x1'),
(651, 1, 1, '41x31x24'),
(2182, 1, 1, '41x31x248'),
(583, 1, 1, '420'),
(833, 1, 1, '420x80'),
(549, 1, 1, '427'),
(835, 1, 1, '42x8'),
(544, 1, 1, '430'),
(545, 1, 1, '43x30x18'),
(652, 1, 1, '43x30x35'),
(869, 1, 1, '43x35x20'),
(364, 1, 1, '440'),
(655, 1, 1, '450'),
(653, 1, 1, '450x320x270'),
(466, 1, 1, '450x450x15'),
(489, 1, 1, '4576'),
(1263, 1, 1, '45x110'),
(1018, 1, 1, '45x30'),
(3374, 1, 1, '45x300'),
(870, 1, 1, '45x30x23'),
(654, 1, 1, '45x32x27'),
(657, 1, 1, '45x35x35'),
(467, 1, 1, '45x45x1'),
(658, 1, 1, '45x45x45'),
(531, 1, 1, '460'),
(3020, 1, 1, '462'),
(659, 1, 1, '46x26x26'),
(2166, 1, 1, '46x31x3120'),
(660, 1, 1, '46x32x30'),
(401, 1, 1, '470'),
(662, 1, 1, '47x175x38'),
(2007, 1, 1, '47x175x3820'),
(2009, 1, 1, '47x17x3810'),
(907, 1, 1, '47x37x34'),
(2184, 1, 1, '47x37x348'),
(532, 1, 1, '480'),
(3001, 1, 1, '480100'),
(2168, 1, 1, '480x255x43020'),
(1133, 1, 1, '485'),
(976, 1, 1, '48x100'),
(2481, 1, 1, '48x1006'),
(1248, 1, 1, '48x12050'),
(1249, 1, 1, '48x12060'),
(664, 1, 1, '48x255x43'),
(666, 1, 1, '48x28x33'),
(527, 1, 1, '4mm'),
(1072, 1, 1, '4x1500'),
(1074, 1, 1, '4x15006000'),
(1332, 1, 1, '4x6'),
(2250, 1, 1, '4x610'),
(2387, 1, 1, '4x6100'),
(2389, 1, 1, '4x62'),
(2391, 1, 1, '4x6200'),
(1334, 1, 1, '4x63bb'),
(2252, 1, 1, '4x65'),
(2394, 1, 1, '4x650'),
(2749, 1, 1, '4x680'),
(16, 1, 1, '500'),
(1030, 1, 1, '5000'),
(2996, 1, 1, '50010'),
(1513, 1, 1, '500c'),
(2994, 1, 1, '500g'),
(34, 1, 1, '500m'),
(468, 1, 1, '500x450x15'),
(1205, 1, 1, '500x800'),
(3442, 1, 1, '501'),
(2968, 1, 1, '50200'),
(2060, 1, 1, '5030010'),
(2062, 1, 1, '5030020'),
(2064, 1, 1, '5030030'),
(2066, 1, 1, '5030040'),
(2068, 1, 1, '5030050'),
(2070, 1, 1, '5030060'),
(2072, 1, 1, '5030070'),
(2074, 1, 1, '5030080'),
(2972, 1, 1, '50500'),
(1306, 1, 1, '5050x370'),
(3098, 1, 1, '50cm'),
(1231, 1, 1, '50l'),
(1056, 1, 1, '50micron'),
(2834, 1, 1, '50mm'),
(341, 1, 1, '50x10'),
(352, 1, 1, '50x100'),
(2546, 1, 1, '50x10030'),
(2548, 1, 1, '50x10036'),
(2550, 1, 1, '50x1006'),
(1864, 1, 1, '50x10ml'),
(871, 1, 1, '50x11x11'),
(2172, 1, 1, '50x11x1120'),
(1867, 1, 1, '50x150'),
(1680, 1, 1, '50x30'),
(667, 1, 1, '50x30x20'),
(668, 1, 1, '50x30x30'),
(872, 1, 1, '50x33x25'),
(1292, 1, 1, '50x350mm'),
(669, 1, 1, '50x35x30'),
(1308, 1, 1, '50x37'),
(670, 1, 1, '50x40x25'),
(671, 1, 1, '50x40x30'),
(2011, 1, 1, '50x40x3010'),
(3110, 1, 1, '50x40x3025'),
(469, 1, 1, '50x45x1'),
(347, 1, 1, '50x50'),
(672, 1, 1, '50x50x135'),
(2919, 1, 1, '50x50x1353'),
(675, 1, 1, '50x50x50'),
(1432, 1, 1, '50x65'),
(354, 1, 1, '50x75'),
(2036, 1, 1, '50x7510'),
(2033, 1, 1, '50x75480'),
(2040, 1, 1, '50x756'),
(935, 1, 1, '50x880'),
(541, 1, 1, '520'),
(1049, 1, 1, '525'),
(1051, 1, 1, '525x1630'),
(542, 1, 1, '52x35x26'),
(873, 1, 1, '530'),
(874, 1, 1, '53x37x17'),
(1600, 1, 1, '540'),
(676, 1, 1, '550'),
(754, 1, 1, '550x285'),
(1235, 1, 1, '55micron'),
(678, 1, 1, '55x40x40'),
(713, 1, 1, '580'),
(679, 1, 1, '586'),
(681, 1, 1, '58x38x17'),
(682, 1, 1, '58x38x38'),
(923, 1, 1, '590308'),
(547, 1, 1, '59x39x11'),
(57, 1, 1, '5x7'),
(3466, 1, 1, '5x710'),
(3342, 1, 1, '5x7100'),
(2405, 1, 1, '5x72'),
(2407, 1, 1, '5x720'),
(2409, 1, 1, '5x7200'),
(2411, 1, 1, '5x730'),
(2413, 1, 1, '5x7300'),
(2415, 1, 1, '5x750'),
(2417, 1, 1, '5x7500'),
(2755, 1, 1, '5x880'),
(530, 1, 1, '600'),
(942, 1, 1, '6000'),
(1067, 1, 1, '600100'),
(691, 1, 1, '600x'),
(1159, 1, 1, '600x250x1850'),
(827, 1, 1, '600x300x400'),
(683, 1, 1, '600x400x100'),
(692, 1, 1, '600x600x600'),
(1251, 1, 1, '6020x75'),
(1077, 1, 1, '60450'),
(490, 1, 1, '6096'),
(1065, 1, 1, '60micron'),
(748, 1, 1, '60x24x21'),
(875, 1, 1, '60x30x30'),
(828, 1, 1, '60x30x40'),
(908, 1, 1, '60x31x31'),
(2186, 1, 1, '60x31x318'),
(684, 1, 1, '60x40x10'),
(2013, 1, 1, '60x40x1010'),
(686, 1, 1, '60x40x15'),
(687, 1, 1, '60x40x20'),
(2015, 1, 1, '60x40x2010'),
(2174, 1, 1, '60x40x2020'),
(384, 1, 1, '60x40x30'),
(2017, 1, 1, '60x40x3010'),
(688, 1, 1, '60x40x40'),
(2019, 1, 1, '60x40x4010'),
(2176, 1, 1, '60x40x4020'),
(925, 1, 1, '60x430'),
(2196, 1, 1, '60x430100'),
(2200, 1, 1, '60x43025'),
(2202, 1, 1, '60x43050'),
(1298, 1, 1, '60x450mm'),
(926, 1, 1, '60x500'),
(876, 1, 1, '60x50x40'),
(690, 1, 1, '60x60x5'),
(693, 1, 1, '60x60x60'),
(928, 1, 1, '60x750'),
(1337, 1, 1, '60x80'),
(1041, 1, 1, '6100'),
(946, 1, 1, '612'),
(877, 1, 1, '620'),
(879, 1, 1, '620x'),
(177, 1, 1, '620x480'),
(878, 1, 1, '62x32x24'),
(909, 1, 1, '630'),
(1264, 1, 1, '63x100'),
(1253, 1, 1, '63x10080'),
(2188, 1, 1, '63x42x42'),
(910, 1, 1, '63x42x422'),
(2190, 1, 1, '63x42x428'),
(937, 1, 1, '640'),
(2204, 1, 1, '64025'),
(2206, 1, 1, '6405'),
(560, 1, 1, '650'),
(1040, 1, 1, '650x1960'),
(766, 1, 1, '65g'),
(694, 1, 1, '65x50x40'),
(880, 1, 1, '65x50x45'),
(695, 1, 1, '65x65x5'),
(3441, 1, 1, '661'),
(2499, 1, 1, '6612'),
(2468, 1, 1, '6618'),
(2538, 1, 1, '6624'),
(3113, 1, 1, '663'),
(2470, 1, 1, '6630'),
(2514, 1, 1, '6636'),
(2472, 1, 1, '666'),
(1022, 1, 1, '66mx48mm'),
(1005, 1, 1, '66x48'),
(1232, 1, 1, '680'),
(1831, 1, 1, '6ad'),
(3363, 1, 1, '6eme'),
(3452, 1, 1, '6mm'),
(2757, 1, 1, '6x1080'),
(1857, 1, 1, '6x4x3'),
(111, 1, 1, '6x8'),
(2256, 1, 1, '6x810'),
(2420, 1, 1, '6x82'),
(2422, 1, 1, '6x820'),
(2424, 1, 1, '6x8200'),
(2426, 1, 1, '6x830'),
(2428, 1, 1, '6x8300'),
(1336, 1, 1, '6x83bb'),
(2258, 1, 1, '6x85'),
(2431, 1, 1, '6x850'),
(2433, 1, 1, '6x8500'),
(120, 1, 1, '700'),
(1010, 1, 1, '7000'),
(696, 1, 1, '700x350x300'),
(698, 1, 1, '700x400x400'),
(765, 1, 1, '7015'),
(1081, 1, 1, '70500'),
(1309, 1, 1, '7070x480'),
(1339, 1, 1, '70x100'),
(697, 1, 1, '70x35x30'),
(699, 1, 1, '70x40x40'),
(1082, 1, 1, '70x500'),
(1300, 1, 1, '70x500mm'),
(890, 1, 1, '70x9x508'),
(888, 1, 1, '70x9x5080'),
(176, 1, 1, '740x480x895'),
(927, 1, 1, '750'),
(1464, 1, 1, '750c'),
(1465, 1, 1, '750cc'),
(797, 1, 1, '75x100'),
(1265, 1, 1, '75x110'),
(756, 1, 1, '770'),
(758, 1, 1, '77x'),
(1256, 1, 1, '77x10020'),
(1537, 1, 1, '780'),
(3005, 1, 1, '780100'),
(3336, 1, 1, '790'),
(32, 1, 1, '7mm'),
(1338, 1, 1, '7x10'),
(2442, 1, 1, '7x1010'),
(2444, 1, 1, '7x10100'),
(2446, 1, 1, '7x102'),
(2449, 1, 1, '7x1020'),
(2451, 1, 1, '7x10200'),
(2453, 1, 1, '7x105'),
(2455, 1, 1, '7x1050'),
(1310, 1, 1, '7x48'),
(2288, 1, 1, '7x48100'),
(2290, 1, 1, '7x481000'),
(2292, 1, 1, '7x48200'),
(2294, 1, 1, '7x482000'),
(2297, 1, 1, '7x48500'),
(114, 1, 1, '7x70100'),
(464, 1, 1, '800'),
(1257, 1, 1, '800200'),
(1224, 1, 1, '800300'),
(3299, 1, 1, '800x1200'),
(1266, 1, 1, '800x1400'),
(701, 1, 1, '800x500x400'),
(703, 1, 1, '800x500x500'),
(1258, 1, 1, '8020x70'),
(2076, 1, 1, '8030010'),
(2078, 1, 1, '8030020'),
(2080, 1, 1, '8030030'),
(2082, 1, 1, '8030040'),
(2084, 1, 1, '8030050'),
(2086, 1, 1, '8030060'),
(2088, 1, 1, '8030070'),
(2090, 1, 1, '8030080'),
(1150, 1, 1, '80micron'),
(817, 1, 1, '80ml'),
(1269, 1, 1, '80x120'),
(1267, 1, 1, '80x14'),
(1881, 1, 1, '80x150'),
(700, 1, 1, '80x50x30'),
(2021, 1, 1, '80x50x3010'),
(702, 1, 1, '80x50x40'),
(704, 1, 1, '80x50x50'),
(2023, 1, 1, '80x50x5010'),
(705, 1, 1, '80x60x30'),
(881, 1, 1, '80x60x40'),
(882, 1, 1, '80x60x50'),
(706, 1, 1, '80x60x60'),
(359, 1, 1, '80x75'),
(584, 1, 1, '820'),
(437, 1, 1, '83ml'),
(934, 1, 1, '840'),
(892, 1, 1, '850'),
(238, 1, 1, '855'),
(822, 1, 1, '85gr'),
(776, 1, 1, '85x52x20'),
(1059, 1, 1, '870'),
(1182, 1, 1, '880'),
(1610, 1, 1, '890'),
(3196, 1, 1, '8mm'),
(1219, 1, 1, '8x12'),
(2262, 1, 1, '8x1210'),
(2460, 1, 1, '8x1220'),
(2462, 1, 1, '8x1230'),
(2264, 1, 1, '8x125'),
(590, 1, 1, '900'),
(768, 1, 1, '90g'),
(1071, 1, 1, '90x180'),
(1089, 1, 1, '950'),
(1407, 1, 1, '960'),
(883, 1, 1, '970'),
(884, 1, 1, '97x1106'),
(3410, 1, 1, '9mm'),
(718, 1, 1, 'a10'),
(732, 1, 1, 'a11'),
(2025, 1, 1, 'a1120'),
(733, 1, 1, 'a12'),
(734, 1, 1, 'a13'),
(735, 1, 1, 'a15'),
(736, 1, 1, 'a16'),
(553, 1, 1, 'abat'),
(2698, 1, 1, 'abri'),
(221, 1, 1, 'absorbe'),
(2685, 1, 1, 'acc'),
(3207, 1, 1, 'acces'),
(3447, 1, 1, 'accrocher'),
(179, 1, 1, 'accueil'),
(2719, 1, 1, 'accumulateur'),
(2724, 1, 1, 'accumulateurs'),
(1581, 1, 1, 'achat'),
(2624, 1, 1, 'acides'),
(133, 1, 1, 'acier'),
(3469, 1, 1, 'activiter'),
(3169, 1, 1, 'adaptables'),
(965, 1, 1, 'adapte'),
(3294, 1, 1, 'adaptee'),
(728, 1, 1, 'adaptees'),
(373, 1, 1, 'adh'),
(348, 1, 1, 'adhe'),
(420, 1, 1, 'adhesif'),
(1829, 1, 1, 'adhesifs'),
(983, 1, 1, 'adhesil'),
(998, 1, 1, 'adhesion'),
(472, 1, 1, 'adhesive'),
(2932, 1, 1, 'adhesives'),
(904, 1, 1, 'aerien'),
(2741, 1, 1, 'afin'),
(261, 1, 1, 'agissant'),
(1379, 1, 1, 'agit'),
(1377, 1, 1, 'agitateur'),
(3378, 1, 1, 'agiteur'),
(920, 1, 1, 'agrafeuse'),
(2612, 1, 1, 'agree'),
(2617, 1, 1, 'agro'),
(2706, 1, 1, 'agroalimentaire'),
(3427, 1, 1, 'ahdesif'),
(276, 1, 1, 'ainsi'),
(214, 1, 1, 'air'),
(3459, 1, 1, 'aise'),
(3291, 1, 1, 'ajoure'),
(3331, 1, 1, 'ajouree'),
(3153, 1, 1, 'ajoutee'),
(3081, 1, 1, 'ajouter'),
(2625, 1, 1, 'alcoolises'),
(1016, 1, 1, 'ali'),
(1019, 1, 1, 'alim'),
(772, 1, 1, 'alimentaire'),
(2611, 1, 1, 'alimentaires'),
(3315, 1, 1, 'alimentairesass'),
(2622, 1, 1, 'aliments'),
(2760, 1, 1, 'alimimentaire'),
(2964, 1, 1, 'allumage'),
(2134, 1, 1, 'altaya'),
(3026, 1, 1, 'alu'),
(3025, 1, 1, 'aluminium'),
(2944, 1, 1, 'alv12x8'),
(2946, 1, 1, 'alv12x810'),
(2948, 1, 1, 'alv6x8'),
(2943, 1, 1, 'alveolaire'),
(3346, 1, 1, 'ambidex'),
(3364, 1, 1, 'amendement'),
(2872, 1, 1, 'americaine'),
(1363, 1, 1, 'ameublement'),
(3219, 1, 1, 'amortissement'),
(219, 1, 1, 'amortisseur'),
(264, 1, 1, 'amortisseurs'),
(3106, 1, 1, 'amortit'),
(3095, 1, 1, 'angles'),
(268, 1, 1, 'anti'),
(212, 1, 1, 'antichoc'),
(187, 1, 1, 'antichocs'),
(135, 1, 1, 'antiderapant'),
(382, 1, 1, 'antista'),
(1201, 1, 1, 'apa'),
(1512, 1, 1, 'apet'),
(3289, 1, 1, 'apporte'),
(3194, 1, 1, 'approvisionneme'),
(2613, 1, 1, 'apte'),
(3317, 1, 1, 'aqf'),
(2623, 1, 1, 'aqueux'),
(539, 1, 1, 'archivage'),
(537, 1, 1, 'archives'),
(1449, 1, 1, 'ard'),
(1447, 1, 1, 'ardoise'),
(834, 1, 1, 'arg'),
(49, 1, 1, 'argent'),
(3262, 1, 1, 'arme'),
(980, 1, 1, 'armee'),
(3269, 1, 1, 'armes'),
(1688, 1, 1, 'arrimage'),
(2837, 1, 1, 'arrivage'),
(3404, 1, 1, 'arrondie'),
(3434, 1, 1, 'arrondis'),
(1294, 1, 1, 'art'),
(86, 1, 1, 'articles'),
(3285, 1, 1, 'ashesifrouleau'),
(1663, 1, 1, 'aspect'),
(1381, 1, 1, 'ass'),
(1380, 1, 1, 'assiette'),
(2980, 1, 1, 'assiettes'),
(723, 1, 1, 'association'),
(791, 1, 1, 'assortiment'),
(275, 1, 1, 'assurant'),
(2632, 1, 1, 'assure'),
(2629, 1, 1, 'assurent'),
(252, 1, 1, 'assurer'),
(104, 1, 1, 'astucieux'),
(3252, 1, 1, 'attention'),
(2822, 1, 1, 'ausonne'),
(297, 1, 1, 'aussi'),
(2790, 1, 1, 'autocollant'),
(2032, 1, 1, 'autre'),
(3144, 1, 1, 'autres'),
(72, 1, 1, 'aux'),
(97, 1, 1, 'avant'),
(903, 1, 1, 'avantages'),
(11, 1, 1, 'avec'),
(3421, 1, 1, 'avez'),
(293, 1, 1, 'avoir'),
(47, 1, 1, 'azalee'),
(392, 1, 1, 'b100'),
(393, 1, 1, 'b100100'),
(417, 1, 1, 'b100100x1'),
(1684, 1, 1, 'b100100x100'),
(360, 1, 1, 'b10080x75'),
(398, 1, 1, 'b32100x50'),
(418, 1, 1, 'b50'),
(419, 1, 1, 'b50100'),
(362, 1, 1, 'b60'),
(363, 1, 1, 'b60100'),
(322, 1, 1, 'b80'),
(324, 1, 1, 'b80100'),
(3079, 1, 1, 'b80100x'),
(404, 1, 1, 'b80100x10'),
(239, 1, 1, 'b80100x100'),
(234, 1, 1, 'b80100x150'),
(1691, 1, 1, 'b80100x50'),
(1893, 1, 1, 'b80100x502'),
(329, 1, 1, 'b80100x75'),
(1895, 1, 1, 'b8010x502'),
(371, 1, 1, 'b80120'),
(407, 1, 1, 'b80150'),
(331, 1, 1, 'b80160'),
(377, 1, 1, 'b80200'),
(334, 1, 1, 'b8050'),
(3097, 1, 1, 'b8050x'),
(379, 1, 1, 'b8050x100'),
(1898, 1, 1, 'b8050x1002'),
(410, 1, 1, 'b8050x50'),
(336, 1, 1, 'b8050x75'),
(381, 1, 1, 'b8080'),
(412, 1, 1, 'b8080x15'),
(1904, 1, 1, 'b8080x150'),
(339, 1, 1, 'b8080x75'),
(2748, 1, 1, 'bach'),
(2746, 1, 1, 'bache'),
(3197, 1, 1, 'baches'),
(1575, 1, 1, 'bag'),
(1469, 1, 1, 'bal'),
(1467, 1, 1, 'ballotin'),
(144, 1, 1, 'bandage'),
(470, 1, 1, 'bande'),
(1333, 1, 1, 'bandes'),
(3055, 1, 1, 'banquise'),
(1388, 1, 1, 'bar'),
(1497, 1, 1, 'barq'),
(1386, 1, 1, 'barquette'),
(1478, 1, 1, 'barquettes'),
(1576, 1, 1, 'basic'),
(1116, 1, 1, 'basse'),
(1476, 1, 1, 'bc100'),
(1475, 1, 1, 'bc1000'),
(1392, 1, 1, 'bc7'),
(1391, 1, 1, 'bc750'),
(1061, 1, 1, 'bdb'),
(1034, 1, 1, 'bdn'),
(415, 1, 1, 'beco'),
(3455, 1, 1, 'beige'),
(2584, 1, 1, 'belle'),
(3423, 1, 1, 'besoin'),
(1099, 1, 1, 'best'),
(1100, 1, 1, 'bestpack'),
(1008, 1, 1, 'bgf'),
(3201, 1, 1, 'bicolore'),
(3165, 1, 1, 'bidons'),
(1404, 1, 1, 'biere'),
(3231, 1, 1, 'bijouterie'),
(2365, 1, 1, 'bijoux'),
(3067, 1, 1, 'bille'),
(2802, 1, 1, 'bio'),
(1914, 1, 1, 'biodeg'),
(1909, 1, 1, 'biodegradable'),
(2705, 1, 1, 'biomedical'),
(2035, 1, 1, 'bla'),
(46, 1, 1, 'blanc'),
(313, 1, 1, 'blanche'),
(1707, 1, 1, 'blanches'),
(1079, 1, 1, 'blancs'),
(2038, 1, 1, 'ble'),
(51, 1, 1, 'bleu'),
(2637, 1, 1, 'bleuqualite'),
(2723, 1, 1, 'bloc'),
(2717, 1, 1, 'blocs'),
(798, 1, 1, 'blp'),
(2869, 1, 1, 'bmag'),
(2761, 1, 1, 'bob'),
(1141, 1, 1, 'bobine'),
(1142, 1, 1, 'bobines'),
(2571, 1, 1, 'bobinot'),
(1553, 1, 1, 'bode'),
(1552, 1, 1, 'bodega'),
(1674, 1, 1, 'bois'),
(421, 1, 1, 'boite'),
(298, 1, 1, 'boites'),
(18, 1, 1, 'bol'),
(2784, 1, 1, 'bold'),
(14, 1, 1, 'bolduc'),
(2901, 1, 1, 'boluc'),
(3249, 1, 1, 'bon'),
(3028, 1, 1, 'bonbon'),
(2995, 1, 1, 'bonbons'),
(2609, 1, 1, 'bonne'),
(1442, 1, 1, 'bord'),
(3011, 1, 1, 'bordeau'),
(1543, 1, 1, 'bordeaux'),
(3271, 1, 1, 'bottelage'),
(3135, 1, 1, 'bottes'),
(1569, 1, 1, 'bouch'),
(1427, 1, 1, 'boucher'),
(1208, 1, 1, 'boucherie'),
(2199, 1, 1, 'bouchon'),
(1640, 1, 1, 'boule'),
(1545, 1, 1, 'bout'),
(3117, 1, 1, 'bouteil'),
(855, 1, 1, 'bouteille'),
(1561, 1, 1, 'bouteilles'),
(39, 1, 1, 'boutique'),
(3356, 1, 1, 'bovin'),
(1290, 1, 1, 'bre'),
(1075, 1, 1, 'bretelle'),
(1078, 1, 1, 'bretelles'),
(2585, 1, 1, 'brillance'),
(15, 1, 1, 'brillants'),
(1571, 1, 1, 'brins'),
(494, 1, 1, 'brl'),
(3281, 1, 1, 'bruit'),
(451, 1, 1, 'brun'),
(2598, 1, 1, 'brut'),
(2587, 1, 1, 'brute'),
(1471, 1, 1, 'btfp'),
(308, 1, 1, 'bul'),
(180, 1, 1, 'bulle'),
(189, 1, 1, 'bulles'),
(746, 1, 1, 'c10'),
(737, 1, 1, 'c11'),
(740, 1, 1, 'c12'),
(738, 1, 1, 'c13'),
(741, 1, 1, 'c14'),
(743, 1, 1, 'c15'),
(742, 1, 1, 'c16'),
(1345, 1, 1, 'c25'),
(744, 1, 1, 'c40'),
(2027, 1, 1, 'c4010'),
(2029, 1, 1, 'c4050'),
(1608, 1, 1, 'caba'),
(1606, 1, 1, 'cabas'),
(2909, 1, 1, 'cad'),
(2786, 1, 1, 'cadeau'),
(24, 1, 1, 'cadeaux'),
(709, 1, 1, 'cadre'),
(1378, 1, 1, 'cafe'),
(546, 1, 1, 'caisse'),
(568, 1, 1, 'caisses'),
(246, 1, 1, 'cal'),
(253, 1, 1, 'calage'),
(257, 1, 1, 'caler'),
(1891, 1, 1, 'callage'),
(1645, 1, 1, 'calzone'),
(3049, 1, 1, 'camping'),
(3236, 1, 1, 'canelure'),
(556, 1, 1, 'cannelure'),
(3107, 1, 1, 'cannelures'),
(145, 1, 1, 'caoutchouc'),
(390, 1, 1, 'cap'),
(343, 1, 1, 'cap2'),
(385, 1, 1, 'cap3'),
(3172, 1, 1, 'car'),
(102, 1, 1, 'caracterise'),
(2713, 1, 1, 'caracteristique'),
(1448, 1, 1, 'carree'),
(1453, 1, 1, 'cart'),
(454, 1, 1, 'carton'),
(2270, 1, 1, 'carton100'),
(1304, 1, 1, 'cartonnette'),
(573, 1, 1, 'cartons'),
(1541, 1, 1, 'cass'),
(1538, 1, 1, 'cassolette'),
(2581, 1, 1, 'cast'),
(1007, 1, 1, 'cbj'),
(452, 1, 1, 'cde'),
(448, 1, 1, 'cde1'),
(449, 1, 1, 'cde2'),
(450, 1, 1, 'cde3'),
(136, 1, 1, 'ceinture'),
(1069, 1, 1, 'cello'),
(3233, 1, 1, 'cellulose'),
(1619, 1, 1, 'centree'),
(1539, 1, 1, 'ceramique'),
(194, 1, 1, 'ces'),
(280, 1, 1, 'cfc'),
(1158, 1, 1, 'cha'),
(2700, 1, 1, 'chacun'),
(984, 1, 1, 'chaine'),
(1394, 1, 1, 'chalu'),
(1393, 1, 1, 'chalumeaux'),
(1410, 1, 1, 'cham'),
(2620, 1, 1, 'chambre'),
(2763, 1, 1, 'chamois'),
(1411, 1, 1, 'champagne'),
(3167, 1, 1, 'chanfreine'),
(128, 1, 1, 'char'),
(2287, 1, 1, 'charcuterie'),
(172, 1, 1, 'charge'),
(3177, 1, 1, 'chargement'),
(3148, 1, 1, 'charges'),
(126, 1, 1, 'chariot'),
(3295, 1, 1, 'chariots'),
(3179, 1, 1, 'charnieres'),
(2868, 1, 1, 'chateau'),
(1621, 1, 1, 'chauds'),
(2970, 1, 1, 'chauffage'),
(1646, 1, 1, 'chausson'),
(1374, 1, 1, 'chaussure'),
(1460, 1, 1, 'cherniere'),
(1207, 1, 1, 'chevillards'),
(2818, 1, 1, 'chif'),
(2814, 1, 1, 'chiffon'),
(3432, 1, 1, 'chimiques'),
(1557, 1, 1, 'chinoise'),
(267, 1, 1, 'chips'),
(281, 1, 1, 'chlore'),
(801, 1, 1, 'cho'),
(138, 1, 1, 'choc'),
(800, 1, 1, 'chocolat'),
(3254, 1, 1, 'chocolats'),
(2987, 1, 1, 'chocoloat'),
(151, 1, 1, 'chocs'),
(2880, 1, 1, 'choi'),
(2799, 1, 1, 'choix'),
(3456, 1, 1, 'cintre'),
(3465, 1, 1, 'cintres'),
(2694, 1, 1, 'circonstances'),
(807, 1, 1, 'clair'),
(184, 1, 1, 'classique'),
(1484, 1, 1, 'clcouvercle'),
(1577, 1, 1, 'clear'),
(1254, 1, 1, 'client'),
(795, 1, 1, 'cliquant'),
(1415, 1, 1, 'coc'),
(1413, 1, 1, 'coca'),
(921, 1, 1, 'code'),
(1544, 1, 1, 'cof'),
(1542, 1, 1, 'coffret'),
(1107, 1, 1, 'coife'),
(554, 1, 1, 'coiffe'),
(1105, 1, 1, 'coiffes'),
(3433, 1, 1, 'coins'),
(1419, 1, 1, 'col'),
(1414, 1, 1, 'cola'),
(260, 1, 1, 'colis'),
(99, 1, 1, 'colisage'),
(3064, 1, 1, 'collage'),
(2798, 1, 1, 'colori'),
(30, 1, 1, 'coloris'),
(1354, 1, 1, 'com'),
(262, 1, 1, 'comme'),
(1431, 1, 1, 'comp'),
(158, 1, 1, 'compact'),
(1430, 1, 1, 'compartiments'),
(2733, 1, 1, 'completent'),
(2740, 1, 1, 'completeront'),
(453, 1, 1, 'complexe'),
(213, 1, 1, 'compose'),
(3362, 1, 1, 'composition'),
(802, 1, 1, 'comprenant'),
(581, 1, 1, 'compression'),
(1470, 1, 1, 'conditioner'),
(1272, 1, 1, 'conditionn'),
(35, 1, 1, 'conditionne'),
(1373, 1, 1, 'conditionnement'),
(3223, 1, 1, 'conditionner'),
(90, 1, 1, 'conditions'),
(901, 1, 1, 'confere'),
(1120, 1, 1, 'confidentialite'),
(3255, 1, 1, 'confiserie'),
(1011, 1, 1, 'conforme'),
(720, 1, 1, 'conformes'),
(1488, 1, 1, 'congelables'),
(1535, 1, 1, 'congelablesmicr'),
(2739, 1, 1, 'congelateur'),
(1609, 1, 1, 'conservation'),
(3360, 1, 1, 'conserves'),
(190, 1, 1, 'constitue'),
(209, 1, 1, 'constituent'),
(3146, 1, 1, 'constituer'),
(301, 1, 1, 'consulter'),
(2614, 1, 1, 'contact'),
(3354, 1, 1, 'contacte'),
(3424, 1, 1, 'contactez'),
(2687, 1, 1, 'conte'),
(1532, 1, 1, 'contenance'),
(2274, 1, 1, 'conteneur'),
(551, 1, 1, 'conteneurs'),
(3227, 1, 1, 'contenu'),
(1096, 1, 1, 'continu');
INSERT INTO `ps_search_word` (`id_word`, `id_shop`, `id_lang`, `word`) VALUES
(3468, 1, 1, 'continuer'),
(955, 1, 1, 'contraintes'),
(3063, 1, 1, 'contre'),
(3139, 1, 1, 'convient'),
(3414, 1, 1, 'coque'),
(3425, 1, 1, 'cordialement'),
(1651, 1, 1, 'cote'),
(570, 1, 1, 'cotes'),
(3357, 1, 1, 'coton'),
(1546, 1, 1, 'cou'),
(821, 1, 1, 'couche'),
(764, 1, 1, 'coucher'),
(1025, 1, 1, 'coul'),
(799, 1, 1, 'couleur'),
(779, 1, 1, 'couleurblanche'),
(785, 1, 1, 'couleurs'),
(1551, 1, 1, 'coupe'),
(3453, 1, 1, 'coupes'),
(1369, 1, 1, 'coupure'),
(211, 1, 1, 'coussin'),
(63, 1, 1, 'cout'),
(1398, 1, 1, 'couteau'),
(290, 1, 1, 'couts'),
(1370, 1, 1, 'couture'),
(1397, 1, 1, 'couv'),
(1455, 1, 1, 'couverc'),
(739, 1, 1, 'couvercle'),
(1395, 1, 1, 'couvert'),
(3385, 1, 1, 'couverts'),
(1741, 1, 1, 'couverture'),
(3335, 1, 1, 'cpp'),
(2213, 1, 1, 'crai'),
(2210, 1, 1, 'craie'),
(3069, 1, 1, 'craignant'),
(3058, 1, 1, 'craignez'),
(824, 1, 1, 'cre'),
(823, 1, 1, 'crepe'),
(1417, 1, 1, 'cristal'),
(1458, 1, 1, 'cristalpack'),
(461, 1, 1, 'crosse'),
(3355, 1, 1, 'croute'),
(2867, 1, 1, 'cru'),
(1992, 1, 1, 'cubique'),
(1558, 1, 1, 'cuil'),
(1402, 1, 1, 'cuillere'),
(1582, 1, 1, 'cuillier'),
(1556, 1, 1, 'cuilliere'),
(1559, 1, 1, 'cuillieres'),
(2558, 1, 1, 'cuisine'),
(1631, 1, 1, 'cuisines'),
(1341, 1, 1, 'cur'),
(2465, 1, 1, 'curceur'),
(1340, 1, 1, 'curseur'),
(2823, 1, 1, 'cut'),
(1534, 1, 1, 'cutilisation'),
(2820, 1, 1, 'cutter'),
(3124, 1, 1, 'd8200'),
(3205, 1, 1, 'dangereuses'),
(87, 1, 1, 'dans'),
(2882, 1, 1, 'dc103'),
(2884, 1, 1, 'dc1032'),
(559, 1, 1, 'dd151x77x42'),
(711, 1, 1, 'dd20'),
(689, 1, 1, 'dd40'),
(2772, 1, 1, 'de10'),
(3411, 1, 1, 'de3'),
(356, 1, 1, 'dea'),
(3178, 1, 1, 'dechargement'),
(1515, 1, 1, 'dechirable'),
(1517, 1, 1, 'dechire'),
(3060, 1, 1, 'dechirure'),
(3054, 1, 1, 'decor'),
(19, 1, 1, 'decoration'),
(471, 1, 1, 'decoupe'),
(1908, 1, 1, 'degradable'),
(3040, 1, 1, 'degraissant'),
(3150, 1, 1, 'demande'),
(1180, 1, 1, 'demenagement'),
(2696, 1, 1, 'denrees'),
(291, 1, 1, 'densite'),
(970, 1, 1, 'depal'),
(971, 1, 1, 'depalaitise'),
(972, 1, 1, 'depalalaitise'),
(2516, 1, 1, 'depalettiser'),
(432, 1, 1, 'derivee'),
(2839, 1, 1, 'deroulage'),
(2583, 1, 1, 'deroulement'),
(2827, 1, 1, 'derouleur'),
(202, 1, 1, 'des'),
(1664, 1, 1, 'design'),
(164, 1, 1, 'designation'),
(3041, 1, 1, 'desinfectant'),
(1305, 1, 1, 'dessus'),
(953, 1, 1, 'destine'),
(1647, 1, 1, 'destinees'),
(3260, 1, 1, 'destines'),
(789, 1, 1, 'deteint'),
(913, 1, 1, 'deux'),
(355, 1, 1, 'dev'),
(1824, 1, 1, 'devidoir'),
(987, 1, 1, 'dfm'),
(947, 1, 1, 'dfr'),
(125, 1, 1, 'diable'),
(142, 1, 1, 'diam'),
(231, 1, 1, 'diametre'),
(803, 1, 1, 'differentes'),
(29, 1, 1, 'differents'),
(397, 1, 1, 'dim'),
(1062, 1, 1, 'dim1500'),
(780, 1, 1, 'dimension'),
(165, 1, 1, 'dimensions'),
(1168, 1, 1, 'dimenssion'),
(2735, 1, 1, 'dimention'),
(1634, 1, 1, 'dimentions'),
(563, 1, 1, 'dimesion'),
(289, 1, 1, 'diminue'),
(3247, 1, 1, 'directement'),
(3365, 1, 1, 'directive'),
(1679, 1, 1, 'dis'),
(794, 1, 1, 'disponible'),
(3200, 1, 1, 'disponibles'),
(436, 1, 1, 'distri'),
(2825, 1, 1, 'distributeur'),
(1678, 1, 1, 'distributrice'),
(299, 1, 1, 'distributrices'),
(435, 1, 1, 'div'),
(433, 1, 1, 'divers'),
(3371, 1, 1, 'doa'),
(1854, 1, 1, 'doc'),
(1360, 1, 1, 'docker'),
(2921, 1, 1, 'document'),
(2615, 1, 1, 'domaine'),
(1529, 1, 1, 'donc'),
(3358, 1, 1, 'dos'),
(159, 1, 1, 'dossier'),
(1598, 1, 1, 'dou'),
(562, 1, 1, 'double'),
(1596, 1, 1, 'douille'),
(1599, 1, 1, 'douilles'),
(1362, 1, 1, 'dr605'),
(1443, 1, 1, 'droit'),
(1179, 1, 1, 'durant'),
(968, 1, 1, 'duree'),
(1946, 1, 1, 'dvd'),
(3304, 1, 1, 'dynamique'),
(1293, 1, 1, 'ean'),
(1001, 1, 1, 'eau'),
(1668, 1, 1, 'ebay'),
(805, 1, 1, 'ecarlate'),
(3131, 1, 1, 'eclaboussures'),
(3430, 1, 1, 'eclatement'),
(129, 1, 1, 'eco'),
(3137, 1, 1, 'ecokraft'),
(3138, 1, 1, 'ecologique'),
(3296, 1, 1, 'ecologiques'),
(3160, 1, 1, 'economies'),
(7, 1, 1, 'economique'),
(269, 1, 1, 'economiques'),
(3065, 1, 1, 'ecrire'),
(1566, 1, 1, 'ecru'),
(3243, 1, 1, 'edition'),
(3094, 1, 1, 'efficacement'),
(793, 1, 1, 'egalement'),
(2960, 1, 1, 'elastique'),
(265, 1, 1, 'elastiques'),
(3326, 1, 1, 'elevateur'),
(3312, 1, 1, 'elevees'),
(3174, 1, 1, 'elle'),
(2863, 1, 1, 'emb'),
(98, 1, 1, 'emballage'),
(27, 1, 1, 'emballages'),
(85, 1, 1, 'emballer'),
(26, 1, 1, 'embellir'),
(1676, 1, 1, 'emboitable'),
(3142, 1, 1, 'emboitables'),
(2838, 1, 1, 'embout'),
(914, 1, 1, 'embouts'),
(1521, 1, 1, 'empilable'),
(192, 1, 1, 'emploi'),
(3004, 1, 1, 'emporter'),
(1424, 1, 1, 'enduit'),
(3352, 1, 1, 'enfiler'),
(272, 1, 1, 'enrobent'),
(3091, 1, 1, 'enroule'),
(216, 1, 1, 'entre'),
(3293, 1, 1, 'entrees'),
(3329, 1, 1, 'entretien'),
(307, 1, 1, 'env'),
(225, 1, 1, 'enveloppe'),
(394, 1, 1, 'enveloppes'),
(2993, 1, 1, 'environ'),
(429, 1, 1, 'envoi'),
(2865, 1, 1, 'envoie'),
(917, 1, 1, 'envois'),
(81, 1, 1, 'epaisseur'),
(1124, 1, 1, 'epaisseurs'),
(3307, 1, 1, 'epal'),
(1421, 1, 1, 'epaule'),
(3217, 1, 1, 'epouse'),
(207, 1, 1, 'epousent'),
(1169, 1, 1, 'equipement'),
(3384, 1, 1, 'essai123'),
(578, 1, 1, 'essais'),
(2816, 1, 1, 'essuiage'),
(1348, 1, 1, 'essuie'),
(792, 1, 1, 'est'),
(575, 1, 1, 'estampille'),
(3306, 1, 1, 'estampillee'),
(1526, 1, 1, 'esthetique'),
(1520, 1, 1, 'etanche'),
(1015, 1, 1, 'eti'),
(2871, 1, 1, 'etiquettes'),
(1009, 1, 1, 'etirable'),
(2844, 1, 1, 'etirables'),
(3210, 1, 1, 'etirement'),
(2791, 1, 1, 'etoile'),
(2789, 1, 1, 'etoiles'),
(1624, 1, 1, 'etre'),
(1563, 1, 1, 'etu'),
(425, 1, 1, 'etui'),
(1560, 1, 1, 'etuis'),
(1919, 1, 1, 'etuit'),
(3305, 1, 1, 'eur'),
(3156, 1, 1, 'europe'),
(3366, 1, 1, 'europeenne'),
(2726, 1, 1, 'eutectique'),
(2728, 1, 1, 'eutectiques'),
(1176, 1, 1, 'eventuelles'),
(2886, 1, 1, 'examen'),
(961, 1, 1, 'excellente'),
(3127, 1, 1, 'exemple'),
(3311, 1, 1, 'exigences'),
(28, 1, 1, 'existe'),
(271, 1, 1, 'expanse'),
(1616, 1, 1, 'expansee'),
(205, 1, 1, 'expedier'),
(69, 1, 1, 'expedition'),
(309, 1, 1, 'expeditions'),
(905, 1, 1, 'export'),
(3261, 1, 1, 'exportation'),
(3162, 1, 1, 'exporter'),
(569, 1, 1, 'exprimees'),
(2714, 1, 1, 'ext'),
(1118, 1, 1, 'exterieur'),
(1683, 1, 1, 'extra'),
(250, 1, 1, 'extrude'),
(1255, 1, 1, 'f0136'),
(2736, 1, 1, 'fabrication'),
(3100, 1, 1, 'fabrique'),
(896, 1, 1, 'fabriquees'),
(943, 1, 1, 'face'),
(92, 1, 1, 'facile'),
(3446, 1, 1, 'facilement'),
(3330, 1, 1, 'faciles'),
(3238, 1, 1, 'facilitant'),
(3176, 1, 1, 'facilite'),
(3062, 1, 1, 'facilitee'),
(2843, 1, 1, 'facilitent'),
(3436, 1, 1, 'faciliter'),
(3087, 1, 1, 'facture'),
(900, 1, 1, 'faible'),
(1173, 1, 1, 'faite'),
(2564, 1, 1, 'far'),
(2563, 1, 1, 'fardelage'),
(1073, 1, 1, 'fbd'),
(1661, 1, 1, 'fdm'),
(548, 1, 1, 'fefco'),
(712, 1, 1, 'fefco09011'),
(715, 1, 1, 'fefco09012'),
(716, 1, 1, 'fefco9003'),
(478, 1, 1, 'fente'),
(3245, 1, 1, 'fermer'),
(2, 1, 1, 'fermeture'),
(3316, 1, 1, 'ferroviaire'),
(2984, 1, 1, 'fete'),
(217, 1, 1, 'feuilles'),
(1530, 1, 1, 'fiable'),
(1371, 1, 1, 'fibre'),
(1568, 1, 1, 'ficelle'),
(981, 1, 1, 'fil'),
(1344, 1, 1, 'filet'),
(2963, 1, 1, 'filets'),
(188, 1, 1, 'film'),
(195, 1, 1, 'films'),
(3195, 1, 1, 'fixation'),
(1023, 1, 1, 'fle'),
(973, 1, 1, 'fleche'),
(1361, 1, 1, 'fleur'),
(1268, 1, 1, 'flexi'),
(242, 1, 1, 'flo'),
(2808, 1, 1, 'flowpack'),
(1516, 1, 1, 'fois'),
(48, 1, 1, 'fonce'),
(745, 1, 1, 'fond'),
(1190, 1, 1, 'fonds'),
(310, 1, 1, 'format'),
(462, 1, 1, 'formats'),
(208, 1, 1, 'forme'),
(228, 1, 1, 'formes'),
(1454, 1, 1, 'forte'),
(2628, 1, 1, 'fortes'),
(3301, 1, 1, 'fourches'),
(1583, 1, 1, 'fourchet'),
(1399, 1, 1, 'fourchette'),
(3088, 1, 1, 'fournit'),
(426, 1, 1, 'fourreau'),
(1139, 1, 1, 'fpb'),
(2483, 1, 1, 'frag'),
(1006, 1, 1, 'fragile'),
(70, 1, 1, 'fragiles'),
(2690, 1, 1, 'frais'),
(2737, 1, 1, 'francaise'),
(3115, 1, 1, 'frein'),
(1389, 1, 1, 'fri'),
(1387, 1, 1, 'frite'),
(2686, 1, 1, 'fro'),
(1622, 1, 1, 'froid'),
(2621, 1, 1, 'froide'),
(1658, 1, 1, 'fruits'),
(3402, 1, 1, 'fsqd'),
(809, 1, 1, 'fus'),
(808, 1, 1, 'fuschia'),
(1144, 1, 1, 'gaiexel'),
(3158, 1, 1, 'gain'),
(1143, 1, 1, 'gaine'),
(3290, 1, 1, 'gains'),
(719, 1, 1, 'gal'),
(717, 1, 1, 'galia'),
(3180, 1, 1, 'galvanise'),
(899, 1, 1, 'gamme'),
(1359, 1, 1, 'gant'),
(2879, 1, 1, 'gants'),
(958, 1, 1, 'garantie'),
(574, 1, 1, 'garanties'),
(2695, 1, 1, 'garantir'),
(200, 1, 1, 'garantissent'),
(3389, 1, 1, 'garantit'),
(2742, 1, 1, 'garder'),
(1636, 1, 1, 'gateau'),
(1628, 1, 1, 'gateaux'),
(3132, 1, 1, 'gaufre'),
(480, 1, 1, 'gef'),
(2683, 1, 1, 'gel'),
(2729, 1, 1, 'gels'),
(3130, 1, 1, 'generique'),
(3302, 1, 1, 'gerbage'),
(3328, 1, 1, 'gerbeur'),
(2721, 1, 1, 'glace'),
(1629, 1, 1, 'glaces'),
(2684, 1, 1, 'glaciere'),
(3048, 1, 1, 'glacons'),
(1405, 1, 1, 'gob'),
(1412, 1, 1, 'gobelet'),
(1403, 1, 1, 'goblet'),
(3270, 1, 1, 'gommes'),
(813, 1, 1, 'gra'),
(155, 1, 1, 'grace'),
(1656, 1, 1, 'graisses'),
(786, 1, 1, 'grammage'),
(183, 1, 1, 'grand'),
(76, 1, 1, 'grande'),
(804, 1, 1, 'granny'),
(2626, 1, 1, 'gras'),
(1871, 1, 1, 'gratuit'),
(1060, 1, 1, 'grav'),
(1057, 1, 1, 'gravat'),
(3387, 1, 1, 'gravats'),
(2803, 1, 1, 'green'),
(3263, 1, 1, 'grille'),
(747, 1, 1, 'grimpette'),
(1848, 1, 1, 'grosse'),
(1842, 1, 1, 'grosses'),
(1425, 1, 1, 'grs'),
(1155, 1, 1, 'h1000'),
(1152, 1, 1, 'h1700'),
(898, 1, 1, 'haut'),
(2976, 1, 1, 'haute'),
(174, 1, 1, 'hauteur'),
(229, 1, 1, 'hauteurs'),
(949, 1, 1, 'havane'),
(1020, 1, 1, 'havanne'),
(1092, 1, 1, 'hdm'),
(3373, 1, 1, 'heures'),
(3391, 1, 1, 'hifi'),
(1819, 1, 1, 'hivernage'),
(2135, 1, 1, 'hobbies'),
(731, 1, 1, 'homogenes'),
(166, 1, 1, 'hors'),
(1031, 1, 1, 'housse'),
(1047, 1, 1, 'housses'),
(3361, 1, 1, 'huile'),
(3431, 1, 1, 'huiles'),
(1164, 1, 1, 'humidite'),
(3399, 1, 1, 'hydrofuge'),
(3348, 1, 1, 'hypoallergeniqu'),
(1574, 1, 1, 'ice'),
(1579, 1, 1, 'icebag'),
(796, 1, 1, 'ici'),
(25, 1, 1, 'ideal'),
(2610, 1, 1, 'identification'),
(2634, 1, 1, 'identifie'),
(3445, 1, 1, 'identifiez'),
(206, 1, 1, 'ils'),
(708, 1, 1, 'imp'),
(1115, 1, 1, 'impermeable'),
(3038, 1, 1, 'impermeables'),
(902, 1, 1, 'importants'),
(722, 1, 1, 'imposees'),
(963, 1, 1, 'impression'),
(969, 1, 1, 'imprime'),
(3282, 1, 1, 'imprimes'),
(964, 1, 1, 'inalterable'),
(3467, 1, 1, 'inclu'),
(1855, 1, 1, 'inclus'),
(1091, 1, 1, 'inco'),
(1093, 1, 1, 'incolore'),
(1112, 1, 1, 'indechirable'),
(1477, 1, 1, 'independant'),
(1485, 1, 1, 'independantdim'),
(3275, 1, 1, 'indiquer'),
(20, 1, 1, 'indispensable'),
(2731, 1, 1, 'indispensables'),
(2616, 1, 1, 'industrie'),
(3313, 1, 1, 'industries'),
(3390, 1, 1, 'informatique'),
(1662, 1, 1, 'innovation'),
(707, 1, 1, 'inprim'),
(3403, 1, 1, 'inserer'),
(2192, 1, 1, 'int'),
(428, 1, 1, 'integre'),
(2574, 1, 1, 'integree'),
(749, 1, 1, 'intercalaire'),
(3206, 1, 1, 'interdites'),
(1117, 1, 1, 'interieur'),
(571, 1, 1, 'interieures'),
(3186, 1, 1, 'internationale'),
(2579, 1, 1, 'internet'),
(3061, 1, 1, 'introduction'),
(1121, 1, 1, 'inviolable'),
(1613, 1, 1, 'iso'),
(3398, 1, 1, 'isolante'),
(997, 1, 1, 'isolation'),
(1612, 1, 1, 'isotherme'),
(2689, 1, 1, 'isothermes'),
(1979, 1, 1, 'ixo'),
(3368, 1, 1, 'janvier'),
(2747, 1, 1, 'jardin'),
(810, 1, 1, 'jau'),
(44, 1, 1, 'jaune'),
(2652, 1, 1, 'jaunequalite'),
(2975, 1, 1, 'jetable'),
(1597, 1, 1, 'jetables'),
(2830, 1, 1, 'jeu'),
(1109, 1, 1, 'jeux'),
(3246, 1, 1, 'joindre'),
(2711, 1, 1, 'jours'),
(1355, 1, 1, 'jumbo'),
(1632, 1, 1, 'jusqu'),
(3257, 1, 1, 'juste'),
(2908, 1, 1, 'kdo'),
(3192, 1, 1, 'kgqualite'),
(1138, 1, 1, 'kgs'),
(1396, 1, 1, 'kit'),
(3123, 1, 1, 'kits'),
(353, 1, 1, 'kra'),
(351, 1, 1, 'kraft'),
(930, 1, 1, 'l880'),
(576, 1, 1, 'laboratoire'),
(230, 1, 1, 'laize'),
(510, 1, 1, 'laize160'),
(2846, 1, 1, 'lame'),
(1650, 1, 1, 'languettes'),
(150, 1, 1, 'laque'),
(1843, 1, 1, 'larg'),
(1367, 1, 1, 'large'),
(31, 1, 1, 'largeur'),
(2887, 1, 1, 'lat'),
(1617, 1, 1, 'laterale'),
(3241, 1, 1, 'laterales'),
(1364, 1, 1, 'latex'),
(1667, 1, 1, 'lavable'),
(806, 1, 1, 'lavande'),
(1491, 1, 1, 'lave'),
(224, 1, 1, 'leger'),
(66, 1, 1, 'legere'),
(954, 1, 1, 'legeres'),
(197, 1, 1, 'legers'),
(88, 1, 1, 'les'),
(274, 1, 1, 'leur'),
(726, 1, 1, 'leurs'),
(1687, 1, 1, 'levage'),
(1302, 1, 1, 'lia'),
(1287, 1, 1, 'liasse'),
(1433, 1, 1, 'liasses'),
(2873, 1, 1, 'ligature'),
(3370, 1, 1, 'limite'),
(1866, 1, 1, 'linaire'),
(3220, 1, 1, 'lineaire'),
(2897, 1, 1, 'linget'),
(2892, 1, 1, 'lingettes'),
(316, 1, 1, 'lite'),
(296, 1, 1, 'litres'),
(3250, 1, 1, 'livraison'),
(3188, 1, 1, 'livree'),
(3151, 1, 1, 'livrees'),
(3464, 1, 1, 'livres'),
(579, 1, 1, 'lne'),
(535, 1, 1, 'long'),
(237, 1, 1, 'longeur'),
(2171, 1, 1, 'longs'),
(967, 1, 1, 'longue'),
(33, 1, 1, 'longueur'),
(325, 1, 1, 'longueurs'),
(1166, 1, 1, 'lors'),
(340, 1, 1, 'lot'),
(374, 1, 1, 'lots'),
(1356, 1, 1, 'lotus'),
(1670, 1, 1, 'lourd'),
(3149, 1, 1, 'lourdes'),
(259, 1, 1, 'lourds'),
(3092, 1, 1, 'lui'),
(832, 1, 1, 'lunch'),
(251, 1, 1, 'lune'),
(170, 1, 1, 'lxl'),
(168, 1, 1, 'lxlxh'),
(2828, 1, 1, 'ma1'),
(2840, 1, 1, 'ma2'),
(3022, 1, 1, 'macaron'),
(1098, 1, 1, 'machine'),
(3163, 1, 1, 'machines'),
(831, 1, 1, 'mag'),
(991, 1, 1, 'magnetique'),
(829, 1, 1, 'magnum'),
(315, 1, 1, 'mail'),
(3239, 1, 1, 'main'),
(1349, 1, 1, 'mains'),
(2847, 1, 1, 'maintenance'),
(3272, 1, 1, 'maintien'),
(2732, 1, 1, 'maitrise'),
(2902, 1, 1, 'mal'),
(2899, 1, 1, 'malette'),
(2904, 1, 1, 'malettes'),
(1528, 1, 1, 'malin'),
(3215, 1, 1, 'malleable'),
(2565, 1, 1, 'man'),
(3359, 1, 1, 'manchette'),
(1210, 1, 1, 'manchon'),
(2833, 1, 1, 'mandrin'),
(154, 1, 1, 'maniable'),
(2212, 1, 1, 'manifestation'),
(3278, 1, 1, 'manipulation'),
(2575, 1, 1, 'mann'),
(1013, 1, 1, 'manuel'),
(2573, 1, 1, 'manuellement'),
(2845, 1, 1, 'manuels'),
(1170, 1, 1, 'manutention'),
(1384, 1, 1, 'marbree'),
(3248, 1, 1, 'marchandise'),
(431, 1, 1, 'marchandises'),
(1094, 1, 1, 'marquage'),
(147, 1, 1, 'marquant'),
(314, 1, 1, 'marque'),
(50, 1, 1, 'marron'),
(995, 1, 1, 'masq'),
(993, 1, 1, 'masquage'),
(788, 1, 1, 'masse'),
(1162, 1, 1, 'mat'),
(218, 1, 1, 'matelas'),
(3213, 1, 1, 'materiau'),
(897, 1, 1, 'materiaux'),
(173, 1, 1, 'maxi'),
(2764, 1, 1, 'mec'),
(2817, 1, 1, 'meca'),
(3209, 1, 1, 'mecanique'),
(566, 1, 1, 'mecaniques'),
(1026, 1, 1, 'medi'),
(1366, 1, 1, 'medium'),
(201, 1, 1, 'meilleure'),
(89, 1, 1, 'meilleures'),
(3093, 1, 1, 'memediametre'),
(1659, 1, 1, 'mer'),
(3449, 1, 1, 'metal'),
(2769, 1, 1, 'metalise'),
(1615, 1, 1, 'metallise'),
(1821, 1, 1, 'metre'),
(17, 1, 1, 'metres'),
(775, 1, 1, 'micro'),
(1052, 1, 1, 'micron'),
(82, 1, 1, 'microns'),
(3225, 1, 1, 'micronstres'),
(3349, 1, 1, 'micropoudre'),
(263, 1, 1, 'milliers'),
(1214, 1, 1, 'mini'),
(3, 1, 1, 'minigrip'),
(3070, 1, 1, 'minimum'),
(2800, 1, 1, 'mir'),
(2797, 1, 1, 'miroir'),
(96, 1, 1, 'mise'),
(3191, 1, 1, 'mmtare'),
(481, 1, 1, 'moadh'),
(1547, 1, 1, 'model'),
(3118, 1, 1, 'modele'),
(3168, 1, 1, 'modulable'),
(3253, 1, 1, 'moins'),
(3458, 1, 1, 'montage'),
(3154, 1, 1, 'montees'),
(1648, 1, 1, 'monter'),
(924, 1, 1, 'montes'),
(302, 1, 1, 'moon'),
(244, 1, 1, 'moonpak'),
(3164, 1, 1, 'moteurs'),
(778, 1, 1, 'mou'),
(1584, 1, 1, 'moule'),
(1675, 1, 1, 'moulee'),
(270, 1, 1, 'mousse'),
(513, 1, 1, 'mousse15mm'),
(777, 1, 1, 'mousseline'),
(784, 1, 1, 'mousselines'),
(424, 1, 1, 'moussse'),
(2852, 1, 1, 'moye'),
(3214, 1, 1, 'moyen'),
(2850, 1, 1, 'moyeux'),
(1590, 1, 1, 'mult'),
(1589, 1, 1, 'multicuisson'),
(157, 1, 1, 'multidirectionn'),
(1189, 1, 1, 'multim'),
(1504, 1, 1, 'multipack'),
(3042, 1, 1, 'multisurfaces'),
(3230, 1, 1, 'muni'),
(2910, 1, 1, 'mytoys'),
(1423, 1, 1, 'nappe'),
(2774, 1, 1, 'nat'),
(577, 1, 1, 'national'),
(2951, 1, 1, 'nature'),
(1408, 1, 1, 'naturel'),
(2773, 1, 1, 'naturelle'),
(288, 1, 1, 'necessaire'),
(1623, 1, 1, 'necessitant'),
(3470, 1, 1, 'net'),
(2894, 1, 1, 'nettoyage'),
(2893, 1, 1, 'nettoyant'),
(2296, 1, 1, 'neuf'),
(1032, 1, 1, 'neutre'),
(1604, 1, 1, 'neutre140'),
(3309, 1, 1, 'nimp'),
(3187, 1, 1, 'nimp15'),
(2989, 1, 1, 'noeux'),
(1229, 1, 1, 'noi'),
(43, 1, 1, 'noir'),
(1233, 1, 1, 'noir30'),
(1064, 1, 1, 'noire'),
(1383, 1, 1, 'noires'),
(2659, 1, 1, 'noirqualite'),
(3141, 1, 1, 'nombreux'),
(146, 1, 1, 'non'),
(1012, 1, 1, 'nonconf'),
(1978, 1, 1, 'norev'),
(3353, 1, 1, 'norme'),
(2691, 1, 1, 'nos'),
(2618, 1, 1, 'notamment'),
(2734, 1, 1, 'notre'),
(300, 1, 1, 'nous'),
(199, 1, 1, 'nylon'),
(1682, 1, 1, 'o10'),
(3086, 1, 1, 'objet'),
(204, 1, 1, 'objets'),
(3324, 1, 1, 'ocas'),
(3325, 1, 1, 'ocassion'),
(3323, 1, 1, 'occasion'),
(3175, 1, 1, 'occupe'),
(1382, 1, 1, 'octogonales'),
(3451, 1, 1, 'oeillet'),
(1587, 1, 1, 'oeuf'),
(1588, 1, 1, 'oeufs'),
(1830, 1, 1, 'offert'),
(3104, 1, 1, 'offre'),
(2877, 1, 1, 'offrir'),
(2971, 1, 1, 'oignons'),
(1489, 1, 1, 'ondable'),
(1533, 1, 1, 'ondablepassage'),
(815, 1, 1, 'ondule'),
(677, 1, 1, 'onu'),
(2630, 1, 1, 'opacite'),
(1111, 1, 1, 'opaque'),
(2631, 1, 1, 'optimale'),
(811, 1, 1, 'ora'),
(42, 1, 1, 'orange'),
(2900, 1, 1, 'osier'),
(819, 1, 1, 'oudule'),
(110, 1, 1, 'oui'),
(9, 1, 1, 'ouverture'),
(1649, 1, 1, 'ouvrir'),
(391, 1, 1, 'oxo'),
(375, 1, 1, 'pack'),
(2727, 1, 1, 'packs'),
(1375, 1, 1, 'paires'),
(243, 1, 1, 'pak'),
(1671, 1, 1, 'pal'),
(1054, 1, 1, 'palette'),
(729, 1, 1, 'palettes'),
(725, 1, 1, 'palettisables'),
(2633, 1, 1, 'palettisees'),
(2915, 1, 1, 'palmou'),
(3288, 1, 1, 'palper'),
(3083, 1, 1, 'panier'),
(948, 1, 1, 'pap'),
(762, 1, 1, 'papier'),
(3102, 1, 1, 'papiers'),
(1087, 1, 1, 'paquet'),
(23, 1, 1, 'paquets'),
(36, 1, 1, 'par'),
(3344, 1, 1, 'par10sachet'),
(1591, 1, 1, 'parafine'),
(1527, 1, 1, 'parce'),
(137, 1, 1, 'pare'),
(148, 1, 1, 'parefils'),
(3085, 1, 1, 'parfais'),
(3216, 1, 1, 'parfaite'),
(724, 1, 1, 'parfaitement'),
(2715, 1, 1, 'parois'),
(2807, 1, 1, 'particule'),
(266, 1, 1, 'particules'),
(3259, 1, 1, 'particulieremen'),
(3101, 1, 1, 'partir'),
(790, 1, 1, 'pas'),
(1490, 1, 1, 'passage'),
(3338, 1, 1, 'pastel'),
(1655, 1, 1, 'pate'),
(1536, 1, 1, 'pates'),
(2559, 1, 1, 'patisserie'),
(1627, 1, 1, 'patisseries'),
(3438, 1, 1, 'patte'),
(750, 1, 1, 'pc120x80'),
(753, 1, 1, 'pc2120x80'),
(751, 1, 1, 'pc6'),
(755, 1, 1, 'pc8'),
(1406, 1, 1, 'pcs'),
(79, 1, 1, 'pebd'),
(1260, 1, 1, 'pedb'),
(3319, 1, 1, 'pefctablier'),
(1088, 1, 1, 'pehd'),
(2917, 1, 1, 'pen'),
(673, 1, 1, 'penderie'),
(1250, 1, 1, 'perfo'),
(3105, 1, 1, 'perforations'),
(3333, 1, 1, 'periferique'),
(84, 1, 1, 'permet'),
(2692, 1, 1, 'permettent'),
(1161, 1, 1, 'pers'),
(1163, 1, 1, 'personne'),
(1459, 1, 1, 'pet'),
(3016, 1, 1, 'petit'),
(1401, 1, 1, 'petite'),
(61, 1, 1, 'petits'),
(284, 1, 1, 'peu'),
(3211, 1, 1, 'peut'),
(2704, 1, 1, 'pharmaceutique'),
(3314, 1, 1, 'pharmaceutiques'),
(3232, 1, 1, 'photo'),
(2743, 1, 1, 'picnic'),
(1555, 1, 1, 'piece'),
(564, 1, 1, 'pieces'),
(1409, 1, 1, 'pied'),
(2720, 1, 1, 'pin'),
(2753, 1, 1, 'piscine'),
(3114, 1, 1, 'pistolet'),
(1614, 1, 1, 'piz'),
(1635, 1, 1, 'pizza'),
(1633, 1, 1, 'pizzas'),
(500, 1, 1, 'pla'),
(3159, 1, 1, 'place'),
(2738, 1, 1, 'placer'),
(1171, 1, 1, 'places'),
(2876, 1, 1, 'plaisir'),
(3300, 1, 1, 'planches'),
(1911, 1, 1, 'planete'),
(473, 1, 1, 'plaque'),
(1744, 1, 1, 'plastifie'),
(1742, 1, 1, 'plastifiee'),
(1390, 1, 1, 'plastipack'),
(1495, 1, 1, 'plastipackcouve'),
(915, 1, 1, 'plastique'),
(2835, 1, 1, 'plastiques'),
(1070, 1, 1, 'plat'),
(1385, 1, 1, 'plate'),
(132, 1, 1, 'plateau'),
(2981, 1, 1, 'plateaux'),
(1630, 1, 1, 'plats'),
(3189, 1, 1, 'platvendu'),
(1435, 1, 1, 'pli'),
(127, 1, 1, 'pliable'),
(3157, 1, 1, 'pliables'),
(3182, 1, 1, 'pliante'),
(3152, 1, 1, 'pliantes'),
(2923, 1, 1, 'plie'),
(3173, 1, 1, 'pliee'),
(1438, 1, 1, 'plis'),
(479, 1, 1, 'plo'),
(477, 1, 1, 'plot'),
(3292, 1, 1, 'plots'),
(3059, 1, 1, 'pluie'),
(2582, 1, 1, 'plupart'),
(1358, 1, 1, 'plus'),
(320, 1, 1, 'poc'),
(482, 1, 1, 'poch'),
(1595, 1, 1, 'poches'),
(317, 1, 1, 'pochette'),
(1128, 1, 1, 'pochettes'),
(2232, 1, 1, 'pochon'),
(1776, 1, 1, 'pochons'),
(2701, 1, 1, 'poid'),
(171, 1, 1, 'poids'),
(2855, 1, 1, 'poig'),
(1080, 1, 1, 'poign'),
(1562, 1, 1, 'poignee'),
(2831, 1, 1, 'poignees'),
(1086, 1, 1, 'point'),
(502, 1, 1, 'pointe'),
(1312, 1, 1, 'poissonnerie'),
(3264, 1, 1, 'polyester'),
(1372, 1, 1, 'polyethyl'),
(198, 1, 1, 'polyethylene'),
(1665, 1, 1, 'polypropylene'),
(2699, 1, 1, 'polysthyrene'),
(249, 1, 1, 'polystyrene'),
(256, 1, 1, 'polyvalent'),
(2966, 1, 1, 'pomme'),
(2933, 1, 1, 'porte'),
(2572, 1, 1, 'pose'),
(292, 1, 1, 'possibilite'),
(919, 1, 1, 'possible'),
(427, 1, 1, 'postal'),
(543, 1, 1, 'postale'),
(1933, 1, 1, 'postales'),
(1114, 1, 1, 'postaux'),
(3000, 1, 1, 'pots'),
(1221, 1, 1, 'pou'),
(1225, 1, 1, 'poub'),
(1220, 1, 1, 'poubelle'),
(3350, 1, 1, 'poudrage'),
(2889, 1, 1, 'poudre'),
(1237, 1, 1, 'poup'),
(21, 1, 1, 'pour'),
(1697, 1, 1, 'pourl'),
(1177, 1, 1, 'pourraient'),
(153, 1, 1, 'pourtour'),
(1165, 1, 1, 'poussiere'),
(1660, 1, 1, 'ppe'),
(950, 1, 1, 'pph'),
(957, 1, 1, 'pps'),
(978, 1, 1, 'ppt'),
(3428, 1, 1, 'practicite'),
(2988, 1, 1, 'praline'),
(1592, 1, 1, 'prarafine'),
(91, 1, 1, 'praticite'),
(10, 1, 1, 'pratique'),
(3222, 1, 1, 'pratiques'),
(526, 1, 1, 'prd'),
(1239, 1, 1, 'pre'),
(507, 1, 1, 'pre1'),
(3276, 1, 1, 'precautions'),
(506, 1, 1, 'pred'),
(3460, 1, 1, 'predecoupees'),
(1167, 1, 1, 'predecoupes'),
(1353, 1, 1, 'prem'),
(1351, 1, 1, 'premium'),
(3277, 1, 1, 'prendre'),
(100, 1, 1, 'presentation'),
(2569, 1, 1, 'presente'),
(1238, 1, 1, 'pression'),
(1737, 1, 1, 'priceminister'),
(3181, 1, 1, 'prise'),
(215, 1, 1, 'prises'),
(3419, 1, 1, 'prive'),
(1507, 1, 1, 'prix'),
(990, 1, 1, 'pro'),
(255, 1, 1, 'produit'),
(62, 1, 1, 'produits'),
(3228, 1, 1, 'produitsune'),
(2681, 1, 1, 'professionnel'),
(1482, 1, 1, 'professionnelle'),
(3129, 1, 1, 'professionnels'),
(483, 1, 1, 'profile'),
(3405, 1, 1, 'profondeur'),
(565, 1, 1, 'proprietes'),
(2858, 1, 1, 'prot'),
(3099, 1, 1, 'protecteur'),
(185, 1, 1, 'protection'),
(203, 1, 1, 'protections'),
(68, 1, 1, 'protectrice'),
(226, 1, 1, 'protege'),
(3224, 1, 1, 'protegent'),
(258, 1, 1, 'proteger'),
(60, 1, 1, 'protegez'),
(455, 1, 1, 'pse'),
(503, 1, 1, 'ptcr'),
(1654, 1, 1, 'pure'),
(139, 1, 1, 'pvc'),
(2752, 1, 1, 'quad'),
(93, 1, 1, 'qualite'),
(1523, 1, 1, 'qualites'),
(287, 1, 1, 'quantite'),
(286, 1, 1, 'que'),
(220, 1, 1, 'qui'),
(319, 1, 1, 'r50'),
(160, 1, 1, 'rabattable'),
(1915, 1, 1, 'radable'),
(3050, 1, 1, 'rando'),
(162, 1, 1, 'rangement'),
(1669, 1, 1, 'ranger'),
(2771, 1, 1, 'raphia'),
(938, 1, 1, 'rapide'),
(2635, 1, 1, 'rapidement'),
(73, 1, 1, 'rayures'),
(580, 1, 1, 'rcv'),
(3461, 1, 1, 'realisation'),
(3208, 1, 1, 'realise'),
(1451, 1, 1, 'rec'),
(2561, 1, 1, 'recharge'),
(2619, 1, 1, 'recommande'),
(3279, 1, 1, 'recommandee'),
(3435, 1, 1, 'recouvertes'),
(3134, 1, 1, 'recouvrant'),
(1585, 1, 1, 'rectang'),
(1450, 1, 1, 'rectangulaire'),
(1097, 1, 1, 'recto'),
(278, 1, 1, 'recyclable'),
(3320, 1, 1, 'recyclables'),
(3298, 1, 1, 'recyclablesplan'),
(3136, 1, 1, 'recycle'),
(1653, 1, 1, 'recyclee'),
(3297, 1, 1, 'recyclees'),
(3103, 1, 1, 'recycles'),
(886, 1, 1, 'redou'),
(885, 1, 1, 'redoute'),
(3280, 1, 1, 'reducteur'),
(64, 1, 1, 'reduit'),
(457, 1, 1, 'ref'),
(1578, 1, 1, 'ref174071'),
(311, 1, 1, 'reference'),
(2730, 1, 1, 'refrigerants'),
(3116, 1, 1, 'reglable'),
(3185, 1, 1, 'reglementation'),
(2568, 1, 1, 'regrouper'),
(2954, 1, 1, 'rehausse'),
(3145, 1, 1, 'rehausses'),
(2956, 1, 1, 'rehp'),
(3437, 1, 1, 'remplissage'),
(3351, 1, 1, 'rend'),
(918, 1, 1, 'renforcee'),
(3242, 1, 1, 'renforcees'),
(3454, 1, 1, 'renforcement'),
(460, 1, 1, 'renfort'),
(3439, 1, 1, 'repositionnable'),
(572, 1, 1, 'resistance'),
(149, 1, 1, 'resistant'),
(3444, 1, 1, 'resistant1'),
(1487, 1, 1, 'resistantes'),
(1480, 1, 1, 'resistantescong'),
(3090, 1, 1, 'resistantroulea'),
(3184, 1, 1, 'respectant'),
(2693, 1, 1, 'respecter'),
(1095, 1, 1, 'resy'),
(3420, 1, 1, 'retire'),
(3161, 1, 1, 'retour'),
(1666, 1, 1, 'reutilisable'),
(2708, 1, 1, 'reutilisables'),
(3171, 1, 1, 'reutiliser'),
(134, 1, 1, 'revetement'),
(2718, 1, 1, 'rigide'),
(3056, 1, 1, 'rigides'),
(3462, 1, 1, 'rigidite'),
(3122, 1, 1, 'rl50x502'),
(1137, 1, 1, 'rlde'),
(1429, 1, 1, 'rlouleau'),
(346, 1, 1, 'rlx'),
(3183, 1, 1, 'robuste'),
(3463, 1, 1, 'robustesse'),
(416, 1, 1, 'rom'),
(1586, 1, 1, 'rond'),
(1540, 1, 1, 'ronde'),
(40, 1, 1, 'rose'),
(1572, 1, 1, 'roti'),
(3128, 1, 1, 'rotisseurs'),
(812, 1, 1, 'rou'),
(1024, 1, 1, 'roug'),
(45, 1, 1, 'rouge'),
(2668, 1, 1, 'rougequalite'),
(2861, 1, 1, 'roul'),
(939, 1, 1, 'roule'),
(37, 1, 1, 'rouleau'),
(521, 1, 1, 'rouleaux'),
(140, 1, 1, 'roulettes'),
(2284, 1, 1, 'rub'),
(2283, 1, 1, 'rubalise'),
(952, 1, 1, 'ruban'),
(2486, 1, 1, 'rubans'),
(78, 1, 1, 'sac'),
(1307, 1, 1, 'sacb'),
(101, 1, 1, 'sachet'),
(1217, 1, 1, 'sachetpebd'),
(1, 1, 1, 'sachets'),
(3379, 1, 1, 'sachetsdes'),
(1311, 1, 1, 'sacp'),
(12, 1, 1, 'sacs'),
(3068, 1, 1, 'saillantes'),
(3096, 1, 1, 'saillants'),
(1511, 1, 1, 'salade'),
(1175, 1, 1, 'salissures'),
(1644, 1, 1, 'sand'),
(2959, 1, 1, 'sandow'),
(1643, 1, 1, 'sandwich'),
(279, 1, 1, 'sans'),
(3166, 1, 1, 'sapin'),
(3193, 1, 1, 'sapinmarque'),
(1444, 1, 1, 'sau'),
(3327, 1, 1, 'sauf'),
(2848, 1, 1, 'sav'),
(2107, 1, 1, 'sc10'),
(3251, 1, 1, 'sc20'),
(2467, 1, 1, 'scotch'),
(889, 1, 1, 'sct'),
(2896, 1, 1, 'seau'),
(459, 1, 1, 'sec'),
(456, 1, 1, 'securipack'),
(430, 1, 1, 'securise'),
(916, 1, 1, 'securisee'),
(3274, 1, 1, 'securisez'),
(959, 1, 1, 'securite'),
(3234, 1, 1, 'securitee'),
(2821, 1, 1, 'securiter'),
(3381, 1, 1, 'seimple'),
(1522, 1, 1, 'sekipac'),
(1531, 1, 1, 'sekipack'),
(2836, 1, 1, 'selon'),
(3332, 1, 1, 'semelles'),
(3265, 1, 1, 'sens'),
(71, 1, 1, 'sensibles'),
(3218, 1, 1, 'separation'),
(1434, 1, 1, 'ser'),
(1518, 1, 1, 'sert'),
(1436, 1, 1, 'serv'),
(1400, 1, 1, 'serviette'),
(156, 1, 1, 'ses'),
(1441, 1, 1, 'set'),
(2285, 1, 1, 'sig'),
(3202, 1, 1, 'signaler'),
(2282, 1, 1, 'signalisation'),
(141, 1, 1, 'silencieuses'),
(974, 1, 1, 'silencieux'),
(193, 1, 1, 'simple'),
(2842, 1, 1, 'simples'),
(2578, 1, 1, 'site'),
(1365, 1, 1, 'small'),
(1519, 1, 1, 'socle'),
(783, 1, 1, 'soie'),
(175, 1, 1, 'sol'),
(67, 1, 1, 'solide'),
(77, 1, 1, 'solidite'),
(3235, 1, 1, 'soliditee'),
(191, 1, 1, 'solution'),
(103, 1, 1, 'son'),
(727, 1, 1, 'sont'),
(3240, 1, 1, 'soudures'),
(1252, 1, 1, 'soufflet'),
(1565, 1, 1, 'soufflets'),
(1186, 1, 1, 'souflet'),
(223, 1, 1, 'souple'),
(196, 1, 1, 'souples'),
(3397, 1, 1, 'souplesse'),
(2570, 1, 1, 'sous'),
(3394, 1, 1, 'souvent'),
(38, 1, 1, 'special'),
(2170, 1, 1, 'speciale'),
(1172, 1, 1, 'specialement'),
(721, 1, 1, 'specifications'),
(932, 1, 1, 'spirale'),
(2209, 1, 1, 'spray'),
(2567, 1, 1, 'stabiliser'),
(730, 1, 1, 'stables'),
(254, 1, 1, 'standard'),
(944, 1, 1, 'standart'),
(3303, 1, 1, 'statique'),
(945, 1, 1, 'std'),
(3347, 1, 1, 'sterile'),
(966, 1, 1, 'stockage'),
(2636, 1, 1, 'stockees'),
(3170, 1, 1, 'stocker'),
(1826, 1, 1, 'stokage'),
(1418, 1, 1, 'strie'),
(3237, 1, 1, 'striees'),
(3066, 1, 1, 'stylo'),
(2712, 1, 1, 'suivant'),
(2518, 1, 1, 'super'),
(94, 1, 1, 'superbe'),
(1889, 1, 1, 'superieur'),
(1618, 1, 1, 'superieure'),
(567, 1, 1, 'superieures'),
(2998, 1, 1, 'superposable'),
(960, 1, 1, 'supplementaire'),
(956, 1, 1, 'support'),
(1000, 1, 1, 'supports'),
(152, 1, 1, 'sur'),
(1376, 1, 1, 'surchaussure'),
(3037, 1, 1, 'surchaussures'),
(3140, 1, 1, 'suremballage'),
(186, 1, 1, 'surface'),
(3396, 1, 1, 'surfaces'),
(3053, 1, 1, 'surgeles'),
(1178, 1, 1, 'survenir'),
(1626, 1, 1, 'sushis'),
(75, 1, 1, 'suspension'),
(2577, 1, 1, 'synchronisation'),
(3256, 1, 1, 'system'),
(105, 1, 1, 'systeme'),
(402, 1, 1, 't10'),
(1347, 1, 1, 'tab'),
(1346, 1, 1, 'tablier'),
(2974, 1, 1, 'tabliers'),
(891, 1, 1, 'tag'),
(65, 1, 1, 'taille'),
(3212, 1, 1, 'tant'),
(312, 1, 1, 'tare'),
(282, 1, 1, 'tasse'),
(277, 1, 1, 'technique'),
(787, 1, 1, 'teintee'),
(887, 1, 1, 'tele'),
(2710, 1, 1, 'temperature'),
(1002, 1, 1, 'temperatures'),
(2211, 1, 1, 'temporaire'),
(3082, 1, 1, 'temps'),
(2709, 1, 1, 'tenue'),
(2967, 1, 1, 'terre'),
(52, 1, 1, 'test'),
(53, 1, 1, 'test1'),
(3133, 1, 1, 'tete'),
(3121, 1, 1, 'texte'),
(2815, 1, 1, 'textile'),
(1420, 1, 1, 'thermo'),
(3415, 1, 1, 'thermoforme'),
(3198, 1, 1, 'tisse'),
(1029, 1, 1, 'toile'),
(1357, 1, 1, 'toilette'),
(2751, 1, 1, 'toiture'),
(1350, 1, 1, 'tork'),
(2702, 1, 1, 'total'),
(273, 1, 1, 'totalement'),
(782, 1, 1, 'tous'),
(167, 1, 1, 'tout'),
(3388, 1, 1, 'toute'),
(227, 1, 1, 'toutes'),
(2707, 1, 1, 'toxiques'),
(2906, 1, 1, 'toys'),
(1686, 1, 1, 'traction'),
(1498, 1, 1, 'trai'),
(3308, 1, 1, 'traitee'),
(1496, 1, 1, 'traiteur'),
(1525, 1, 1, 'traiteurs'),
(1483, 1, 1, 'traiteursbarque'),
(985, 1, 1, 'trame'),
(1204, 1, 1, 'tran'),
(977, 1, 1, 'trans'),
(3155, 1, 1, 'transforment'),
(1601, 1, 1, 'translucide'),
(1479, 1, 1, 'translucides'),
(975, 1, 1, 'transp'),
(1101, 1, 1, 'transpa'),
(2536, 1, 1, 'transparant'),
(95, 1, 1, 'transparence'),
(8, 1, 1, 'transparent'),
(1103, 1, 1, 'transparente'),
(3221, 1, 1, 'transparents'),
(3286, 1, 1, 'transperent'),
(163, 1, 1, 'transport'),
(3386, 1, 1, 'transporter'),
(1625, 1, 1, 'transportes'),
(3266, 1, 1, 'transports'),
(1027, 1, 1, 'transpt'),
(3204, 1, 1, 'travaux'),
(283, 1, 1, 'tres'),
(3199, 1, 1, 'tresse'),
(318, 1, 1, 'tri'),
(936, 1, 1, 'triangulaire'),
(894, 1, 1, 'triple'),
(74, 1, 1, 'trou'),
(911, 1, 1, 'tub'),
(161, 1, 1, 'tube'),
(2198, 1, 1, 'tubes'),
(396, 1, 1, 'tuf'),
(395, 1, 1, 'tuff'),
(1642, 1, 1, 'tulipe'),
(1134, 1, 1, 'turquoise'),
(1814, 1, 1, 'type'),
(999, 1, 1, 'types'),
(3089, 1, 1, 'ultra'),
(80, 1, 1, 'une'),
(3143, 1, 1, 'unes'),
(1446, 1, 1, 'unique'),
(233, 1, 1, 'unite'),
(1445, 1, 1, 'usage'),
(2193, 1, 1, 'utile'),
(169, 1, 1, 'utiles'),
(3406, 1, 1, 'utilie'),
(1481, 1, 1, 'utilisation'),
(1620, 1, 1, 'utilisations'),
(3126, 1, 1, 'utilise'),
(3395, 1, 1, 'utilisee'),
(2832, 1, 1, 'utiliser'),
(285, 1, 1, 'utilisez'),
(2912, 1, 1, 'vache'),
(1492, 1, 1, 'vaisselle'),
(781, 1, 1, 'valeur'),
(3007, 1, 1, 'valisette'),
(3044, 1, 1, 'vapo'),
(3043, 1, 1, 'vaporisateur'),
(3147, 1, 1, 'variable'),
(940, 1, 1, 'vci'),
(1184, 1, 1, 'vci127x88x6'),
(3080, 1, 1, 'vend'),
(232, 1, 1, 'vendu'),
(1524, 1, 1, 'vendues'),
(1657, 1, 1, 'vendur'),
(1554, 1, 1, 'vente'),
(2056, 1, 1, 'ver'),
(210, 1, 1, 'veritable'),
(1639, 1, 1, 'verr'),
(1641, 1, 1, 'verre'),
(3393, 1, 1, 'verrerie'),
(1638, 1, 1, 'verrine'),
(773, 1, 1, 'verrouil'),
(1652, 1, 1, 'version'),
(41, 1, 1, 'vert'),
(1083, 1, 1, 'verte'),
(582, 1, 1, 'verticale'),
(2675, 1, 1, 'vertqualite'),
(3457, 1, 1, 'vetements'),
(814, 1, 1, 'vgr'),
(222, 1, 1, 'vibrations'),
(3029, 1, 1, 'vide'),
(3392, 1, 1, 'video'),
(962, 1, 1, 'vieillissement'),
(770, 1, 1, 'vierge'),
(1422, 1, 1, 'vin'),
(2890, 1, 1, 'viny'),
(1368, 1, 1, 'vinyle'),
(2781, 1, 1, 'vio'),
(2780, 1, 1, 'violet'),
(3226, 1, 1, 'visibilite'),
(2754, 1, 1, 'voiture'),
(1977, 1, 1, 'voitures'),
(2716, 1, 1, 'volume'),
(1131, 1, 1, 'volumineux'),
(22, 1, 1, 'vos'),
(1174, 1, 1, 'votre'),
(3084, 1, 1, 'voulu'),
(83, 1, 1, 'vous'),
(2697, 1, 1, 'voyagent'),
(825, 1, 1, 'vr1'),
(3267, 1, 1, 'vrac'),
(3422, 1, 1, 'vraiment'),
(1185, 1, 1, 'vvci'),
(1916, 1, 1, 'x100'),
(2922, 1, 1, 'x110'),
(859, 1, 1, 'x120'),
(685, 1, 1, 'x150'),
(499, 1, 1, 'x20'),
(861, 1, 1, 'x200x100'),
(2934, 1, 1, 'x230'),
(650, 1, 1, 'x310'),
(2895, 1, 1, 'x33'),
(498, 1, 1, 'x380'),
(996, 1, 1, 'x48'),
(1183, 1, 1, 'x67'),
(838, 1, 1, 'x90'),
(1637, 1, 1, 'xz3028002av5334'),
(6, 1, 1, 'zip'),
(3229, 1, 1, 'zippratique'),
(3203, 1, 1, 'zones');

-- --------------------------------------------------------

--
-- Structure de la table `ps_sekeyword`
--

CREATE TABLE IF NOT EXISTS `ps_sekeyword` (
  `id_sekeyword` int(10) unsigned NOT NULL AUTO_INCREMENT,
  `id_shop` int(10) unsigned NOT NULL DEFAULT '1',
  `id_shop_group` int(10) unsigned NOT NULL DEFAULT '1',
  `keyword` varchar(256) NOT NULL,
  `date_add` datetime NOT NULL,
  PRIMARY KEY (`id_sekeyword`)
) ENGINE=InnoDB  DEFAULT CHARSET=utf8 AUTO_INCREMENT=3 ;

--
-- Contenu de la table `ps_sekeyword`
--

INSERT INTO `ps_sekeyword` (`id_sekeyword`, `id_shop`, `id_shop_group`, `keyword`, `date_add`) VALUES
(1, 1, 1, 'housse pebd', '2014-03-26 09:15:13'),
(2, 1, 1, 'housse pebd', '2014-03-26 09:15:17');

-- --------------------------------------------------------

--
-- Structure de la table `ps_shop`
--

CREATE TABLE IF NOT EXISTS `ps_shop` (
  `id_shop` int(11) unsigned NOT NULL AUTO_INCREMENT,
  `id_shop_group` int(11) unsigned NOT NULL,
  `name` varchar(64) NOT NULL,
  `id_category` int(11) unsigned NOT NULL DEFAULT '1',
  `id_theme` int(1) unsigned NOT NULL,
  `active` tinyint(1) NOT NULL DEFAULT '1',
  `deleted` tinyint(1) NOT NULL DEFAULT '0',
  PRIMARY KEY (`id_shop`),
  KEY `id_shop_group` (`id_shop_group`),
  KEY `id_category` (`id_category`),
  KEY `id_theme` (`id_theme`)
) ENGINE=InnoDB  DEFAULT CHARSET=utf8 AUTO_INCREMENT=2 ;

--
-- Contenu de la table `ps_shop`
--

INSERT INTO `ps_shop` (`id_shop`, `id_shop_group`, `name`, `id_category`, `id_theme`, `active`, `deleted`) VALUES
(1, 1, 'CBJ Diffusion', 2, 8, 1, 0);

-- --------------------------------------------------------

--
-- Structure de la table `ps_shop_group`
--

CREATE TABLE IF NOT EXISTS `ps_shop_group` (
  `id_shop_group` int(11) unsigned NOT NULL AUTO_INCREMENT,
  `name` varchar(64) NOT NULL,
  `share_customer` tinyint(1) NOT NULL,
  `share_order` tinyint(1) NOT NULL,
  `share_stock` tinyint(1) NOT NULL,
  `active` tinyint(1) NOT NULL DEFAULT '1',
  `deleted` tinyint(1) NOT NULL DEFAULT '0',
  PRIMARY KEY (`id_shop_group`)
) ENGINE=InnoDB  DEFAULT CHARSET=utf8 AUTO_INCREMENT=2 ;

--
-- Contenu de la table `ps_shop_group`
--

INSERT INTO `ps_shop_group` (`id_shop_group`, `name`, `share_customer`, `share_order`, `share_stock`, `active`, `deleted`) VALUES
(1, 'CBJ', 0, 0, 0, 1, 0);

-- --------------------------------------------------------

--
-- Structure de la table `ps_shop_url`
--

CREATE TABLE IF NOT EXISTS `ps_shop_url` (
  `id_shop_url` int(11) unsigned NOT NULL AUTO_INCREMENT,
  `id_shop` int(11) unsigned NOT NULL,
  `domain` varchar(150) NOT NULL,
  `domain_ssl` varchar(150) NOT NULL,
  `physical_uri` varchar(64) NOT NULL,
  `virtual_uri` varchar(64) NOT NULL,
  `main` tinyint(1) NOT NULL,
  `active` tinyint(1) NOT NULL,
  PRIMARY KEY (`id_shop_url`),
  UNIQUE KEY `full_shop_url` (`domain`,`physical_uri`,`virtual_uri`),
  UNIQUE KEY `full_shop_url_ssl` (`domain_ssl`,`physical_uri`,`virtual_uri`),
  KEY `id_shop` (`id_shop`)
) ENGINE=InnoDB  DEFAULT CHARSET=utf8 AUTO_INCREMENT=2 ;

--
-- Contenu de la table `ps_shop_url`
--

INSERT INTO `ps_shop_url` (`id_shop_url`, `id_shop`, `domain`, `domain_ssl`, `physical_uri`, `virtual_uri`, `main`, `active`) VALUES
(1, 1, 'cbjemballages.fr', 'cbjemballages.fr', '/', '', 1, 1);

-- --------------------------------------------------------

--
-- Structure de la table `ps_specific_price`
--

CREATE TABLE IF NOT EXISTS `ps_specific_price` (
  `id_specific_price` int(10) unsigned NOT NULL AUTO_INCREMENT,
  `id_specific_price_rule` int(11) unsigned NOT NULL,
  `id_cart` int(11) unsigned NOT NULL,
  `id_product` int(10) unsigned NOT NULL,
  `id_shop` int(11) unsigned NOT NULL DEFAULT '1',
  `id_shop_group` int(11) unsigned NOT NULL,
  `id_currency` int(10) unsigned NOT NULL,
  `id_country` int(10) unsigned NOT NULL,
  `id_group` int(10) unsigned NOT NULL,
  `id_customer` int(10) unsigned NOT NULL,
  `id_product_attribute` int(10) unsigned NOT NULL,
  `price` decimal(20,6) NOT NULL,
  `from_quantity` mediumint(8) unsigned NOT NULL,
  `reduction` decimal(20,6) NOT NULL,
  `reduction_type` enum('amount','percentage') NOT NULL,
  `from` datetime NOT NULL,
  `to` datetime NOT NULL,
  PRIMARY KEY (`id_specific_price`),
  KEY `id_product` (`id_product`,`id_shop`,`id_currency`,`id_country`,`id_group`,`id_customer`,`from_quantity`,`from`,`to`),
  KEY `from_quantity` (`from_quantity`),
  KEY `id_specific_price_rule` (`id_specific_price_rule`),
  KEY `id_cart` (`id_cart`)
) ENGINE=InnoDB  DEFAULT CHARSET=utf8 AUTO_INCREMENT=129 ;

--
-- Contenu de la table `ps_specific_price`
--

INSERT INTO `ps_specific_price` (`id_specific_price`, `id_specific_price_rule`, `id_cart`, `id_product`, `id_shop`, `id_shop_group`, `id_currency`, `id_country`, `id_group`, `id_customer`, `id_product_attribute`, `price`, `from_quantity`, `reduction`, `reduction_type`, `from`, `to`) VALUES
(6, 0, 0, 17, 0, 0, 0, 0, 0, 0, 0, -1.000000, 2, 0.250000, 'amount', '0000-00-00 00:00:00', '0000-00-00 00:00:00'),
(7, 0, 0, 17, 0, 0, 0, 0, 0, 0, 0, -1.000000, 5, 1.080000, 'amount', '0000-00-00 00:00:00', '0000-00-00 00:00:00'),
(10, 0, 0, 18, 0, 0, 0, 0, 0, 0, 0, -1.000000, 2, 0.200000, 'amount', '0000-00-00 00:00:00', '0000-00-00 00:00:00'),
(11, 0, 0, 21, 0, 0, 0, 0, 0, 0, 0, -1.000000, 1, 0.000000, 'amount', '0000-00-00 00:00:00', '0000-00-00 00:00:00'),
(14, 0, 0, 16, 0, 0, 1, 0, 0, 0, 0, -1.000000, 1, 0.750000, 'amount', '2013-12-18 17:21:28', '2013-12-20 00:00:00'),
(15, 0, 0, 15, 0, 0, 0, 0, 0, 0, 0, -1.000000, 10, 7.400000, 'amount', '0000-00-00 00:00:00', '0000-00-00 00:00:00'),
(24, 0, 0, 565, 0, 0, 0, 0, 0, 0, 0, -1.000000, 12, 0.090000, 'amount', '0000-00-00 00:00:00', '0000-00-00 00:00:00'),
(27, 0, 0, 428, 0, 0, 0, 0, 0, 0, 0, 0.060000, 480, 0.000000, 'amount', '0000-00-00 00:00:00', '0000-00-00 00:00:00'),
(28, 0, 0, 428, 0, 0, 0, 0, 0, 0, 0, 0.270000, 10, 0.000000, 'amount', '0000-00-00 00:00:00', '0000-00-00 00:00:00'),
(29, 0, 0, 428, 0, 0, 0, 0, 0, 0, 0, 0.250000, 48, 0.000000, 'amount', '0000-00-00 00:00:00', '0000-00-00 00:00:00'),
(30, 0, 0, 428, 0, 0, 0, 0, 0, 0, 0, 0.200000, 96, 0.000000, 'amount', '0000-00-00 00:00:00', '0000-00-00 00:00:00'),
(35, 0, 0, 877, 0, 0, 0, 0, 0, 0, 0, 0.190000, 100, 0.000000, 'amount', '0000-00-00 00:00:00', '0000-00-00 00:00:00'),
(36, 0, 0, 878, 0, 0, 0, 0, 0, 0, 0, 0.317500, 100, 0.000000, 'amount', '0000-00-00 00:00:00', '0000-00-00 00:00:00'),
(38, 0, 0, 911, 0, 0, 0, 0, 0, 0, 0, 2.080000, 10, 0.000000, 'amount', '0000-00-00 00:00:00', '0000-00-00 00:00:00'),
(39, 0, 0, 9900741, 0, 0, 0, 0, 0, 0, 0, 1.100000, 15, 0.000000, 'amount', '0000-00-00 00:00:00', '0000-00-00 00:00:00'),
(40, 0, 0, 9900741, 0, 0, 0, 0, 0, 0, 0, 1.000000, 42, 0.000000, 'amount', '0000-00-00 00:00:00', '0000-00-00 00:00:00'),
(41, 0, 0, 9900606, 0, 0, 0, 0, 0, 0, 0, 6.250000, 2, 0.000000, 'amount', '0000-00-00 00:00:00', '0000-00-00 00:00:00'),
(42, 0, 0, 9900606, 0, 0, 0, 0, 0, 0, 0, 5.830000, 4, 0.000000, 'amount', '0000-00-00 00:00:00', '0000-00-00 00:00:00'),
(43, 0, 0, 9900606, 0, 0, 0, 0, 0, 0, 0, 5.000000, 10, 0.000000, 'amount', '0000-00-00 00:00:00', '0000-00-00 00:00:00'),
(47, 0, 125, 9900724, 0, 0, 0, 0, 0, 0, 0, 6.400000, 1, 0.000000, 'amount', '0000-00-00 00:00:00', '0000-00-00 00:00:00'),
(51, 0, 0, 9900725, 0, 0, 0, 0, 0, 105, 0, 1.250000, 1, 0.000000, 'amount', '0000-00-00 00:00:00', '0000-00-00 00:00:00'),
(52, 0, 132, 9900738, 0, 0, 0, 0, 0, 106, 0, 1.500000, 1, 0.000000, 'amount', '0000-00-00 00:00:00', '0000-00-00 00:00:00'),
(53, 0, 132, 138, 0, 0, 0, 0, 0, 106, 0, 0.150000, 1, 0.000000, 'amount', '0000-00-00 00:00:00', '0000-00-00 00:00:00'),
(54, 0, 0, 9900736, 0, 0, 0, 0, 0, 106, 0, 1.250000, 1, 0.000000, 'amount', '0000-00-00 00:00:00', '0000-00-00 00:00:00'),
(70, 0, 0, 332, 0, 0, 0, 0, 0, 0, 0, 1.125000, 10, 0.000000, 'amount', '0000-00-00 00:00:00', '0000-00-00 00:00:00'),
(72, 0, 0, 905, 0, 0, 0, 0, 0, 0, 0, 0.170000, 50, 0.000000, 'amount', '0000-00-00 00:00:00', '0000-00-00 00:00:00'),
(73, 0, 0, 905, 0, 0, 0, 0, 0, 0, 0, 0.150000, 100, 0.000000, 'amount', '0000-00-00 00:00:00', '0000-00-00 00:00:00'),
(74, 0, 0, 571, 0, 0, 0, 0, 0, 0, 0, -1.000000, 1, 0.000000, 'amount', '0000-00-00 00:00:00', '0000-00-00 00:00:00'),
(111, 0, 0, 161, 0, 0, 0, 0, 0, 0, 0, 0.101960, 1000, 0.000000, 'amount', '0000-00-00 00:00:00', '0000-00-00 00:00:00'),
(112, 0, 0, 161, 0, 0, 0, 0, 0, 0, 0, 0.115525, 400, 0.000000, 'amount', '0000-00-00 00:00:00', '0000-00-00 00:00:00'),
(113, 0, 0, 161, 0, 0, 0, 0, 0, 0, 0, 0.116660, 500, 0.000000, 'amount', '0000-00-00 00:00:00', '0000-00-00 00:00:00'),
(114, 0, 0, 161, 0, 0, 0, 0, 0, 0, 0, 0.116600, 600, 0.000000, 'amount', '0000-00-00 00:00:00', '0000-00-00 00:00:00'),
(115, 0, 0, 161, 0, 0, 0, 0, 0, 0, 0, 0.116600, 700, 0.000000, 'amount', '0000-00-00 00:00:00', '0000-00-00 00:00:00'),
(116, 0, 0, 161, 0, 0, 0, 0, 0, 0, 0, 0.106250, 800, 0.000000, 'amount', '0000-00-00 00:00:00', '0000-00-00 00:00:00'),
(117, 0, 0, 161, 0, 0, 0, 0, 0, 0, 0, 0.101850, 900, 0.000000, 'amount', '0000-00-00 00:00:00', '0000-00-00 00:00:00'),
(118, 0, 0, 117, 0, 0, 0, 0, 0, 0, 0, 0.258350, 200, 0.000000, 'amount', '0000-00-00 00:00:00', '0000-00-00 00:00:00'),
(120, 0, 0, 117, 0, 0, 0, 0, 0, 0, 0, 0.258400, 50, 0.000000, 'amount', '0000-00-00 00:00:00', '0000-00-00 00:00:00'),
(121, 0, 0, 117, 0, 0, 0, 0, 0, 0, 0, 0.270000, 100, 0.000000, 'amount', '0000-00-00 00:00:00', '0000-00-00 00:00:00'),
(122, 0, 0, 184, 0, 0, 0, 0, 0, 0, 0, 0.099960, 300, 0.000000, 'amount', '0000-00-00 00:00:00', '0000-00-00 00:00:00'),
(123, 0, 0, 184, 0, 0, 0, 0, 0, 0, 0, 0.116650, 200, 0.000000, 'amount', '0000-00-00 00:00:00', '0000-00-00 00:00:00'),
(124, 0, 0, 184, 0, 0, 0, 0, 0, 0, 0, 0.092475, 400, 0.000000, 'amount', '0000-00-00 00:00:00', '0000-00-00 00:00:00'),
(125, 0, 0, 184, 0, 0, 0, 0, 0, 0, 0, 0.088320, 500, 0.000000, 'amount', '0000-00-00 00:00:00', '0000-00-00 00:00:00'),
(126, 0, 0, 184, 0, 0, 0, 0, 0, 0, 0, 0.081670, 1000, 0.000000, 'amount', '0000-00-00 00:00:00', '0000-00-00 00:00:00');

-- --------------------------------------------------------

--
-- Structure de la table `ps_specific_price_priority`
--

CREATE TABLE IF NOT EXISTS `ps_specific_price_priority` (
  `id_specific_price_priority` int(11) NOT NULL AUTO_INCREMENT,
  `id_product` int(11) NOT NULL,
  `priority` varchar(80) NOT NULL,
  PRIMARY KEY (`id_specific_price_priority`,`id_product`),
  UNIQUE KEY `id_product` (`id_product`)
) ENGINE=InnoDB  DEFAULT CHARSET=utf8 AUTO_INCREMENT=2315 ;

--
-- Contenu de la table `ps_specific_price_priority`
--

INSERT INTO `ps_specific_price_priority` (`id_specific_price_priority`, `id_product`, `priority`) VALUES
(6, 9, 'id_shop;id_currency;id_country;id_group'),
(10, 11, 'id_shop;id_currency;id_country;id_group'),
(12, 10, 'id_shop;id_currency;id_country;id_group'),
(115, 14, 'id_shop;id_currency;id_country;id_group'),
(145, 15, 'id_shop;id_currency;id_country;id_group'),
(146, 16, 'id_shop;id_currency;id_country;id_group'),
(162, 17, 'id_shop;id_currency;id_country;id_group'),
(173, 18, 'id_shop;id_currency;id_country;id_group'),
(190, 19, 'id_shop;id_currency;id_country;id_group'),
(199, 20, 'id_shop;id_currency;id_country;id_group'),
(202, 21, 'id_shop;id_currency;id_country;id_group'),
(206, 23, 'id_shop;id_currency;id_country;id_group'),
(209, 24, 'id_shop;id_currency;id_country;id_group'),
(222, 26, 'id_shop;id_currency;id_country;id_group'),
(241, 27, 'id_shop;id_currency;id_country;id_group'),
(272, 120, 'id_shop;id_currency;id_country;id_group'),
(273, 139, 'id_shop;id_currency;id_country;id_group'),
(281, 124, 'id_shop;id_currency;id_country;id_group'),
(282, 126, 'id_shop;id_currency;id_country;id_group'),
(283, 125, 'id_shop;id_currency;id_country;id_group'),
(285, 127, 'id_shop;id_currency;id_country;id_group'),
(288, 148, 'id_shop;id_currency;id_country;id_group'),
(291, 188, 'id_shop;id_currency;id_country;id_group'),
(297, 129, 'id_shop;id_currency;id_country;id_group'),
(298, 177, 'id_shop;id_currency;id_country;id_group'),
(299, 189, 'id_shop;id_currency;id_country;id_group'),
(300, 191, 'id_shop;id_currency;id_country;id_group'),
(304, 138, 'id_shop;id_currency;id_country;id_group'),
(305, 141, 'id_shop;id_currency;id_country;id_group'),
(307, 117, 'id_shop;id_currency;id_country;id_group'),
(308, 135, 'id_shop;id_currency;id_country;id_group'),
(309, 166, 'id_shop;id_currency;id_country;id_group'),
(311, 143, 'id_shop;id_currency;id_country;id_group'),
(312, 161, 'id_shop;id_currency;id_country;id_group'),
(313, 168, 'id_shop;id_currency;id_country;id_group'),
(315, 184, 'id_shop;id_currency;id_country;id_group'),
(317, 187, 'id_shop;id_currency;id_country;id_group'),
(318, 190, 'id_shop;id_currency;id_country;id_group'),
(335, 508, 'id_shop;id_currency;id_country;id_group'),
(337, 509, 'id_shop;id_currency;id_country;id_group'),
(338, 510, 'id_shop;id_currency;id_country;id_group'),
(339, 511, 'id_shop;id_currency;id_country;id_group'),
(340, 543, 'id_shop;id_currency;id_country;id_group'),
(343, 544, 'id_shop;id_currency;id_country;id_group'),
(359, 545, 'id_shop;id_currency;id_country;id_group'),
(360, 547, 'id_shop;id_currency;id_country;id_group'),
(361, 548, 'id_shop;id_currency;id_country;id_group'),
(362, 549, 'id_shop;id_currency;id_country;id_group'),
(364, 348, 'id_shop;id_currency;id_country;id_group'),
(365, 349, 'id_shop;id_currency;id_country;id_group'),
(366, 350, 'id_shop;id_currency;id_country;id_group'),
(367, 351, 'id_shop;id_currency;id_country;id_group'),
(368, 352, 'id_shop;id_currency;id_country;id_group'),
(369, 353, 'id_shop;id_currency;id_country;id_group'),
(370, 354, 'id_shop;id_currency;id_country;id_group'),
(371, 355, 'id_shop;id_currency;id_country;id_group'),
(372, 367, 'id_shop;id_currency;id_country;id_group'),
(373, 373, 'id_shop;id_currency;id_country;id_group'),
(374, 375, 'id_shop;id_currency;id_country;id_group'),
(375, 376, 'id_shop;id_currency;id_country;id_group'),
(376, 378, 'id_shop;id_currency;id_country;id_group'),
(377, 384, 'id_shop;id_currency;id_country;id_group'),
(378, 471, 'id_shop;id_currency;id_country;id_group'),
(379, 472, 'id_shop;id_currency;id_country;id_group'),
(380, 473, 'id_shop;id_currency;id_country;id_group'),
(382, 474, 'id_shop;id_currency;id_country;id_group'),
(383, 477, 'id_shop;id_currency;id_country;id_group'),
(384, 476, 'id_shop;id_currency;id_country;id_group'),
(386, 478, 'id_shop;id_currency;id_country;id_group'),
(387, 480, 'id_shop;id_currency;id_country;id_group'),
(388, 483, 'id_shop;id_currency;id_country;id_group'),
(390, 485, 'id_shop;id_currency;id_country;id_group'),
(391, 487, 'id_shop;id_currency;id_country;id_group'),
(392, 488, 'id_shop;id_currency;id_country;id_group'),
(393, 506, 'id_shop;id_currency;id_country;id_group'),
(394, 512, 'id_shop;id_currency;id_country;id_group'),
(395, 517, 'id_shop;id_currency;id_country;id_group'),
(396, 590, 'id_shop;id_currency;id_country;id_group'),
(397, 387, 'id_shop;id_currency;id_country;id_group'),
(398, 385, 'id_shop;id_currency;id_country;id_group'),
(400, 372, 'id_shop;id_currency;id_country;id_group'),
(401, 513, 'id_shop;id_currency;id_country;id_group'),
(405, 507, 'id_shop;id_currency;id_country;id_group'),
(406, 504, 'id_shop;id_currency;id_country;id_group'),
(407, 505, 'id_shop;id_currency;id_country;id_group'),
(408, 503, 'id_shop;id_currency;id_country;id_group'),
(410, 516, 'id_shop;id_currency;id_country;id_group'),
(411, 515, 'id_shop;id_currency;id_country;id_group'),
(412, 475, 'id_shop;id_currency;id_country;id_group'),
(413, 482, 'id_shop;id_currency;id_country;id_group'),
(414, 479, 'id_shop;id_currency;id_country;id_group'),
(417, 486, 'id_shop;id_currency;id_country;id_group'),
(418, 489, 'id_shop;id_currency;id_country;id_group'),
(420, 490, 'id_shop;id_currency;id_country;id_group'),
(421, 491, 'id_shop;id_currency;id_country;id_group'),
(422, 492, 'id_shop;id_currency;id_country;id_group'),
(423, 493, 'id_shop;id_currency;id_country;id_group'),
(424, 494, 'id_shop;id_currency;id_country;id_group'),
(425, 495, 'id_shop;id_currency;id_country;id_group'),
(426, 496, 'id_shop;id_currency;id_country;id_group'),
(427, 497, 'id_shop;id_currency;id_country;id_group'),
(428, 500, 'id_shop;id_currency;id_country;id_group'),
(429, 499, 'id_shop;id_currency;id_country;id_group'),
(430, 498, 'id_shop;id_currency;id_country;id_group'),
(431, 534, 'id_shop;id_currency;id_country;id_group'),
(432, 535, 'id_shop;id_currency;id_country;id_group'),
(433, 533, 'id_shop;id_currency;id_country;id_group'),
(434, 530, 'id_shop;id_currency;id_country;id_group'),
(435, 531, 'id_shop;id_currency;id_country;id_group'),
(436, 532, 'id_shop;id_currency;id_country;id_group'),
(437, 529, 'id_shop;id_currency;id_country;id_group'),
(438, 527, 'id_shop;id_currency;id_country;id_group'),
(439, 528, 'id_shop;id_currency;id_country;id_group'),
(445, 565, 'id_shop;id_currency;id_country;id_group'),
(446, 568, 'id_shop;id_currency;id_country;id_group'),
(447, 567, 'id_shop;id_currency;id_country;id_group'),
(448, 597, 'id_shop;id_currency;id_country;id_group'),
(449, 598, 'id_shop;id_currency;id_country;id_group'),
(450, 581, 'id_shop;id_currency;id_country;id_group'),
(452, 582, 'id_shop;id_currency;id_country;id_group'),
(453, 583, 'id_shop;id_currency;id_country;id_group'),
(454, 584, 'id_shop;id_currency;id_country;id_group'),
(456, 585, 'id_shop;id_currency;id_country;id_group'),
(457, 586, 'id_shop;id_currency;id_country;id_group'),
(458, 591, 'id_shop;id_currency;id_country;id_group'),
(459, 606, 'id_shop;id_currency;id_country;id_group'),
(460, 607, 'id_shop;id_currency;id_country;id_group'),
(461, 604, 'id_shop;id_currency;id_country;id_group'),
(464, 571, 'id_shop;id_currency;id_country;id_group'),
(465, 601, 'id_shop;id_currency;id_country;id_group'),
(467, 602, 'id_shop;id_currency;id_country;id_group'),
(474, 379, 'id_shop;id_currency;id_country;id_group'),
(475, 380, 'id_shop;id_currency;id_country;id_group'),
(476, 381, 'id_shop;id_currency;id_country;id_group'),
(477, 382, 'id_shop;id_currency;id_country;id_group'),
(478, 383, 'id_shop;id_currency;id_country;id_group'),
(479, 389, 'id_shop;id_currency;id_country;id_group'),
(480, 388, 'id_shop;id_currency;id_country;id_group'),
(481, 386, 'id_shop;id_currency;id_country;id_group'),
(482, 358, 'id_shop;id_currency;id_country;id_group'),
(483, 361, 'id_shop;id_currency;id_country;id_group'),
(484, 362, 'id_shop;id_currency;id_country;id_group'),
(485, 364, 'id_shop;id_currency;id_country;id_group'),
(487, 518, 'id_shop;id_currency;id_country;id_group'),
(489, 519, 'id_shop;id_currency;id_country;id_group'),
(490, 520, 'id_shop;id_currency;id_country;id_group'),
(491, 521, 'id_shop;id_currency;id_country;id_group'),
(492, 522, 'id_shop;id_currency;id_country;id_group'),
(494, 484, 'id_shop;id_currency;id_country;id_group'),
(495, 433, 'id_shop;id_currency;id_country;id_group'),
(496, 434, 'id_shop;id_currency;id_country;id_group'),
(497, 435, 'id_shop;id_currency;id_country;id_group'),
(498, 436, 'id_shop;id_currency;id_country;id_group'),
(499, 437, 'id_shop;id_currency;id_country;id_group'),
(500, 427, 'id_shop;id_currency;id_country;id_group'),
(501, 428, 'id_shop;id_currency;id_country;id_group'),
(502, 430, 'id_shop;id_currency;id_country;id_group'),
(503, 431, 'id_shop;id_currency;id_country;id_group'),
(504, 432, 'id_shop;id_currency;id_country;id_group'),
(505, 429, 'id_shop;id_currency;id_country;id_group'),
(512, 1773, 'id_shop;id_currency;id_country;id_group'),
(513, 395, 'id_shop;id_currency;id_country;id_group'),
(515, 396, 'id_shop;id_currency;id_country;id_group'),
(516, 397, 'id_shop;id_currency;id_country;id_group'),
(518, 398, 'id_shop;id_currency;id_country;id_group'),
(519, 400, 'id_shop;id_currency;id_country;id_group'),
(520, 399, 'id_shop;id_currency;id_country;id_group'),
(524, 402, 'id_shop;id_currency;id_country;id_group'),
(525, 403, 'id_shop;id_currency;id_country;id_group'),
(526, 405, 'id_shop;id_currency;id_country;id_group'),
(527, 406, 'id_shop;id_currency;id_country;id_group'),
(528, 404, 'id_shop;id_currency;id_country;id_group'),
(529, 407, 'id_shop;id_currency;id_country;id_group'),
(530, 409, 'id_shop;id_currency;id_country;id_group'),
(531, 408, 'id_shop;id_currency;id_country;id_group'),
(532, 204, 'id_shop;id_currency;id_country;id_group'),
(533, 201, 'id_shop;id_currency;id_country;id_group'),
(535, 208, 'id_shop;id_currency;id_country;id_group'),
(536, 207, 'id_shop;id_currency;id_country;id_group'),
(537, 206, 'id_shop;id_currency;id_country;id_group'),
(538, 205, 'id_shop;id_currency;id_country;id_group'),
(539, 648, 'id_shop;id_currency;id_country;id_group'),
(540, 649, 'id_shop;id_currency;id_country;id_group'),
(541, 650, 'id_shop;id_currency;id_country;id_group'),
(542, 651, 'id_shop;id_currency;id_country;id_group'),
(543, 273, 'id_shop;id_currency;id_country;id_group'),
(544, 272, 'id_shop;id_currency;id_country;id_group'),
(545, 274, 'id_shop;id_currency;id_country;id_group'),
(547, 360, 'id_shop;id_currency;id_country;id_group'),
(548, 359, 'id_shop;id_currency;id_country;id_group'),
(552, 356, 'id_shop;id_currency;id_country;id_group'),
(553, 357, 'id_shop;id_currency;id_country;id_group'),
(555, 347, 'id_shop;id_currency;id_country;id_group'),
(556, 346, 'id_shop;id_currency;id_country;id_group'),
(557, 343, 'id_shop;id_currency;id_country;id_group'),
(558, 344, 'id_shop;id_currency;id_country;id_group'),
(559, 345, 'id_shop;id_currency;id_country;id_group'),
(560, 341, 'id_shop;id_currency;id_country;id_group'),
(561, 340, 'id_shop;id_currency;id_country;id_group'),
(562, 339, 'id_shop;id_currency;id_country;id_group'),
(563, 338, 'id_shop;id_currency;id_country;id_group'),
(564, 342, 'id_shop;id_currency;id_country;id_group'),
(565, 337, 'id_shop;id_currency;id_country;id_group'),
(566, 336, 'id_shop;id_currency;id_country;id_group'),
(567, 334, 'id_shop;id_currency;id_country;id_group'),
(568, 335, 'id_shop;id_currency;id_country;id_group'),
(569, 333, 'id_shop;id_currency;id_country;id_group'),
(570, 332, 'id_shop;id_currency;id_country;id_group'),
(571, 331, 'id_shop;id_currency;id_country;id_group'),
(572, 330, 'id_shop;id_currency;id_country;id_group'),
(573, 329, 'id_shop;id_currency;id_country;id_group'),
(574, 374, 'id_shop;id_currency;id_country;id_group'),
(575, 369, 'id_shop;id_currency;id_country;id_group'),
(576, 324, 'id_shop;id_currency;id_country;id_group'),
(577, 325, 'id_shop;id_currency;id_country;id_group'),
(578, 326, 'id_shop;id_currency;id_country;id_group'),
(580, 327, 'id_shop;id_currency;id_country;id_group'),
(581, 328, 'id_shop;id_currency;id_country;id_group'),
(585, 363, 'id_shop;id_currency;id_country;id_group'),
(586, 318, 'id_shop;id_currency;id_country;id_group'),
(587, 319, 'id_shop;id_currency;id_country;id_group'),
(588, 320, 'id_shop;id_currency;id_country;id_group'),
(589, 321, 'id_shop;id_currency;id_country;id_group'),
(590, 322, 'id_shop;id_currency;id_country;id_group'),
(591, 323, 'id_shop;id_currency;id_country;id_group'),
(592, 317, 'id_shop;id_currency;id_country;id_group'),
(593, 316, 'id_shop;id_currency;id_country;id_group'),
(594, 315, 'id_shop;id_currency;id_country;id_group'),
(595, 314, 'id_shop;id_currency;id_country;id_group'),
(596, 313, 'id_shop;id_currency;id_country;id_group'),
(597, 312, 'id_shop;id_currency;id_country;id_group'),
(598, 310, 'id_shop;id_currency;id_country;id_group'),
(599, 311, 'id_shop;id_currency;id_country;id_group'),
(600, 307, 'id_shop;id_currency;id_country;id_group'),
(601, 308, 'id_shop;id_currency;id_country;id_group'),
(602, 309, 'id_shop;id_currency;id_country;id_group'),
(603, 291, 'id_shop;id_currency;id_country;id_group'),
(604, 368, 'id_shop;id_currency;id_country;id_group'),
(615, 523, 'id_shop;id_currency;id_country;id_group'),
(617, 524, 'id_shop;id_currency;id_country;id_group'),
(618, 526, 'id_shop;id_currency;id_country;id_group'),
(619, 525, 'id_shop;id_currency;id_country;id_group'),
(623, 546, 'id_shop;id_currency;id_country;id_group'),
(625, 542, 'id_shop;id_currency;id_country;id_group'),
(626, 541, 'id_shop;id_currency;id_country;id_group'),
(628, 798, 'id_shop;id_currency;id_country;id_group'),
(629, 799, 'id_shop;id_currency;id_country;id_group'),
(630, 803, 'id_shop;id_currency;id_country;id_group'),
(631, 804, 'id_shop;id_currency;id_country;id_group'),
(632, 800, 'id_shop;id_currency;id_country;id_group'),
(635, 805, 'id_shop;id_currency;id_country;id_group'),
(636, 817, 'id_shop;id_currency;id_country;id_group'),
(637, 791, 'id_shop;id_currency;id_country;id_group'),
(638, 815, 'id_shop;id_currency;id_country;id_group'),
(639, 814, 'id_shop;id_currency;id_country;id_group'),
(641, 790, 'id_shop;id_currency;id_country;id_group'),
(642, 792, 'id_shop;id_currency;id_country;id_group'),
(643, 793, 'id_shop;id_currency;id_country;id_group'),
(644, 794, 'id_shop;id_currency;id_country;id_group'),
(645, 795, 'id_shop;id_currency;id_country;id_group'),
(646, 796, 'id_shop;id_currency;id_country;id_group'),
(647, 797, 'id_shop;id_currency;id_country;id_group'),
(648, 701, 'id_shop;id_currency;id_country;id_group'),
(649, 700, 'id_shop;id_currency;id_country;id_group'),
(650, 699, 'id_shop;id_currency;id_country;id_group'),
(651, 693, 'id_shop;id_currency;id_country;id_group'),
(652, 692, 'id_shop;id_currency;id_country;id_group'),
(653, 691, 'id_shop;id_currency;id_country;id_group'),
(654, 694, 'id_shop;id_currency;id_country;id_group'),
(655, 702, 'id_shop;id_currency;id_country;id_group'),
(656, 695, 'id_shop;id_currency;id_country;id_group'),
(657, 696, 'id_shop;id_currency;id_country;id_group'),
(658, 697, 'id_shop;id_currency;id_country;id_group'),
(659, 698, 'id_shop;id_currency;id_country;id_group'),
(660, 689, 'id_shop;id_currency;id_country;id_group'),
(661, 690, 'id_shop;id_currency;id_country;id_group'),
(692, 827, 'id_shop;id_currency;id_country;id_group'),
(693, 879, 'id_shop;id_currency;id_country;id_group'),
(694, 898, 'id_shop;id_currency;id_country;id_group'),
(695, 880, 'id_shop;id_currency;id_country;id_group'),
(696, 855, 'id_shop;id_currency;id_country;id_group'),
(697, 911, 'id_shop;id_currency;id_country;id_group'),
(698, 862, 'id_shop;id_currency;id_country;id_group'),
(699, 864, 'id_shop;id_currency;id_country;id_group'),
(700, 863, 'id_shop;id_currency;id_country;id_group'),
(701, 887, 'id_shop;id_currency;id_country;id_group'),
(702, 888, 'id_shop;id_currency;id_country;id_group'),
(703, 890, 'id_shop;id_currency;id_country;id_group'),
(704, 889, 'id_shop;id_currency;id_country;id_group'),
(707, 893, 'id_shop;id_currency;id_country;id_group'),
(708, 894, 'id_shop;id_currency;id_country;id_group'),
(709, 895, 'id_shop;id_currency;id_country;id_group'),
(710, 822, 'id_shop;id_currency;id_country;id_group'),
(711, 896, 'id_shop;id_currency;id_country;id_group'),
(712, 823, 'id_shop;id_currency;id_country;id_group'),
(713, 824, 'id_shop;id_currency;id_country;id_group'),
(714, 821, 'id_shop;id_currency;id_country;id_group'),
(715, 826, 'id_shop;id_currency;id_country;id_group'),
(716, 912, 'id_shop;id_currency;id_country;id_group'),
(717, 825, 'id_shop;id_currency;id_country;id_group'),
(718, 835, 'id_shop;id_currency;id_country;id_group'),
(722, 856, 'id_shop;id_currency;id_country;id_group'),
(724, 882, 'id_shop;id_currency;id_country;id_group'),
(725, 904, 'id_shop;id_currency;id_country;id_group'),
(726, 878, 'id_shop;id_currency;id_country;id_group'),
(727, 877, 'id_shop;id_currency;id_country;id_group'),
(728, 1686, 'id_shop;id_currency;id_country;id_group'),
(729, 885, 'id_shop;id_currency;id_country;id_group'),
(731, 857, 'id_shop;id_currency;id_country;id_group'),
(732, 830, 'id_shop;id_currency;id_country;id_group'),
(735, 831, 'id_shop;id_currency;id_country;id_group'),
(737, 470, 'id_shop;id_currency;id_country;id_group'),
(738, 366, 'id_shop;id_currency;id_country;id_group'),
(741, 410, 'id_shop;id_currency;id_country;id_group'),
(743, 481, 'id_shop;id_currency;id_country;id_group'),
(747, 553, 'id_shop;id_currency;id_country;id_group'),
(748, 552, 'id_shop;id_currency;id_country;id_group'),
(749, 551, 'id_shop;id_currency;id_country;id_group'),
(750, 550, 'id_shop;id_currency;id_country;id_group'),
(751, 557, 'id_shop;id_currency;id_country;id_group'),
(754, 566, 'id_shop;id_currency;id_country;id_group'),
(755, 9900482, 'id_shop;id_currency;id_country;id_group'),
(756, 9900481, 'id_shop;id_currency;id_country;id_group'),
(757, 9900480, 'id_shop;id_currency;id_country;id_group'),
(759, 9900530, 'id_shop;id_currency;id_country;id_group'),
(760, 9900529, 'id_shop;id_currency;id_country;id_group'),
(761, 9900528, 'id_shop;id_currency;id_country;id_group'),
(762, 9900527, 'id_shop;id_currency;id_country;id_group'),
(763, 9900526, 'id_shop;id_currency;id_country;id_group'),
(764, 9900531, 'id_shop;id_currency;id_country;id_group'),
(769, 777, 'id_shop;id_currency;id_country;id_group'),
(770, 9900475, 'id_shop;id_currency;id_country;id_group'),
(773, 149, 'id_shop;id_currency;id_country;id_group'),
(775, 667, 'id_shop;id_currency;id_country;id_group'),
(784, 9900504, 'id_shop;id_currency;id_country;id_group'),
(785, 152, 'id_shop;id_currency;id_country;id_group'),
(786, 771, 'id_shop;id_currency;id_country;id_group'),
(787, 758, 'id_shop;id_currency;id_country;id_group'),
(789, 9900569, 'id_shop;id_currency;id_country;id_group'),
(791, 9900567, 'id_shop;id_currency;id_country;id_group'),
(792, 9900571, 'id_shop;id_currency;id_country;id_group'),
(793, 9900572, 'id_shop;id_currency;id_country;id_group'),
(794, 9900568, 'id_shop;id_currency;id_country;id_group'),
(795, 9900570, 'id_shop;id_currency;id_country;id_group'),
(797, 9900500, 'id_shop;id_currency;id_country;id_group'),
(809, 668, 'id_shop;id_currency;id_country;id_group'),
(818, 9900579, 'id_shop;id_currency;id_country;id_group'),
(819, 9900137, 'id_shop;id_currency;id_country;id_group'),
(823, 9900725, 'id_shop;id_currency;id_country;id_group'),
(824, 9900586, 'id_shop;id_currency;id_country;id_group'),
(825, 9900592, 'id_shop;id_currency;id_country;id_group'),
(826, 9900554, 'id_shop;id_currency;id_country;id_group'),
(827, 9900585, 'id_shop;id_currency;id_country;id_group'),
(828, 9900574, 'id_shop;id_currency;id_country;id_group'),
(829, 9900593, 'id_shop;id_currency;id_country;id_group'),
(830, 9900575, 'id_shop;id_currency;id_country;id_group'),
(831, 9900563, 'id_shop;id_currency;id_country;id_group'),
(832, 9900595, 'id_shop;id_currency;id_country;id_group'),
(833, 9900564, 'id_shop;id_currency;id_country;id_group'),
(834, 9900577, 'id_shop;id_currency;id_country;id_group'),
(835, 9900596, 'id_shop;id_currency;id_country;id_group'),
(836, 9900565, 'id_shop;id_currency;id_country;id_group'),
(837, 9900566, 'id_shop;id_currency;id_country;id_group'),
(838, 9900560, 'id_shop;id_currency;id_country;id_group'),
(856, 9900573, 'id_shop;id_currency;id_country;id_group'),
(860, 9900561, 'id_shop;id_currency;id_country;id_group'),
(879, 9900562, 'id_shop;id_currency;id_country;id_group'),
(881, 9900587, 'id_shop;id_currency;id_country;id_group'),
(883, 9900580, 'id_shop;id_currency;id_country;id_group'),
(884, 9900588, 'id_shop;id_currency;id_country;id_group'),
(885, 9900594, 'id_shop;id_currency;id_country;id_group'),
(886, 9900581, 'id_shop;id_currency;id_country;id_group'),
(887, 9900576, 'id_shop;id_currency;id_country;id_group'),
(888, 9900589, 'id_shop;id_currency;id_country;id_group'),
(889, 9900582, 'id_shop;id_currency;id_country;id_group'),
(894, 9900590, 'id_shop;id_currency;id_country;id_group'),
(895, 9900583, 'id_shop;id_currency;id_country;id_group'),
(897, 9900591, 'id_shop;id_currency;id_country;id_group'),
(898, 9900578, 'id_shop;id_currency;id_country;id_group'),
(899, 9900597, 'id_shop;id_currency;id_country;id_group'),
(900, 9900584, 'id_shop;id_currency;id_country;id_group'),
(901, 9900546, 'id_shop;id_currency;id_country;id_group'),
(904, 9900548, 'id_shop;id_currency;id_country;id_group'),
(910, 9900549, 'id_shop;id_currency;id_country;id_group'),
(911, 9900555, 'id_shop;id_currency;id_country;id_group'),
(915, 9900550, 'id_shop;id_currency;id_country;id_group'),
(916, 9900556, 'id_shop;id_currency;id_country;id_group'),
(918, 9900551, 'id_shop;id_currency;id_country;id_group'),
(919, 9900557, 'id_shop;id_currency;id_country;id_group'),
(920, 9900552, 'id_shop;id_currency;id_country;id_group'),
(921, 9900558, 'id_shop;id_currency;id_country;id_group'),
(922, 9900553, 'id_shop;id_currency;id_country;id_group'),
(940, 9900726, 'id_shop;id_currency;id_country;id_group'),
(947, 9900559, 'id_shop;id_currency;id_country;id_group'),
(952, 9900728, 'id_shop;id_currency;id_country;id_group'),
(953, 9900547, 'id_shop;id_currency;id_country;id_group'),
(957, 9900644, 'id_shop;id_currency;id_country;id_group'),
(962, 9900643, 'id_shop;id_currency;id_country;id_group'),
(1011, 9900230, 'id_shop;id_currency;id_country;id_group'),
(1012, 9900231, 'id_shop;id_currency;id_country;id_group'),
(1013, 9900233, 'id_shop;id_currency;id_country;id_group'),
(1014, 9900237, 'id_shop;id_currency;id_country;id_group'),
(1015, 9900240, 'id_shop;id_currency;id_country;id_group'),
(1017, 9900242, 'id_shop;id_currency;id_country;id_group'),
(1018, 9900245, 'id_shop;id_currency;id_country;id_group'),
(1019, 9900229, 'id_shop;id_currency;id_country;id_group'),
(1020, 9900248, 'id_shop;id_currency;id_country;id_group'),
(1021, 9900234, 'id_shop;id_currency;id_country;id_group'),
(1022, 9900238, 'id_shop;id_currency;id_country;id_group'),
(1023, 9900243, 'id_shop;id_currency;id_country;id_group'),
(1024, 9900246, 'id_shop;id_currency;id_country;id_group'),
(1025, 9900249, 'id_shop;id_currency;id_country;id_group'),
(1026, 9900232, 'id_shop;id_currency;id_country;id_group'),
(1027, 9900239, 'id_shop;id_currency;id_country;id_group'),
(1028, 9900241, 'id_shop;id_currency;id_country;id_group'),
(1029, 9900244, 'id_shop;id_currency;id_country;id_group'),
(1030, 9900235, 'id_shop;id_currency;id_country;id_group'),
(1031, 9900247, 'id_shop;id_currency;id_country;id_group'),
(1032, 9900250, 'id_shop;id_currency;id_country;id_group'),
(1033, 9900730, 'id_shop;id_currency;id_country;id_group'),
(1034, 9900049, 'id_shop;id_currency;id_country;id_group'),
(1035, 9900731, 'id_shop;id_currency;id_country;id_group'),
(1036, 9900732, 'id_shop;id_currency;id_country;id_group'),
(1038, 9900357, 'id_shop;id_currency;id_country;id_group'),
(1040, 9900735, 'id_shop;id_currency;id_country;id_group'),
(1041, 9900736, 'id_shop;id_currency;id_country;id_group'),
(1042, 9900737, 'id_shop;id_currency;id_country;id_group'),
(1043, 9900738, 'id_shop;id_currency;id_country;id_group'),
(1051, 9900050, 'id_shop;id_currency;id_country;id_group'),
(1063, 869, 'id_shop;id_currency;id_country;id_group'),
(1066, 9900696, 'id_shop;id_currency;id_country;id_group'),
(1068, 868, 'id_shop;id_currency;id_country;id_group'),
(1072, 9900695, 'id_shop;id_currency;id_country;id_group'),
(1073, 9900698, 'id_shop;id_currency;id_country;id_group'),
(1102, 9900054, 'id_shop;id_currency;id_country;id_group'),
(1103, 9900724, 'id_shop;id_currency;id_country;id_group'),
(1110, 9900267, 'id_shop;id_currency;id_country;id_group'),
(1113, 9900268, 'id_shop;id_currency;id_country;id_group'),
(1116, 9900269, 'id_shop;id_currency;id_country;id_group'),
(1118, 9900270, 'id_shop;id_currency;id_country;id_group'),
(1125, 9900715, 'id_shop;id_currency;id_country;id_group'),
(1127, 9900598, 'id_shop;id_currency;id_country;id_group'),
(1128, 9900599, 'id_shop;id_currency;id_country;id_group'),
(1131, 9900741, 'id_shop;id_currency;id_country;id_group'),
(1137, 9900603, 'id_shop;id_currency;id_country;id_group'),
(1138, 9900604, 'id_shop;id_currency;id_country;id_group'),
(1139, 9900602, 'id_shop;id_currency;id_country;id_group'),
(1140, 9900601, 'id_shop;id_currency;id_country;id_group'),
(1141, 9900600, 'id_shop;id_currency;id_country;id_group'),
(1142, 9900606, 'id_shop;id_currency;id_country;id_group'),
(1150, 9900743, 'id_shop;id_currency;id_country;id_group'),
(1154, 20000, 'id_shop;id_currency;id_country;id_group'),
(1156, 9900744, 'id_shop;id_currency;id_country;id_group'),
(1157, 9900745, 'id_shop;id_currency;id_country;id_group'),
(1158, 9900746, 'id_shop;id_currency;id_country;id_group'),
(1172, 9900059, 'id_shop;id_currency;id_country;id_group'),
(1178, 164, 'id_shop;id_currency;id_country;id_group'),
(1181, 9900051, 'id_shop;id_currency;id_country;id_group'),
(1182, 9900052, 'id_shop;id_currency;id_country;id_group'),
(1183, 9900053, 'id_shop;id_currency;id_country;id_group'),
(1185, 9900055, 'id_shop;id_currency;id_country;id_group'),
(1186, 9900056, 'id_shop;id_currency;id_country;id_group'),
(1187, 9900057, 'id_shop;id_currency;id_country;id_group'),
(1188, 9900058, 'id_shop;id_currency;id_country;id_group'),
(1202, 9900748, 'id_shop;id_currency;id_country;id_group'),
(1204, 9900749, 'id_shop;id_currency;id_country;id_group'),
(1206, 9900066, 'id_shop;id_currency;id_country;id_group'),
(1208, 9900075, 'id_shop;id_currency;id_country;id_group'),
(1210, 9900157, 'id_shop;id_currency;id_country;id_group'),
(1213, 9900154, 'id_shop;id_currency;id_country;id_group'),
(1217, 776, 'id_shop;id_currency;id_country;id_group'),
(1219, 9900684, 'id_shop;id_currency;id_country;id_group'),
(1220, 9900512, 'id_shop;id_currency;id_country;id_group'),
(1222, 9900109, 'id_shop;id_currency;id_country;id_group'),
(1223, 9900651, 'id_shop;id_currency;id_country;id_group'),
(1224, 9900652, 'id_shop;id_currency;id_country;id_group'),
(1225, 9900750, 'id_shop;id_currency;id_country;id_group'),
(1227, 9900751, 'id_shop;id_currency;id_country;id_group'),
(1229, 9900158, 'id_shop;id_currency;id_country;id_group'),
(1232, 9900752, 'id_shop;id_currency;id_country;id_group'),
(1233, 171, 'id_shop;id_currency;id_country;id_group'),
(1235, 128, 'id_shop;id_currency;id_country;id_group'),
(1237, 9900128, 'id_shop;id_currency;id_country;id_group'),
(1240, 9900753, 'id_shop;id_currency;id_country;id_group'),
(1243, 9900754, 'id_shop;id_currency;id_country;id_group'),
(1256, 9900755, 'id_shop;id_currency;id_country;id_group'),
(1257, 9900756, 'id_shop;id_currency;id_country;id_group'),
(1259, 9900286, 'id_shop;id_currency;id_country;id_group'),
(1260, 9900285, 'id_shop;id_currency;id_country;id_group'),
(1264, 9900757, 'id_shop;id_currency;id_country;id_group'),
(1266, 9900288, 'id_shop;id_currency;id_country;id_group'),
(1268, 9900758, 'id_shop;id_currency;id_country;id_group'),
(1269, 9900293, 'id_shop;id_currency;id_country;id_group'),
(1270, 9900297, 'id_shop;id_currency;id_country;id_group'),
(1272, 9900759, 'id_shop;id_currency;id_country;id_group'),
(1273, 9900501, 'id_shop;id_currency;id_country;id_group'),
(1275, 9900502, 'id_shop;id_currency;id_country;id_group'),
(1276, 9900503, 'id_shop;id_currency;id_country;id_group'),
(1278, 9900761, 'id_shop;id_currency;id_country;id_group'),
(1279, 9900506, 'id_shop;id_currency;id_country;id_group'),
(1280, 9900507, 'id_shop;id_currency;id_country;id_group'),
(1281, 9900642, 'id_shop;id_currency;id_country;id_group'),
(1287, 9900762, 'id_shop;id_currency;id_country;id_group'),
(1290, 9900650, 'id_shop;id_currency;id_country;id_group'),
(1294, 9900073, 'id_shop;id_currency;id_country;id_group'),
(1297, 9900763, 'id_shop;id_currency;id_country;id_group'),
(1300, 9900086, 'id_shop;id_currency;id_country;id_group'),
(1308, 9900672, 'id_shop;id_currency;id_country;id_group'),
(1311, 9900674, 'id_shop;id_currency;id_country;id_group'),
(1312, 9900764, 'id_shop;id_currency;id_country;id_group'),
(1313, 9900673, 'id_shop;id_currency;id_country;id_group'),
(1314, 9900675, 'id_shop;id_currency;id_country;id_group'),
(1315, 9900141, 'id_shop;id_currency;id_country;id_group'),
(1317, 9900138, 'id_shop;id_currency;id_country;id_group'),
(1319, 9900080, 'id_shop;id_currency;id_country;id_group'),
(1322, 9900393, 'id_shop;id_currency;id_country;id_group'),
(1323, 9900395, 'id_shop;id_currency;id_country;id_group'),
(1324, 9900389, 'id_shop;id_currency;id_country;id_group'),
(1329, 9900340, 'id_shop;id_currency;id_country;id_group'),
(1330, 9900456, 'id_shop;id_currency;id_country;id_group'),
(1332, 9900116, 'id_shop;id_currency;id_country;id_group'),
(1335, 9900493, 'id_shop;id_currency;id_country;id_group'),
(1336, 9900020, 'id_shop;id_currency;id_country;id_group'),
(1337, 9900338, 'id_shop;id_currency;id_country;id_group'),
(1338, 9900060, 'id_shop;id_currency;id_country;id_group'),
(1341, 9900017, 'id_shop;id_currency;id_country;id_group'),
(1347, 9900065, 'id_shop;id_currency;id_country;id_group'),
(1351, 9900383, 'id_shop;id_currency;id_country;id_group'),
(1352, 746, 'id_shop;id_currency;id_country;id_group'),
(1353, 9900633, 'id_shop;id_currency;id_country;id_group'),
(1354, 9900525, 'id_shop;id_currency;id_country;id_group'),
(1355, 592, 'id_shop;id_currency;id_country;id_group'),
(1362, 9900489, 'id_shop;id_currency;id_country;id_group'),
(1364, 9900491, 'id_shop;id_currency;id_country;id_group'),
(1370, 9900765, 'id_shop;id_currency;id_country;id_group'),
(1383, 9900012, 'id_shop;id_currency;id_country;id_group'),
(1384, 9900370, 'id_shop;id_currency;id_country;id_group'),
(1388, 9900125, 'id_shop;id_currency;id_country;id_group'),
(1391, 9900018, 'id_shop;id_currency;id_country;id_group'),
(1392, 9900433, 'id_shop;id_currency;id_country;id_group'),
(1393, 9900766, 'id_shop;id_currency;id_country;id_group'),
(1398, 9900412, 'id_shop;id_currency;id_country;id_group'),
(1406, 9900038, 'id_shop;id_currency;id_country;id_group'),
(1408, 9900374, 'id_shop;id_currency;id_country;id_group'),
(1409, 9900007, 'id_shop;id_currency;id_country;id_group'),
(1411, 9900683, 'id_shop;id_currency;id_country;id_group'),
(1412, 9900074, 'id_shop;id_currency;id_country;id_group'),
(1440, 9900767, 'id_shop;id_currency;id_country;id_group'),
(1442, 9900432, 'id_shop;id_currency;id_country;id_group'),
(1444, 9900070, 'id_shop;id_currency;id_country;id_group'),
(1445, 588, 'id_shop;id_currency;id_country;id_group'),
(1446, 9900711, 'id_shop;id_currency;id_country;id_group'),
(1449, 9900471, 'id_shop;id_currency;id_country;id_group'),
(1451, 9900468, 'id_shop;id_currency;id_country;id_group'),
(1452, 9900713, 'id_shop;id_currency;id_country;id_group'),
(1454, 9900688, 'id_shop;id_currency;id_country;id_group'),
(1457, 9900013, 'id_shop;id_currency;id_country;id_group'),
(1458, 9900228, 'id_shop;id_currency;id_country;id_group'),
(1459, 9900682, 'id_shop;id_currency;id_country;id_group'),
(1461, 9900515, 'id_shop;id_currency;id_country;id_group'),
(1462, 9900346, 'id_shop;id_currency;id_country;id_group'),
(1463, 9900344, 'id_shop;id_currency;id_country;id_group'),
(1465, 9900062, 'id_shop;id_currency;id_country;id_group'),
(1470, 9900768, 'id_shop;id_currency;id_country;id_group'),
(1476, 9900132, 'id_shop;id_currency;id_country;id_group'),
(1477, 9900769, 'id_shop;id_currency;id_country;id_group'),
(1490, 9900377, 'id_shop;id_currency;id_country;id_group'),
(1491, 9900163, 'id_shop;id_currency;id_country;id_group'),
(1492, 9900261, 'id_shop;id_currency;id_country;id_group'),
(1496, 9900320, 'id_shop;id_currency;id_country;id_group'),
(1497, 9900430, 'id_shop;id_currency;id_country;id_group'),
(1501, 773, 'id_shop;id_currency;id_country;id_group'),
(1505, 9900457, 'id_shop;id_currency;id_country;id_group'),
(1507, 9900708, 'id_shop;id_currency;id_country;id_group'),
(1510, 9900434, 'id_shop;id_currency;id_country;id_group'),
(1512, 9900516, 'id_shop;id_currency;id_country;id_group'),
(1513, 9900091, 'id_shop;id_currency;id_country;id_group'),
(1514, 119, 'id_shop;id_currency;id_country;id_group'),
(1518, 9900207, 'id_shop;id_currency;id_country;id_group'),
(1523, 688, 'id_shop;id_currency;id_country;id_group'),
(1535, 9900770, 'id_shop;id_currency;id_country;id_group'),
(1537, 130, 'id_shop;id_currency;id_country;id_group'),
(1542, 9900076, 'id_shop;id_currency;id_country;id_group'),
(1545, 9900299, 'id_shop;id_currency;id_country;id_group'),
(1554, 9900034, 'id_shop;id_currency;id_country;id_group'),
(1555, 9900318, 'id_shop;id_currency;id_country;id_group'),
(1556, 9900317, 'id_shop;id_currency;id_country;id_group'),
(1557, 9900282, 'id_shop;id_currency;id_country;id_group'),
(1558, 9900717, 'id_shop;id_currency;id_country;id_group'),
(1560, 905, 'id_shop;id_currency;id_country;id_group'),
(1574, 574, 'id_shop;id_currency;id_country;id_group'),
(1576, 576, 'id_shop;id_currency;id_country;id_group'),
(1579, 577, 'id_shop;id_currency;id_country;id_group'),
(1582, 587, 'id_shop;id_currency;id_country;id_group'),
(1585, 9900492, 'id_shop;id_currency;id_country;id_group'),
(1588, 9900281, 'id_shop;id_currency;id_country;id_group'),
(1593, 9900019, 'id_shop;id_currency;id_country;id_group'),
(1594, 9900413, 'id_shop;id_currency;id_country;id_group'),
(1595, 9900634, 'id_shop;id_currency;id_country;id_group'),
(1599, 9900022, 'id_shop;id_currency;id_country;id_group'),
(1601, 9900139, 'id_shop;id_currency;id_country;id_group'),
(1617, 9900330, 'id_shop;id_currency;id_country;id_group'),
(1619, 9900782, 'id_shop;id_currency;id_country;id_group'),
(1623, 9900783, 'id_shop;id_currency;id_country;id_group'),
(1627, 9900784, 'id_shop;id_currency;id_country;id_group'),
(1632, 9900785, 'id_shop;id_currency;id_country;id_group'),
(1635, 9900001, 'id_shop;id_currency;id_country;id_group'),
(1637, 9900786, 'id_shop;id_currency;id_country;id_group'),
(1644, 9900787, 'id_shop;id_currency;id_country;id_group'),
(1651, 9900391, 'id_shop;id_currency;id_country;id_group'),
(1652, 9900015, 'id_shop;id_currency;id_country;id_group'),
(1658, 9900499, 'id_shop;id_currency;id_country;id_group'),
(1659, 9900308, 'id_shop;id_currency;id_country;id_group'),
(1660, 9900092, 'id_shop;id_currency;id_country;id_group'),
(1662, 757, 'id_shop;id_currency;id_country;id_group'),
(1673, 9900523, 'id_shop;id_currency;id_country;id_group'),
(1674, 9900524, 'id_shop;id_currency;id_country;id_group'),
(1675, 9900612, 'id_shop;id_currency;id_country;id_group'),
(1680, 9900776, 'id_shop;id_currency;id_country;id_group'),
(1682, 9900789, 'id_shop;id_currency;id_country;id_group'),
(1685, 9900047, 'id_shop;id_currency;id_country;id_group'),
(1686, 9900072, 'id_shop;id_currency;id_country;id_group'),
(1689, 9900011, 'id_shop;id_currency;id_country;id_group'),
(1692, 9900334, 'id_shop;id_currency;id_country;id_group'),
(1694, 9900033, 'id_shop;id_currency;id_country;id_group'),
(1697, 9900103, 'id_shop;id_currency;id_country;id_group'),
(1700, 9900040, 'id_shop;id_currency;id_country;id_group'),
(1701, 9900153, 'id_shop;id_currency;id_country;id_group'),
(1702, 140, 'id_shop;id_currency;id_country;id_group'),
(1705, 9900791, 'id_shop;id_currency;id_country;id_group'),
(1710, 9900036, 'id_shop;id_currency;id_country;id_group'),
(1715, 9900775, 'id_shop;id_currency;id_country;id_group'),
(1716, 9900780, 'id_shop;id_currency;id_country;id_group'),
(1720, 9900473, 'id_shop;id_currency;id_country;id_group'),
(1723, 9900069, 'id_shop;id_currency;id_country;id_group'),
(1730, 9900315, 'id_shop;id_currency;id_country;id_group'),
(1732, 9900260, 'id_shop;id_currency;id_country;id_group'),
(1733, 9900676, 'id_shop;id_currency;id_country;id_group'),
(1734, 9900071, 'id_shop;id_currency;id_country;id_group'),
(1735, 9900689, 'id_shop;id_currency;id_country;id_group'),
(1742, 9900290, 'id_shop;id_currency;id_country;id_group'),
(1743, 9900221, 'id_shop;id_currency;id_country;id_group'),
(1745, 9900514, 'id_shop;id_currency;id_country;id_group'),
(1746, 9900336, 'id_shop;id_currency;id_country;id_group'),
(1749, 9900668, 'id_shop;id_currency;id_country;id_group'),
(1752, 183, 'id_shop;id_currency;id_country;id_group'),
(1754, 9900026, 'id_shop;id_currency;id_country;id_group'),
(1755, 9900082, 'id_shop;id_currency;id_country;id_group'),
(1760, 747, 'id_shop;id_currency;id_country;id_group'),
(1761, 9900291, 'id_shop;id_currency;id_country;id_group'),
(1762, 9900079, 'id_shop;id_currency;id_country;id_group'),
(1764, 9900325, 'id_shop;id_currency;id_country;id_group'),
(1767, 9900680, 'id_shop;id_currency;id_country;id_group'),
(1768, 9900337, 'id_shop;id_currency;id_country;id_group'),
(1769, 9900347, 'id_shop;id_currency;id_country;id_group'),
(1776, 9900126, 'id_shop;id_currency;id_country;id_group'),
(1779, 9900118, 'id_shop;id_currency;id_country;id_group'),
(1784, 9900443, 'id_shop;id_currency;id_country;id_group'),
(1785, 9900112, 'id_shop;id_currency;id_country;id_group'),
(1786, 9900398, 'id_shop;id_currency;id_country;id_group'),
(1787, 9900451, 'id_shop;id_currency;id_country;id_group'),
(1789, 9900206, 'id_shop;id_currency;id_country;id_group'),
(1790, 9900440, 'id_shop;id_currency;id_country;id_group'),
(1791, 9900218, 'id_shop;id_currency;id_country;id_group'),
(1792, 9900085, 'id_shop;id_currency;id_country;id_group'),
(1794, 9900442, 'id_shop;id_currency;id_country;id_group'),
(1797, 684, 'id_shop;id_currency;id_country;id_group'),
(1800, 9900187, 'id_shop;id_currency;id_country;id_group'),
(1801, 9900435, 'id_shop;id_currency;id_country;id_group'),
(1804, 9900274, 'id_shop;id_currency;id_country;id_group'),
(1805, 9900276, 'id_shop;id_currency;id_country;id_group'),
(1806, 9900670, 'id_shop;id_currency;id_country;id_group'),
(1808, 9900792, 'id_shop;id_currency;id_country;id_group'),
(1815, 9900014, 'id_shop;id_currency;id_country;id_group'),
(1816, 9900640, 'id_shop;id_currency;id_country;id_group'),
(1827, 9900262, 'id_shop;id_currency;id_country;id_group'),
(1829, 9900466, 'id_shop;id_currency;id_country;id_group'),
(1831, 9900084, 'id_shop;id_currency;id_country;id_group'),
(1844, 759, 'id_shop;id_currency;id_country;id_group'),
(1845, 762, 'id_shop;id_currency;id_country;id_group'),
(1848, 770, 'id_shop;id_currency;id_country;id_group'),
(1850, 593, 'id_shop;id_currency;id_country;id_group'),
(1853, 594, 'id_shop;id_currency;id_country;id_group'),
(1854, 595, 'id_shop;id_currency;id_country;id_group'),
(1856, 634, 'id_shop;id_currency;id_country;id_group'),
(1857, 820, 'id_shop;id_currency;id_country;id_group'),
(1858, 760, 'id_shop;id_currency;id_country;id_group'),
(1859, 761, 'id_shop;id_currency;id_country;id_group'),
(1870, 870, 'id_shop;id_currency;id_country;id_group'),
(1872, 832, 'id_shop;id_currency;id_country;id_group'),
(1873, 833, 'id_shop;id_currency;id_country;id_group'),
(1942, 178, 'id_shop;id_currency;id_country;id_group'),
(1943, 9900322, 'id_shop;id_currency;id_country;id_group'),
(1946, 9900025, 'id_shop;id_currency;id_country;id_group'),
(1947, 9900027, 'id_shop;id_currency;id_country;id_group'),
(1952, 9900028, 'id_shop;id_currency;id_country;id_group'),
(1954, 9900021, 'id_shop;id_currency;id_country;id_group'),
(1957, 9900032, 'id_shop;id_currency;id_country;id_group'),
(1958, 9900031, 'id_shop;id_currency;id_country;id_group'),
(1959, 9900030, 'id_shop;id_currency;id_country;id_group'),
(1970, 9900046, 'id_shop;id_currency;id_country;id_group'),
(1971, 9900048, 'id_shop;id_currency;id_country;id_group'),
(1977, 9900354, 'id_shop;id_currency;id_country;id_group'),
(1980, 9900361, 'id_shop;id_currency;id_country;id_group'),
(1990, 9900212, 'id_shop;id_currency;id_country;id_group'),
(1991, 9900394, 'id_shop;id_currency;id_country;id_group'),
(1992, 247, 'id_shop;id_currency;id_country;id_group'),
(1993, 151, 'id_shop;id_currency;id_country;id_group'),
(2030, 652, 'id_shop;id_currency;id_country;id_group'),
(2031, 639, 'id_shop;id_currency;id_country;id_group'),
(2032, 671, 'id_shop;id_currency;id_country;id_group'),
(2033, 673, 'id_shop;id_currency;id_country;id_group'),
(2034, 672, 'id_shop;id_currency;id_country;id_group'),
(2039, 763, 'id_shop;id_currency;id_country;id_group'),
(2040, 764, 'id_shop;id_currency;id_country;id_group'),
(2041, 765, 'id_shop;id_currency;id_country;id_group'),
(2042, 766, 'id_shop;id_currency;id_country;id_group'),
(2043, 767, 'id_shop;id_currency;id_country;id_group'),
(2044, 768, 'id_shop;id_currency;id_country;id_group'),
(2046, 674, 'id_shop;id_currency;id_country;id_group'),
(2049, 775, 'id_shop;id_currency;id_country;id_group'),
(2050, 772, 'id_shop;id_currency;id_country;id_group'),
(2051, 769, 'id_shop;id_currency;id_country;id_group'),
(2052, 836, 'id_shop;id_currency;id_country;id_group'),
(2053, 837, 'id_shop;id_currency;id_country;id_group'),
(2054, 834, 'id_shop;id_currency;id_country;id_group'),
(2059, 859, 'id_shop;id_currency;id_country;id_group'),
(2060, 828, 'id_shop;id_currency;id_country;id_group'),
(2068, 858, 'id_shop;id_currency;id_country;id_group'),
(2069, 860, 'id_shop;id_currency;id_country;id_group'),
(2071, 873, 'id_shop;id_currency;id_country;id_group'),
(2072, 874, 'id_shop;id_currency;id_country;id_group'),
(2073, 875, 'id_shop;id_currency;id_country;id_group'),
(2074, 876, 'id_shop;id_currency;id_country;id_group'),
(2083, 913, 'id_shop;id_currency;id_country;id_group'),
(2084, 914, 'id_shop;id_currency;id_country;id_group'),
(2086, 635, 'id_shop;id_currency;id_country;id_group'),
(2087, 631, 'id_shop;id_currency;id_country;id_group'),
(2090, 257, 'id_shop;id_currency;id_country;id_group'),
(2091, 259, 'id_shop;id_currency;id_country;id_group'),
(2092, 260, 'id_shop;id_currency;id_country;id_group'),
(2094, 256, 'id_shop;id_currency;id_country;id_group'),
(2095, 255, 'id_shop;id_currency;id_country;id_group'),
(2096, 254, 'id_shop;id_currency;id_country;id_group'),
(2097, 252, 'id_shop;id_currency;id_country;id_group'),
(2098, 253, 'id_shop;id_currency;id_country;id_group'),
(2099, 251, 'id_shop;id_currency;id_country;id_group'),
(2107, 264, 'id_shop;id_currency;id_country;id_group'),
(2108, 266, 'id_shop;id_currency;id_country;id_group'),
(2110, 265, 'id_shop;id_currency;id_country;id_group'),
(2112, 756, 'id_shop;id_currency;id_country;id_group'),
(2113, 748, 'id_shop;id_currency;id_country;id_group'),
(2116, 641, 'id_shop;id_currency;id_country;id_group'),
(2117, 640, 'id_shop;id_currency;id_country;id_group'),
(2123, 638, 'id_shop;id_currency;id_country;id_group'),
(2125, 134, 'id_shop;id_currency;id_country;id_group'),
(2127, 122, 'id_shop;id_currency;id_country;id_group'),
(2132, 162, 'id_shop;id_currency;id_country;id_group'),
(2134, 142, 'id_shop;id_currency;id_country;id_group'),
(2135, 154, 'id_shop;id_currency;id_country;id_group'),
(2137, 145, 'id_shop;id_currency;id_country;id_group'),
(2138, 147, 'id_shop;id_currency;id_country;id_group'),
(2139, 170, 'id_shop;id_currency;id_country;id_group'),
(2140, 132, 'id_shop;id_currency;id_country;id_group'),
(2141, 121, 'id_shop;id_currency;id_country;id_group'),
(2143, 172, 'id_shop;id_currency;id_country;id_group'),
(2146, 621, 'id_shop;id_currency;id_country;id_group'),
(2147, 622, 'id_shop;id_currency;id_country;id_group'),
(2148, 627, 'id_shop;id_currency;id_country;id_group'),
(2149, 624, 'id_shop;id_currency;id_country;id_group'),
(2150, 625, 'id_shop;id_currency;id_country;id_group'),
(2151, 438, 'id_shop;id_currency;id_country;id_group'),
(2152, 443, 'id_shop;id_currency;id_country;id_group'),
(2155, 371, 'id_shop;id_currency;id_country;id_group'),
(2159, 637, 'id_shop;id_currency;id_country;id_group'),
(2160, 655, 'id_shop;id_currency;id_country;id_group'),
(2161, 654, 'id_shop;id_currency;id_country;id_group'),
(2164, 866, 'id_shop;id_currency;id_country;id_group'),
(2165, 865, 'id_shop;id_currency;id_country;id_group'),
(2166, 867, 'id_shop;id_currency;id_country;id_group'),
(2172, 915, 'id_shop;id_currency;id_country;id_group'),
(2174, 9900115, 'id_shop;id_currency;id_country;id_group'),
(2175, 9900415, 'id_shop;id_currency;id_country;id_group'),
(2177, 136, 'id_shop;id_currency;id_country;id_group'),
(2180, 153, 'id_shop;id_currency;id_country;id_group'),
(2181, 9900259, 'id_shop;id_currency;id_country;id_group'),
(2184, 232, 'id_shop;id_currency;id_country;id_group'),
(2185, 237, 'id_shop;id_currency;id_country;id_group'),
(2186, 236, 'id_shop;id_currency;id_country;id_group'),
(2187, 235, 'id_shop;id_currency;id_country;id_group'),
(2188, 234, 'id_shop;id_currency;id_country;id_group'),
(2189, 233, 'id_shop;id_currency;id_country;id_group'),
(2191, 238, 'id_shop;id_currency;id_country;id_group'),
(2193, 137, 'id_shop;id_currency;id_country;id_group'),
(2194, 249, 'id_shop;id_currency;id_country;id_group'),
(2195, 248, 'id_shop;id_currency;id_country;id_group'),
(2196, 250, 'id_shop;id_currency;id_country;id_group'),
(2197, 261, 'id_shop;id_currency;id_country;id_group'),
(2198, 262, 'id_shop;id_currency;id_country;id_group'),
(2200, 401, 'id_shop;id_currency;id_country;id_group'),
(2203, 9900431, 'id_shop;id_currency;id_country;id_group'),
(2204, 9900794, 'id_shop;id_currency;id_country;id_group'),
(2206, 9900795, 'id_shop;id_currency;id_country;id_group'),
(2211, 241, 'id_shop;id_currency;id_country;id_group'),
(2212, 239, 'id_shop;id_currency;id_country;id_group'),
(2213, 240, 'id_shop;id_currency;id_country;id_group'),
(2215, 9900387, 'id_shop;id_currency;id_country;id_group'),
(2218, 9900444, 'id_shop;id_currency;id_country;id_group'),
(2226, 9900168, 'id_shop;id_currency;id_country;id_group'),
(2228, 9900645, 'id_shop;id_currency;id_country;id_group'),
(2230, 9900479, 'id_shop;id_currency;id_country;id_group'),
(2233, 9900006, 'id_shop;id_currency;id_country;id_group'),
(2234, 9900716, 'id_shop;id_currency;id_country;id_group'),
(2235, 9900624, 'id_shop;id_currency;id_country;id_group'),
(2236, 9900329, 'id_shop;id_currency;id_country;id_group'),
(2238, 9900380, 'id_shop;id_currency;id_country;id_group'),
(2239, 9900192, 'id_shop;id_currency;id_country;id_group'),
(2240, 9900301, 'id_shop;id_currency;id_country;id_group'),
(2244, 9900023, 'id_shop;id_currency;id_country;id_group'),
(2246, 9900678, 'id_shop;id_currency;id_country;id_group'),
(2251, 9900665, 'id_shop;id_currency;id_country;id_group'),
(2252, 9900002, 'id_shop;id_currency;id_country;id_group'),
(2255, 9900180, 'id_shop;id_currency;id_country;id_group'),
(2256, 9900077, 'id_shop;id_currency;id_country;id_group'),
(2257, 9900089, 'id_shop;id_currency;id_country;id_group'),
(2264, 9900544, 'id_shop;id_currency;id_country;id_group'),
(2269, 174, 'id_shop;id_currency;id_country;id_group'),
(2272, 9900797, 'id_shop;id_currency;id_country;id_group'),
(2273, 9900035, 'id_shop;id_currency;id_country;id_group'),
(2274, 9900371, 'id_shop;id_currency;id_country;id_group'),
(2275, 9900373, 'id_shop;id_currency;id_country;id_group'),
(2277, 9900159, 'id_shop;id_currency;id_country;id_group'),
(2278, 9900422, 'id_shop;id_currency;id_country;id_group'),
(2279, 9900477, 'id_shop;id_currency;id_country;id_group'),
(2281, 9900016, 'id_shop;id_currency;id_country;id_group'),
(2282, 9900653, 'id_shop;id_currency;id_country;id_group'),
(2283, 9900666, 'id_shop;id_currency;id_country;id_group'),
(2284, 9900798, 'id_shop;id_currency;id_country;id_group'),
(2293, 9900226, 'id_shop;id_currency;id_country;id_group'),
(2294, 9900195, 'id_shop;id_currency;id_country;id_group'),
(2295, 9900264, 'id_shop;id_currency;id_country;id_group'),
(2297, 9900709, 'id_shop;id_currency;id_country;id_group'),
(2299, 9900799, 'id_shop;id_currency;id_country;id_group'),
(2300, 9900111, 'id_shop;id_currency;id_country;id_group'),
(2308, 9900003, 'id_shop;id_currency;id_country;id_group'),
(2312, 9900134, 'id_shop;id_currency;id_country;id_group');

-- --------------------------------------------------------

--
-- Structure de la table `ps_specific_price_rule`
--

CREATE TABLE IF NOT EXISTS `ps_specific_price_rule` (
  `id_specific_price_rule` int(10) unsigned NOT NULL AUTO_INCREMENT,
  `name` varchar(255) NOT NULL,
  `id_shop` int(11) unsigned NOT NULL DEFAULT '1',
  `id_currency` int(10) unsigned NOT NULL,
  `id_country` int(10) unsigned NOT NULL,
  `id_group` int(10) unsigned NOT NULL,
  `from_quantity` mediumint(8) unsigned NOT NULL,
  `price` decimal(20,6) DEFAULT NULL,
  `reduction` decimal(20,6) NOT NULL,
  `reduction_type` enum('amount','percentage') NOT NULL,
  `from` datetime NOT NULL,
  `to` datetime NOT NULL,
  PRIMARY KEY (`id_specific_price_rule`),
  KEY `id_product` (`id_shop`,`id_currency`,`id_country`,`id_group`,`from_quantity`,`from`,`to`)
) ENGINE=InnoDB DEFAULT CHARSET=utf8 AUTO_INCREMENT=1 ;

-- --------------------------------------------------------

--
-- Structure de la table `ps_specific_price_rule_condition`
--

CREATE TABLE IF NOT EXISTS `ps_specific_price_rule_condition` (
  `id_specific_price_rule_condition` int(11) unsigned NOT NULL AUTO_INCREMENT,
  `id_specific_price_rule_condition_group` int(11) unsigned NOT NULL,
  `type` varchar(255) NOT NULL,
  `value` varchar(255) NOT NULL,
  PRIMARY KEY (`id_specific_price_rule_condition`),
  KEY `id_specific_price_rule_condition_group` (`id_specific_price_rule_condition_group`)
) ENGINE=InnoDB DEFAULT CHARSET=utf8 AUTO_INCREMENT=1 ;

-- --------------------------------------------------------

--
-- Structure de la table `ps_specific_price_rule_condition_group`
--

CREATE TABLE IF NOT EXISTS `ps_specific_price_rule_condition_group` (
  `id_specific_price_rule_condition_group` int(11) unsigned NOT NULL AUTO_INCREMENT,
  `id_specific_price_rule` int(11) unsigned NOT NULL,
  PRIMARY KEY (`id_specific_price_rule_condition_group`,`id_specific_price_rule`)
) ENGINE=InnoDB DEFAULT CHARSET=utf8 AUTO_INCREMENT=1 ;

-- --------------------------------------------------------

--
-- Structure de la table `ps_state`
--

CREATE TABLE IF NOT EXISTS `ps_state` (
  `id_state` int(10) unsigned NOT NULL AUTO_INCREMENT,
  `id_country` int(11) unsigned NOT NULL,
  `id_zone` int(11) unsigned NOT NULL,
  `name` varchar(64) NOT NULL,
  `iso_code` varchar(7) NOT NULL,
  `tax_behavior` smallint(1) NOT NULL DEFAULT '0',
  `active` tinyint(1) NOT NULL DEFAULT '0',
  PRIMARY KEY (`id_state`),
  KEY `id_country` (`id_country`),
  KEY `name` (`name`),
  KEY `id_zone` (`id_zone`)
) ENGINE=InnoDB  DEFAULT CHARSET=utf8 AUTO_INCREMENT=313 ;

--
-- Contenu de la table `ps_state`
--

INSERT INTO `ps_state` (`id_state`, `id_country`, `id_zone`, `name`, `iso_code`, `tax_behavior`, `active`) VALUES
(1, 21, 2, 'Alabama', 'AL', 0, 1),
(2, 21, 2, 'Alaska', 'AK', 0, 1),
(3, 21, 2, 'Arizona', 'AZ', 0, 1),
(4, 21, 2, 'Arkansas', 'AR', 0, 1),
(5, 21, 2, 'California', 'CA', 0, 1),
(6, 21, 2, 'Colorado', 'CO', 0, 1),
(7, 21, 2, 'Connecticut', 'CT', 0, 1),
(8, 21, 2, 'Delaware', 'DE', 0, 1),
(9, 21, 2, 'Florida', 'FL', 0, 1),
(10, 21, 2, 'Georgia', 'GA', 0, 1),
(11, 21, 2, 'Hawaii', 'HI', 0, 1),
(12, 21, 2, 'Idaho', 'ID', 0, 1),
(13, 21, 2, 'Illinois', 'IL', 0, 1),
(14, 21, 2, 'Indiana', 'IN', 0, 1),
(15, 21, 2, 'Iowa', 'IA', 0, 1),
(16, 21, 2, 'Kansas', 'KS', 0, 1),
(17, 21, 2, 'Kentucky', 'KY', 0, 1),
(18, 21, 2, 'Louisiana', 'LA', 0, 1),
(19, 21, 2, 'Maine', 'ME', 0, 1),
(20, 21, 2, 'Maryland', 'MD', 0, 1),
(21, 21, 2, 'Massachusetts', 'MA', 0, 1),
(22, 21, 2, 'Michigan', 'MI', 0, 1),
(23, 21, 2, 'Minnesota', 'MN', 0, 1),
(24, 21, 2, 'Mississippi', 'MS', 0, 1),
(25, 21, 2, 'Missouri', 'MO', 0, 1),
(26, 21, 2, 'Montana', 'MT', 0, 1),
(27, 21, 2, 'Nebraska', 'NE', 0, 1),
(28, 21, 2, 'Nevada', 'NV', 0, 1),
(29, 21, 2, 'New Hampshire', 'NH', 0, 1),
(30, 21, 2, 'New Jersey', 'NJ', 0, 1),
(31, 21, 2, 'New Mexico', 'NM', 0, 1),
(32, 21, 2, 'New York', 'NY', 0, 1),
(33, 21, 2, 'North Carolina', 'NC', 0, 1),
(34, 21, 2, 'North Dakota', 'ND', 0, 1),
(35, 21, 2, 'Ohio', 'OH', 0, 1),
(36, 21, 2, 'Oklahoma', 'OK', 0, 1),
(37, 21, 2, 'Oregon', 'OR', 0, 1),
(38, 21, 2, 'Pennsylvania', 'PA', 0, 1),
(39, 21, 2, 'Rhode Island', 'RI', 0, 1),
(40, 21, 2, 'South Carolina', 'SC', 0, 1),
(41, 21, 2, 'South Dakota', 'SD', 0, 1),
(42, 21, 2, 'Tennessee', 'TN', 0, 1),
(43, 21, 2, 'Texas', 'TX', 0, 1),
(44, 21, 2, 'Utah', 'UT', 0, 1),
(45, 21, 2, 'Vermont', 'VT', 0, 1),
(46, 21, 2, 'Virginia', 'VA', 0, 1),
(47, 21, 2, 'Washington', 'WA', 0, 1),
(48, 21, 2, 'West Virginia', 'WV', 0, 1),
(49, 21, 2, 'Wisconsin', 'WI', 0, 1),
(50, 21, 2, 'Wyoming', 'WY', 0, 1),
(51, 21, 2, 'Puerto Rico', 'PR', 0, 1),
(52, 21, 2, 'US Virgin Islands', 'VI', 0, 1),
(53, 21, 2, 'District of Columbia', 'DC', 0, 1),
(54, 145, 2, 'Aguascalientes', 'AGS', 0, 1),
(55, 145, 2, 'Baja California', 'BCN', 0, 1),
(56, 145, 2, 'Baja California Sur', 'BCS', 0, 1),
(57, 145, 2, 'Campeche', 'CAM', 0, 1),
(58, 145, 2, 'Chiapas', 'CHP', 0, 1),
(59, 145, 2, 'Chihuahua', 'CHH', 0, 1),
(60, 145, 2, 'Coahuila', 'COA', 0, 1),
(61, 145, 2, 'Colima', 'COL', 0, 1),
(62, 145, 2, 'Distrito Federal', 'DIF', 0, 1),
(63, 145, 2, 'Durango', 'DUR', 0, 1),
(64, 145, 2, 'Guanajuato', 'GUA', 0, 1),
(65, 145, 2, 'Guerrero', 'GRO', 0, 1),
(66, 145, 2, 'Hidalgo', 'HID', 0, 1),
(67, 145, 2, 'Jalisco', 'JAL', 0, 1),
(68, 145, 2, 'Estado de México', 'MEX', 0, 1),
(69, 145, 2, 'Michoacán', 'MIC', 0, 1),
(70, 145, 2, 'Morelos', 'MOR', 0, 1),
(71, 145, 2, 'Nayarit', 'NAY', 0, 1),
(72, 145, 2, 'Nuevo León', 'NLE', 0, 1),
(73, 145, 2, 'Oaxaca', 'OAX', 0, 1),
(74, 145, 2, 'Puebla', 'PUE', 0, 1),
(75, 145, 2, 'Querétaro', 'QUE', 0, 1),
(76, 145, 2, 'Quintana Roo', 'ROO', 0, 1),
(77, 145, 2, 'San Luis Potosí', 'SLP', 0, 1),
(78, 145, 2, 'Sinaloa', 'SIN', 0, 1),
(79, 145, 2, 'Sonora', 'SON', 0, 1),
(80, 145, 2, 'Tabasco', 'TAB', 0, 1),
(81, 145, 2, 'Tamaulipas', 'TAM', 0, 1),
(82, 145, 2, 'Tlaxcala', 'TLA', 0, 1),
(83, 145, 2, 'Veracruz', 'VER', 0, 1),
(84, 145, 2, 'Yucatán', 'YUC', 0, 1),
(85, 145, 2, 'Zacatecas', 'ZAC', 0, 1),
(86, 4, 2, 'Ontario', 'ON', 0, 1),
(87, 4, 2, 'Quebec', 'QC', 0, 1),
(88, 4, 2, 'British Columbia', 'BC', 0, 1),
(89, 4, 2, 'Alberta', 'AB', 0, 1),
(90, 4, 2, 'Manitoba', 'MB', 0, 1),
(91, 4, 2, 'Saskatchewan', 'SK', 0, 1),
(92, 4, 2, 'Nova Scotia', 'NS', 0, 1),
(93, 4, 2, 'New Brunswick', 'NB', 0, 1),
(94, 4, 2, 'Newfoundland and Labrador', 'NL', 0, 1),
(95, 4, 2, 'Prince Edward Island', 'PE', 0, 1),
(96, 4, 2, 'Northwest Territories', 'NT', 0, 1),
(97, 4, 2, 'Yukon', 'YT', 0, 1),
(98, 4, 2, 'Nunavut', 'NU', 0, 1),
(99, 44, 6, 'Buenos Aires', 'B', 0, 1),
(100, 44, 6, 'Catamarca', 'K', 0, 1),
(101, 44, 6, 'Chaco', 'H', 0, 1),
(102, 44, 6, 'Chubut', 'U', 0, 1),
(103, 44, 6, 'Ciudad de Buenos Aires', 'C', 0, 1),
(104, 44, 6, 'Córdoba', 'X', 0, 1),
(105, 44, 6, 'Corrientes', 'W', 0, 1),
(106, 44, 6, 'Entre Ríos', 'E', 0, 1),
(107, 44, 6, 'Formosa', 'P', 0, 1),
(108, 44, 6, 'Jujuy', 'Y', 0, 1),
(109, 44, 6, 'La Pampa', 'L', 0, 1),
(110, 44, 6, 'La Rioja', 'F', 0, 1),
(111, 44, 6, 'Mendoza', 'M', 0, 1),
(112, 44, 6, 'Misiones', 'N', 0, 1),
(113, 44, 6, 'Neuquén', 'Q', 0, 1),
(114, 44, 6, 'Río Negro', 'R', 0, 1),
(115, 44, 6, 'Salta', 'A', 0, 1),
(116, 44, 6, 'San Juan', 'J', 0, 1),
(117, 44, 6, 'San Luis', 'D', 0, 1),
(118, 44, 6, 'Santa Cruz', 'Z', 0, 1),
(119, 44, 6, 'Santa Fe', 'S', 0, 1),
(120, 44, 6, 'Santiago del Estero', 'G', 0, 1),
(121, 44, 6, 'Tierra del Fuego', 'V', 0, 1),
(122, 44, 6, 'Tucumán', 'T', 0, 1),
(123, 10, 1, 'Agrigento', 'AG', 0, 1),
(124, 10, 1, 'Alessandria', 'AL', 0, 1),
(125, 10, 1, 'Ancona', 'AN', 0, 1),
(126, 10, 1, 'Aosta', 'AO', 0, 1),
(127, 10, 1, 'Arezzo', 'AR', 0, 1),
(128, 10, 1, 'Ascoli Piceno', 'AP', 0, 1),
(129, 10, 1, 'Asti', 'AT', 0, 1),
(130, 10, 1, 'Avellino', 'AV', 0, 1),
(131, 10, 1, 'Bari', 'BA', 0, 1),
(132, 10, 1, 'Barletta-Andria-Trani', 'BT', 0, 1),
(133, 10, 1, 'Belluno', 'BL', 0, 1),
(134, 10, 1, 'Benevento', 'BN', 0, 1),
(135, 10, 1, 'Bergamo', 'BG', 0, 1),
(136, 10, 1, 'Biella', 'BI', 0, 1),
(137, 10, 1, 'Bologna', 'BO', 0, 1),
(138, 10, 1, 'Bolzano', 'BZ', 0, 1),
(139, 10, 1, 'Brescia', 'BS', 0, 1),
(140, 10, 1, 'Brindisi', 'BR', 0, 1),
(141, 10, 1, 'Cagliari', 'CA', 0, 1),
(142, 10, 1, 'Caltanissetta', 'CL', 0, 1),
(143, 10, 1, 'Campobasso', 'CB', 0, 1),
(144, 10, 1, 'Carbonia-Iglesias', 'CI', 0, 1),
(145, 10, 1, 'Caserta', 'CE', 0, 1),
(146, 10, 1, 'Catania', 'CT', 0, 1),
(147, 10, 1, 'Catanzaro', 'CZ', 0, 1),
(148, 10, 1, 'Chieti', 'CH', 0, 1),
(149, 10, 1, 'Como', 'CO', 0, 1),
(150, 10, 1, 'Cosenza', 'CS', 0, 1),
(151, 10, 1, 'Cremona', 'CR', 0, 1),
(152, 10, 1, 'Crotone', 'KR', 0, 1),
(153, 10, 1, 'Cuneo', 'CN', 0, 1),
(154, 10, 1, 'Enna', 'EN', 0, 1),
(155, 10, 1, 'Fermo', 'FM', 0, 1),
(156, 10, 1, 'Ferrara', 'FE', 0, 1),
(157, 10, 1, 'Firenze', 'FI', 0, 1),
(158, 10, 1, 'Foggia', 'FG', 0, 1),
(159, 10, 1, 'Forlì-Cesena', 'FC', 0, 1),
(160, 10, 1, 'Frosinone', 'FR', 0, 1),
(161, 10, 1, 'Genova', 'GE', 0, 1),
(162, 10, 1, 'Gorizia', 'GO', 0, 1),
(163, 10, 1, 'Grosseto', 'GR', 0, 1),
(164, 10, 1, 'Imperia', 'IM', 0, 1),
(165, 10, 1, 'Isernia', 'IS', 0, 1),
(166, 10, 1, 'L''Aquila', 'AQ', 0, 1),
(167, 10, 1, 'La Spezia', 'SP', 0, 1),
(168, 10, 1, 'Latina', 'LT', 0, 1),
(169, 10, 1, 'Lecce', 'LE', 0, 1),
(170, 10, 1, 'Lecco', 'LC', 0, 1),
(171, 10, 1, 'Livorno', 'LI', 0, 1),
(172, 10, 1, 'Lodi', 'LO', 0, 1),
(173, 10, 1, 'Lucca', 'LU', 0, 1),
(174, 10, 1, 'Macerata', 'MC', 0, 1),
(175, 10, 1, 'Mantova', 'MN', 0, 1),
(176, 10, 1, 'Massa', 'MS', 0, 1),
(177, 10, 1, 'Matera', 'MT', 0, 1),
(178, 10, 1, 'Medio Campidano', 'VS', 0, 1),
(179, 10, 1, 'Messina', 'ME', 0, 1),
(180, 10, 1, 'Milano', 'MI', 0, 1),
(181, 10, 1, 'Modena', 'MO', 0, 1),
(182, 10, 1, 'Monza e della Brianza', 'MB', 0, 1),
(183, 10, 1, 'Napoli', 'NA', 0, 1),
(184, 10, 1, 'Novara', 'NO', 0, 1),
(185, 10, 1, 'Nuoro', 'NU', 0, 1),
(186, 10, 1, 'Ogliastra', 'OG', 0, 1),
(187, 10, 1, 'Olbia-Tempio', 'OT', 0, 1),
(188, 10, 1, 'Oristano', 'OR', 0, 1),
(189, 10, 1, 'Padova', 'PD', 0, 1),
(190, 10, 1, 'Palermo', 'PA', 0, 1),
(191, 10, 1, 'Parma', 'PR', 0, 1),
(192, 10, 1, 'Pavia', 'PV', 0, 1),
(193, 10, 1, 'Perugia', 'PG', 0, 1),
(194, 10, 1, 'Pesaro-Urbino', 'PU', 0, 1),
(195, 10, 1, 'Pescara', 'PE', 0, 1),
(196, 10, 1, 'Piacenza', 'PC', 0, 1),
(197, 10, 1, 'Pisa', 'PI', 0, 1),
(198, 10, 1, 'Pistoia', 'PT', 0, 1),
(199, 10, 1, 'Pordenone', 'PN', 0, 1),
(200, 10, 1, 'Potenza', 'PZ', 0, 1),
(201, 10, 1, 'Prato', 'PO', 0, 1),
(202, 10, 1, 'Ragusa', 'RG', 0, 1),
(203, 10, 1, 'Ravenna', 'RA', 0, 1),
(204, 10, 1, 'Reggio Calabria', 'RC', 0, 1),
(205, 10, 1, 'Reggio Emilia', 'RE', 0, 1),
(206, 10, 1, 'Rieti', 'RI', 0, 1),
(207, 10, 1, 'Rimini', 'RN', 0, 1),
(208, 10, 1, 'Roma', 'RM', 0, 1),
(209, 10, 1, 'Rovigo', 'RO', 0, 1),
(210, 10, 1, 'Salerno', 'SA', 0, 1),
(211, 10, 1, 'Sassari', 'SS', 0, 1),
(212, 10, 1, 'Savona', 'SV', 0, 1),
(213, 10, 1, 'Siena', 'SI', 0, 1),
(214, 10, 1, 'Siracusa', 'SR', 0, 1),
(215, 10, 1, 'Sondrio', 'SO', 0, 1),
(216, 10, 1, 'Taranto', 'TA', 0, 1),
(217, 10, 1, 'Teramo', 'TE', 0, 1),
(218, 10, 1, 'Terni', 'TR', 0, 1),
(219, 10, 1, 'Torino', 'TO', 0, 1),
(220, 10, 1, 'Trapani', 'TP', 0, 1),
(221, 10, 1, 'Trento', 'TN', 0, 1),
(222, 10, 1, 'Treviso', 'TV', 0, 1),
(223, 10, 1, 'Trieste', 'TS', 0, 1),
(224, 10, 1, 'Udine', 'UD', 0, 1),
(225, 10, 1, 'Varese', 'VA', 0, 1),
(226, 10, 1, 'Venezia', 'VE', 0, 1),
(227, 10, 1, 'Verbano-Cusio-Ossola', 'VB', 0, 1),
(228, 10, 1, 'Vercelli', 'VC', 0, 1),
(229, 10, 1, 'Verona', 'VR', 0, 1),
(230, 10, 1, 'Vibo Valentia', 'VV', 0, 1),
(231, 10, 1, 'Vicenza', 'VI', 0, 1),
(232, 10, 1, 'Viterbo', 'VT', 0, 1),
(233, 111, 3, 'Aceh', 'AC', 0, 1),
(234, 111, 3, 'Bali', 'BA', 0, 1),
(235, 111, 3, 'Bangka', 'BB', 0, 1),
(236, 111, 3, 'Banten', 'BT', 0, 1),
(237, 111, 3, 'Bengkulu', 'BE', 0, 1),
(238, 111, 3, 'Central Java', 'JT', 0, 1),
(239, 111, 3, 'Central Kalimantan', 'KT', 0, 1),
(240, 111, 3, 'Central Sulawesi', 'ST', 0, 1),
(241, 111, 3, 'Coat of arms of East Java', 'JI', 0, 1),
(242, 111, 3, 'East kalimantan', 'KI', 0, 1),
(243, 111, 3, 'East Nusa Tenggara', 'NT', 0, 1),
(244, 111, 3, 'Lambang propinsi', 'GO', 0, 1),
(245, 111, 3, 'Jakarta', 'JK', 0, 1),
(246, 111, 3, 'Jambi', 'JA', 0, 1),
(247, 111, 3, 'Lampung', 'LA', 0, 1),
(248, 111, 3, 'Maluku', 'MA', 0, 1),
(249, 111, 3, 'North Maluku', 'MU', 0, 1),
(250, 111, 3, 'North Sulawesi', 'SA', 0, 1),
(251, 111, 3, 'North Sumatra', 'SU', 0, 1),
(252, 111, 3, 'Papua', 'PA', 0, 1),
(253, 111, 3, 'Riau', 'RI', 0, 1),
(254, 111, 3, 'Lambang Riau', 'KR', 0, 1),
(255, 111, 3, 'Southeast Sulawesi', 'SG', 0, 1),
(256, 111, 3, 'South Kalimantan', 'KS', 0, 1),
(257, 111, 3, 'South Sulawesi', 'SN', 0, 1),
(258, 111, 3, 'South Sumatra', 'SS', 0, 1),
(259, 111, 3, 'West Java', 'JB', 0, 1),
(260, 111, 3, 'West Kalimantan', 'KB', 0, 1),
(261, 111, 3, 'West Nusa Tenggara', 'NB', 0, 1),
(262, 111, 3, 'Lambang Provinsi Papua Barat', 'PB', 0, 1),
(263, 111, 3, 'West Sulawesi', 'SR', 0, 1),
(264, 111, 3, 'West Sumatra', 'SB', 0, 1),
(265, 111, 3, 'Yogyakarta', 'YO', 0, 1),
(266, 11, 3, 'Aichi', '23', 0, 1),
(267, 11, 3, 'Akita', '05', 0, 1),
(268, 11, 3, 'Aomori', '02', 0, 1),
(269, 11, 3, 'Chiba', '12', 0, 1),
(270, 11, 3, 'Ehime', '38', 0, 1),
(271, 11, 3, 'Fukui', '18', 0, 1),
(272, 11, 3, 'Fukuoka', '40', 0, 1),
(273, 11, 3, 'Fukushima', '07', 0, 1),
(274, 11, 3, 'Gifu', '21', 0, 1),
(275, 11, 3, 'Gunma', '10', 0, 1),
(276, 11, 3, 'Hiroshima', '34', 0, 1),
(277, 11, 3, 'Hokkaido', '01', 0, 1),
(278, 11, 3, 'Hyogo', '28', 0, 1),
(279, 11, 3, 'Ibaraki', '08', 0, 1),
(280, 11, 3, 'Ishikawa', '17', 0, 1),
(281, 11, 3, 'Iwate', '03', 0, 1),
(282, 11, 3, 'Kagawa', '37', 0, 1),
(283, 11, 3, 'Kagoshima', '46', 0, 1),
(284, 11, 3, 'Kanagawa', '14', 0, 1),
(285, 11, 3, 'Kochi', '39', 0, 1),
(286, 11, 3, 'Kumamoto', '43', 0, 1),
(287, 11, 3, 'Kyoto', '26', 0, 1),
(288, 11, 3, 'Mie', '24', 0, 1),
(289, 11, 3, 'Miyagi', '04', 0, 1),
(290, 11, 3, 'Miyazaki', '45', 0, 1),
(291, 11, 3, 'Nagano', '20', 0, 1),
(292, 11, 3, 'Nagasaki', '42', 0, 1),
(293, 11, 3, 'Nara', '29', 0, 1),
(294, 11, 3, 'Niigata', '15', 0, 1),
(295, 11, 3, 'Oita', '44', 0, 1),
(296, 11, 3, 'Okayama', '33', 0, 1),
(297, 11, 3, 'Okinawa', '47', 0, 1),
(298, 11, 3, 'Osaka', '27', 0, 1),
(299, 11, 3, 'Saga', '41', 0, 1),
(300, 11, 3, 'Saitama', '11', 0, 1),
(301, 11, 3, 'Shiga', '25', 0, 1),
(302, 11, 3, 'Shimane', '32', 0, 1),
(303, 11, 3, 'Shizuoka', '22', 0, 1),
(304, 11, 3, 'Tochigi', '09', 0, 1),
(305, 11, 3, 'Tokushima', '36', 0, 1),
(306, 11, 3, 'Tokyo', '13', 0, 1),
(307, 11, 3, 'Tottori', '31', 0, 1),
(308, 11, 3, 'Toyama', '16', 0, 1),
(309, 11, 3, 'Wakayama', '30', 0, 1),
(310, 11, 3, 'Yamagata', '06', 0, 1),
(311, 11, 3, 'Yamaguchi', '35', 0, 1),
(312, 11, 3, 'Yamanashi', '19', 0, 1);

-- --------------------------------------------------------

--
-- Structure de la table `ps_statssearch`
--

CREATE TABLE IF NOT EXISTS `ps_statssearch` (
  `id_statssearch` int(10) unsigned NOT NULL AUTO_INCREMENT,
  `id_shop` int(10) unsigned NOT NULL DEFAULT '1',
  `id_shop_group` int(10) unsigned NOT NULL DEFAULT '1',
  `keywords` varchar(255) NOT NULL,
  `results` int(6) NOT NULL DEFAULT '0',
  `date_add` datetime NOT NULL,
  PRIMARY KEY (`id_statssearch`)
) ENGINE=InnoDB  DEFAULT CHARSET=utf8 AUTO_INCREMENT=199 ;

--
-- Contenu de la table `ps_statssearch`
--

INSERT INTO `ps_statssearch` (`id_statssearch`, `id_shop`, `id_shop_group`, `keywords`, `results`, `date_add`) VALUES
(1, 1, 1, 'TRANSPARENT', 1, '2013-05-19 15:52:25'),
(2, 1, 1, 'ZIP', 1, '2013-05-22 22:49:29'),
(3, 1, 1, 'ZIP', 1, '2013-05-23 22:31:13'),
(4, 1, 1, 'ZIP', 1, '2013-05-23 22:34:29'),
(5, 1, 1, 'essai', 1, '2013-05-25 19:20:04'),
(6, 1, 1, 'essai', 1, '2013-05-25 19:20:06'),
(7, 1, 1, 'Adhesif PP Economique 50x66', 0, '2013-06-11 18:19:09'),
(8, 1, 1, 'adhesif', 2, '2013-06-11 19:55:26'),
(9, 1, 1, 'adhesif', 2, '2013-06-11 19:55:50'),
(10, 1, 1, 'rl-b80-100', 3, '2013-06-12 21:45:13'),
(11, 1, 1, 'SACHETS', 5, '2013-06-14 08:54:44'),
(12, 1, 1, 'sac', 11, '2013-12-15 22:13:28'),
(13, 1, 1, 'd', 0, '2013-12-19 14:18:01'),
(14, 1, 1, 'di', 0, '2013-12-19 14:18:01'),
(15, 1, 1, 'dia', 13, '2013-12-19 14:18:02'),
(16, 1, 1, 'diab', 1, '2013-12-19 14:18:03'),
(17, 1, 1, 'diabl', 1, '2013-12-19 14:18:03'),
(18, 1, 1, 'diable', 1, '2013-12-19 14:18:04'),
(19, 1, 1, 'diable', 1, '2013-12-19 14:18:04'),
(20, 1, 1, 'diable', 1, '2013-12-19 14:18:04'),
(21, 1, 1, 'Enveloppe opaque', 0, '2013-12-19 16:25:18'),
(22, 1, 1, 'Enveloppe opaque', 0, '2013-12-19 16:25:18'),
(23, 1, 1, '1-ENV-BUL-H', 23, '2013-12-19 16:26:23'),
(24, 1, 1, '1-ENV-BUL-H', 23, '2013-12-19 16:26:23'),
(25, 1, 1, '1-ENV-BUL-H', 23, '2013-12-19 16:26:23'),
(26, 1, 1, 'f', 0, '2013-12-19 17:20:24'),
(27, 1, 1, 'fr', 0, '2013-12-19 17:20:24'),
(28, 1, 1, 'fra', 13, '2013-12-19 17:20:25'),
(29, 1, 1, 'frag', 13, '2013-12-19 17:20:26'),
(30, 1, 1, 'fragi', 13, '2013-12-19 17:20:26'),
(31, 1, 1, 'fragil', 13, '2013-12-19 17:20:26'),
(32, 1, 1, 'fragile', 13, '2013-12-19 17:20:26'),
(33, 1, 1, 'fragile', 13, '2013-12-19 17:20:27'),
(34, 1, 1, 'fragile', 13, '2013-12-19 17:20:27'),
(35, 1, 1, 'ic', 0, '2013-12-22 20:14:12'),
(36, 1, 1, 'i', 0, '2013-12-22 20:14:12'),
(37, 1, 1, 'ice', 0, '2013-12-22 20:14:12'),
(38, 1, 1, 'ice bag', 0, '2013-12-22 20:14:13'),
(39, 1, 1, '8', 0, '2013-12-23 02:28:31'),
(40, 1, 1, '80', 0, '2013-12-23 02:28:32'),
(41, 1, 1, '80 ', 0, '2013-12-23 02:28:32'),
(42, 1, 1, '80 x', 0, '2013-12-23 02:28:32'),
(43, 1, 1, '80 x ', 0, '2013-12-23 02:28:33'),
(44, 1, 1, '80 x 7', 0, '2013-12-23 02:28:33'),
(45, 1, 1, '80 x 75', 0, '2013-12-23 02:28:33'),
(46, 1, 1, '80 x 75', 0, '2013-12-23 02:28:33'),
(47, 1, 1, 'PI', 0, '2013-12-29 19:36:07'),
(48, 1, 1, 'P', 0, '2013-12-29 19:36:07'),
(49, 1, 1, 'PIZZA', 1, '2013-12-29 19:36:09'),
(50, 1, 1, '-', 0, '2014-01-01 23:22:33'),
(51, 1, 1, '-z', 0, '2014-01-01 23:22:33'),
(52, 1, 1, '-zi', 6, '2014-01-01 23:22:34'),
(53, 1, 1, '-zip', 6, '2014-01-01 23:22:34'),
(54, 1, 1, '-zip-', 6, '2014-01-01 23:22:35'),
(55, 1, 1, '-zip-', 6, '2014-01-01 23:22:35'),
(56, 1, 1, '-zipx-', 0, '2014-01-01 23:22:35'),
(57, 1, 1, '-zipx-', 0, '2014-01-01 23:22:35'),
(58, 1, 1, '-zipx-', 0, '2014-01-01 23:22:36'),
(59, 1, 1, '5', 0, '2014-01-01 23:22:38'),
(60, 1, 1, '5-', 0, '2014-01-01 23:22:39'),
(61, 1, 1, '5-x', 0, '2014-01-01 23:22:39'),
(62, 1, 1, '5-', 0, '2014-01-01 23:22:40'),
(63, 1, 1, '5-z', 0, '2014-01-01 23:22:41'),
(64, 1, 1, '5-zi', 0, '2014-01-01 23:22:41'),
(65, 1, 1, '5-zip', 6, '2014-01-01 23:22:41'),
(66, 1, 1, '5-zip-', 6, '2014-01-01 23:22:42'),
(67, 1, 1, '5-zip-4', 6, '2014-01-01 23:22:42'),
(68, 1, 1, '5-zip-4x', 6, '2014-01-01 23:22:43'),
(69, 1, 1, '5-zip-4x6', 1, '2014-01-01 23:22:43'),
(70, 1, 1, '5-zip-4x6', 1, '2014-01-01 23:22:43'),
(71, 1, 1, '2724', 0, '2014-01-04 01:47:08'),
(72, 1, 1, '2724', 0, '2014-01-04 01:47:08'),
(73, 1, 1, '7-', 0, '2014-01-04 01:47:10'),
(74, 1, 1, '7-e', 0, '2014-01-04 01:47:10'),
(75, 1, 1, '7-et', 0, '2014-01-04 01:47:11'),
(76, 1, 1, '7-eti', 10, '2014-01-04 01:47:11'),
(77, 1, 1, '7-eti-', 10, '2014-01-04 01:47:11'),
(78, 1, 1, '7-eti-l', 10, '2014-01-04 01:47:12'),
(79, 1, 1, '7-eti-', 10, '2014-01-04 01:47:13'),
(80, 1, 1, '7-eti-m', 10, '2014-01-04 01:47:14'),
(81, 1, 1, '7-eti-mann', 2, '2014-01-04 01:47:14'),
(82, 1, 1, '7-eti-man', 10, '2014-01-04 01:47:14'),
(83, 1, 1, '7-eti-ma', 10, '2014-01-04 01:47:14'),
(84, 1, 1, '7-eti-mann', 2, '2014-01-04 01:47:14'),
(85, 1, 1, 'h', 0, '2014-01-05 14:51:49'),
(86, 1, 1, 'hou', 2, '2014-01-05 14:51:49'),
(87, 1, 1, 'hou', 2, '2014-01-05 14:51:50'),
(88, 1, 1, 'hous', 2, '2014-01-05 14:51:51'),
(89, 1, 1, 'houss', 2, '2014-01-05 14:51:51'),
(90, 1, 1, 'housse', 2, '2014-01-05 14:51:51'),
(91, 1, 1, 'housse', 2, '2014-01-05 14:51:51'),
(92, 1, 1, '1-', 0, '2014-01-08 02:01:25'),
(93, 1, 1, '1', 0, '2014-01-08 02:01:25'),
(94, 1, 1, '1-en', 0, '2014-01-08 02:01:25'),
(95, 1, 1, '1-en', 0, '2014-01-08 02:01:27'),
(96, 1, 1, '1-en', 0, '2014-01-08 02:01:27'),
(97, 1, 1, '1-env-bul-h/15-c/15-k/10', 27, '2014-01-08 02:01:28'),
(98, 1, 1, '1-env-bul-h/15-c/15-k/10', 27, '2014-01-08 02:01:28'),
(99, 1, 1, '1-env-bul-h/15-c/15-k/10', 27, '2014-01-08 02:01:29'),
(100, 1, 1, '1', 0, '2014-01-24 11:02:37'),
(101, 1, 1, '1-', 0, '2014-01-24 11:02:38'),
(102, 1, 1, '1-e', 0, '2014-01-24 11:02:39'),
(103, 1, 1, '1-en', 0, '2014-01-24 11:02:39'),
(104, 1, 1, '1-env', 48, '2014-01-24 11:03:21'),
(105, 1, 1, '1-env-', 48, '2014-01-24 11:03:22'),
(106, 1, 1, '1-env-b', 48, '2014-01-24 11:03:23'),
(107, 1, 1, '1-env-bu', 48, '2014-01-24 11:03:25'),
(108, 1, 1, '1-env-bul', 28, '2014-01-24 11:03:26'),
(109, 1, 1, '1-env-bul-', 28, '2014-01-24 11:03:28'),
(110, 1, 1, '1-env-bul-c', 28, '2014-01-24 11:03:29'),
(111, 1, 1, '1-env-bul-c', 28, '2014-01-24 11:03:33'),
(112, 1, 1, '1-env-bul-c', 28, '2014-01-24 11:03:34'),
(113, 1, 1, '1-env-bul-c', 28, '2014-01-24 11:03:58'),
(114, 1, 1, 'ENV-BUL- D/100', 10, '2014-03-03 14:46:34'),
(115, 1, 1, 'ENV-BUL- D/100', 10, '2014-03-03 14:46:35'),
(116, 1, 1, 'ENV-BUL- D/100', 10, '2014-03-03 14:46:35'),
(117, 1, 1, 'ENV-BUL- D/100', 10, '2014-03-03 14:46:36'),
(118, 1, 1, '100 enveloppes bulle D D/4 180 x 260', 0, '2014-03-03 17:56:11'),
(119, 1, 1, '100 enveloppes bulle D D/4 180 x 260', 0, '2014-03-03 17:56:11'),
(120, 1, 1, '100 enveloppes bulle D D/4 180 x 260', 0, '2014-03-03 17:56:12'),
(121, 1, 1, '100 enveloppes bulle D D/4 180 x 260', 0, '2014-03-03 17:56:12'),
(122, 1, 1, '1-ENV-BUL-D/100', 10, '2014-03-03 17:57:00'),
(123, 1, 1, '1-ENV-BUL-D/100', 10, '2014-03-03 17:57:01'),
(124, 1, 1, '1-ENV-BUL-D/100', 10, '2014-03-03 17:57:02'),
(125, 1, 1, '1-ENV-BUL-D/100', 10, '2014-03-03 17:57:02'),
(126, 1, 1, '1-ENV-BUL-D/10', 30, '2014-03-03 17:57:29'),
(127, 1, 1, '1-ENV-BUL-D/', 30, '2014-03-03 17:57:31'),
(128, 1, 1, '1-ENV-BUL-D', 30, '2014-03-03 17:57:31'),
(129, 1, 1, '1-ENV-BUL-D/1', 30, '2014-03-03 17:57:32'),
(130, 1, 1, 'ENV-BUL', 30, '2014-03-03 17:57:32'),
(131, 1, 1, '1-ENV-BUL-', 30, '2014-03-03 17:57:33'),
(132, 1, 1, '1-ENV-BUL', 30, '2014-03-03 17:57:33'),
(133, 1, 1, '1-ENV-BUL', 30, '2014-03-03 17:57:34'),
(134, 1, 1, 'ENV-BUL', 30, '2014-03-03 17:57:34'),
(135, 1, 1, '1-ENV-BUL', 30, '2014-03-03 17:57:35'),
(136, 1, 1, '1-ENV-BUL', 30, '2014-03-03 17:57:36'),
(137, 1, 1, 'ENV-BUL', 30, '2014-03-03 17:57:38'),
(138, 1, 1, '-ENV-BUL', 30, '2014-03-03 17:57:39'),
(139, 1, 1, 'ENV-BUL', 30, '2014-03-03 17:57:40'),
(140, 1, 1, 'ENV-BUL', 30, '2014-03-03 17:58:28'),
(141, 1, 1, 'ENV-BUL', 30, '2014-03-03 17:58:50'),
(142, 1, 1, 'c', 0, '2014-03-05 19:45:44'),
(143, 1, 1, 'ca', 0, '2014-03-05 19:45:45'),
(144, 1, 1, 'cart', 317, '2014-03-05 19:45:52'),
(145, 1, 1, 'car', 327, '2014-03-05 19:45:52'),
(146, 1, 1, 'carton', 317, '2014-03-05 19:45:53'),
(147, 1, 1, 'carton', 317, '2014-03-05 19:45:53'),
(148, 1, 1, 'carto', 317, '2014-03-05 19:45:53'),
(149, 1, 1, '24', 0, '2014-03-05 19:47:44'),
(150, 1, 1, '24', 0, '2014-03-05 19:47:50'),
(151, 1, 1, '2', 0, '2014-03-05 19:47:50'),
(152, 1, 1, '20', 0, '2014-03-05 19:47:51'),
(153, 1, 1, '240', 10, '2014-03-05 19:47:55'),
(154, 1, 1, '240', 10, '2014-03-05 19:47:56'),
(155, 1, 1, '240 *', 10, '2014-03-05 19:48:00'),
(156, 1, 1, '240 ', 10, '2014-03-05 19:48:05'),
(157, 1, 1, '240', 10, '2014-03-05 19:48:06'),
(158, 1, 1, '240 ', 10, '2014-03-05 19:48:09'),
(159, 1, 1, '200 * 140', 6, '2014-03-05 19:48:17'),
(160, 1, 1, '200 * 140 *', 6, '2014-03-05 19:48:17'),
(161, 1, 1, '200 * 140 ', 6, '2014-03-05 19:48:18'),
(162, 1, 1, '200 * 140 * 4', 6, '2014-03-05 19:48:19'),
(163, 1, 1, '200 * 140 * ', 6, '2014-03-05 19:48:19'),
(164, 1, 1, '200 * 140 * ', 6, '2014-03-05 19:48:20'),
(165, 1, 1, '200 * 140 * 14', 6, '2014-03-05 19:48:21'),
(166, 1, 1, '200 * 140 * 1', 6, '2014-03-05 19:48:21'),
(167, 1, 1, '200 * 140 * 140', 6, '2014-03-05 19:48:22'),
(168, 1, 1, '200 * 140 * 140', 6, '2014-03-05 19:48:24'),
(169, 1, 1, '200', 103, '2014-03-05 19:48:36'),
(170, 1, 1, '200 *', 103, '2014-03-05 19:48:36'),
(171, 1, 1, '200 * ', 103, '2014-03-05 19:48:37'),
(172, 1, 1, '200 * 1', 103, '2014-03-05 19:48:37'),
(173, 1, 1, '200 ', 103, '2014-03-05 19:48:37'),
(174, 1, 1, '200 * 140 * 140', 6, '2014-03-05 19:48:39'),
(175, 1, 1, '200 * 14', 103, '2014-03-05 19:48:41'),
(176, 1, 1, 's', 0, '2014-03-05 19:51:50'),
(177, 1, 1, 'sc', 0, '2014-03-05 19:51:50'),
(178, 1, 1, 'sco', 2, '2014-03-05 19:51:54'),
(179, 1, 1, 'scotc', 2, '2014-03-05 19:51:55'),
(180, 1, 1, 'scotch', 2, '2014-03-05 19:51:55'),
(181, 1, 1, 'scot', 2, '2014-03-05 19:51:55'),
(182, 1, 1, 'scotch', 2, '2014-03-05 19:51:56'),
(183, 1, 1, 'FILM A BULLES 100 x 100 ', 17, '2014-03-05 20:05:04'),
(184, 1, 1, 'FILM A BULLES 100 x 100 ', 17, '2014-03-05 20:05:04'),
(185, 1, 1, 'FILM A BULLES 100 x 100 ', 17, '2014-03-05 20:05:05'),
(186, 1, 1, '1', 0, '2014-03-10 09:57:17'),
(187, 1, 1, '1-', 0, '2014-03-10 09:57:18'),
(188, 1, 1, '1-en', 0, '2014-03-10 09:57:19'),
(189, 1, 1, '1-e', 0, '2014-03-10 09:57:19'),
(190, 1, 1, '1-env', 50, '2014-03-10 09:57:59'),
(191, 1, 1, '1-env-bul-c', 30, '2014-03-10 09:58:00'),
(192, 1, 1, '1-env', 50, '2014-03-10 09:58:00'),
(193, 1, 1, '1-env-bul-c', 30, '2014-03-10 09:58:02'),
(194, 1, 1, '1-env-bul-c', 30, '2014-03-10 09:58:19'),
(195, 1, 1, '1-env-bul-c', 30, '2014-03-10 09:58:20'),
(196, 1, 1, '6-PPH-66/36', 0, '2014-03-10 17:08:46'),
(197, 1, 1, '6-PPH-66/36', 0, '2014-03-10 17:08:46'),
(198, 1, 1, '6-PPH-66/36', 0, '2014-03-10 17:08:47');

-- --------------------------------------------------------

--
-- Structure de la table `ps_stock`
--

CREATE TABLE IF NOT EXISTS `ps_stock` (
  `id_stock` int(11) unsigned NOT NULL AUTO_INCREMENT,
  `id_warehouse` int(11) unsigned NOT NULL,
  `id_product` int(11) unsigned NOT NULL,
  `id_product_attribute` int(11) unsigned NOT NULL,
  `reference` varchar(32) NOT NULL,
  `ean13` varchar(13) DEFAULT NULL,
  `upc` varchar(12) DEFAULT NULL,
  `physical_quantity` int(11) unsigned NOT NULL,
  `usable_quantity` int(11) unsigned NOT NULL,
  `price_te` decimal(20,6) DEFAULT '0.000000',
  PRIMARY KEY (`id_stock`),
  KEY `id_warehouse` (`id_warehouse`),
  KEY `id_product` (`id_product`),
  KEY `id_product_attribute` (`id_product_attribute`)
) ENGINE=InnoDB  DEFAULT CHARSET=utf8 AUTO_INCREMENT=11 ;

--
-- Contenu de la table `ps_stock`
--

INSERT INTO `ps_stock` (`id_stock`, `id_warehouse`, `id_product`, `id_product_attribute`, `reference`, `ean13`, `upc`, `physical_quantity`, `usable_quantity`, `price_te`) VALUES
(1, 1, 10, 55, '9-bol-rose', '', '', 2, 2, 1.500000),
(2, 1, 10, 56, '9-bol-vert', '', '', 2, 2, 1.500000),
(3, 1, 10, 58, '9-bol-noir', '', '', 2, 2, 0.000000),
(4, 1, 10, 57, '9-bol-orange', '', '', 2, 2, 1.500000),
(5, 1, 117, 0, '1-ENV-BUL-H', '', '', 0, 0, 0.280000),
(6, 1, 21, 0, 'PPH-50x66', '3108241866465', '000000000021', 10, 10, 0.840000),
(7, 1, 24, 0, 'RL-B80-100X100', '3108241045204', '000000000024', 24, 24, 25.080000),
(9, 1, 125, 0, '1-RL-100x75-AD', '', '', 10, 10, 25.080000),
(10, 1, 120, 0, '1-RL-B80-100', '', '', 0, 0, 25.080000);

-- --------------------------------------------------------

--
-- Structure de la table `ps_stock_available`
--

CREATE TABLE IF NOT EXISTS `ps_stock_available` (
  `id_stock_available` int(11) unsigned NOT NULL AUTO_INCREMENT,
  `id_product` int(11) unsigned NOT NULL,
  `id_product_attribute` int(11) unsigned NOT NULL,
  `id_shop` int(11) unsigned NOT NULL,
  `id_shop_group` int(11) unsigned NOT NULL,
  `quantity` int(10) NOT NULL DEFAULT '0',
  `depends_on_stock` tinyint(1) unsigned NOT NULL DEFAULT '0',
  `out_of_stock` tinyint(1) unsigned NOT NULL DEFAULT '0',
  PRIMARY KEY (`id_stock_available`),
  UNIQUE KEY `product_sqlstock` (`id_product`,`id_product_attribute`,`id_shop`,`id_shop_group`),
  KEY `id_shop` (`id_shop`),
  KEY `id_shop_group` (`id_shop_group`),
  KEY `id_product` (`id_product`),
  KEY `id_product_attribute` (`id_product_attribute`)
) ENGINE=InnoDB  DEFAULT CHARSET=utf8 AUTO_INCREMENT=3567 ;

--
-- Contenu de la table `ps_stock_available`
--

INSERT INTO `ps_stock_available` (`id_stock_available`, `id_product`, `id_product_attribute`, `id_shop`, `id_shop_group`, `quantity`, `depends_on_stock`, `out_of_stock`) VALUES
(2, 9, 0, 1, 0, 2147483646, 0, 0),
(4, 11, 0, 1, 0, 2147483646, 0, 0),
(6, 16, 0, 1, 0, 2147483646, 0, 0),
(7, 19, 0, 1, 0, 2147483646, 0, 0),
(10, 10, 0, 1, 0, 2147483628, 0, 1),
(11, 14, 0, 1, 0, 0, 0, 0),
(12, 17, 0, 1, 0, 2147483646, 0, 0),
(13, 20, 0, 1, 0, 2147483646, 0, 0),
(14, 23, 0, 1, 0, 2147483646, 1, 0),
(15, 26, 0, 1, 0, 2147483641, 0, 0),
(16, 15, 0, 1, 0, 2147477553, 0, 2),
(17, 18, 0, 1, 0, 2147483646, 0, 1),
(18, 21, 0, 1, 0, 2147483646, 1, 0),
(19, 24, 0, 1, 0, 2147483646, 1, 2),
(20, 27, 0, 1, 0, 2147483636, 0, 0),
(109, 117, 0, 1, 0, 2147481816, 0, 2),
(111, 119, 0, 1, 0, 2147483646, 0, 2),
(112, 120, 0, 1, 0, 2147483642, 0, 2),
(113, 121, 0, 1, 0, 2147483646, 0, 2),
(114, 122, 0, 1, 0, 2147483646, 0, 2),
(116, 124, 0, 1, 0, 2147483646, 0, 2),
(117, 125, 0, 1, 0, 2147483646, 0, 2),
(118, 126, 0, 1, 0, 2147483633, 0, 2),
(119, 127, 0, 1, 0, 2147483641, 0, 2),
(120, 128, 0, 1, 0, 2147483646, 0, 2),
(121, 129, 0, 1, 0, 2147483643, 0, 2),
(122, 130, 0, 1, 0, 2147483644, 0, 2),
(124, 132, 0, 1, 0, 2147483646, 0, 2),
(126, 134, 0, 1, 0, 2147483641, 0, 2),
(127, 135, 0, 1, 0, 2147482546, 0, 2),
(128, 136, 0, 1, 0, 2147483646, 0, 2),
(129, 137, 0, 1, 0, 2147483646, 0, 2),
(130, 138, 0, 1, 0, 2147474991, 0, 2),
(131, 139, 0, 1, 0, 2147483645, 0, 2),
(132, 140, 0, 1, 0, 2147483646, 0, 2),
(133, 141, 0, 1, 0, 2147481326, 0, 2),
(134, 142, 0, 1, 0, 2147483646, 0, 2),
(135, 143, 0, 1, 0, 2147482736, 0, 2),
(137, 145, 0, 1, 0, 2147483646, 0, 2),
(139, 147, 0, 1, 0, 2147483646, 0, 2),
(140, 148, 0, 1, 0, 2147483646, 0, 2),
(141, 149, 0, 1, 0, 2147483644, 0, 1),
(142, 150, 0, 1, 0, 2147483646, 0, 2),
(143, 151, 0, 1, 0, 2147483646, 0, 2),
(144, 152, 0, 1, 0, 2147483584, 0, 2),
(145, 153, 0, 1, 0, 2147483641, 0, 2),
(146, 154, 0, 1, 0, 2147483646, 0, 2),
(147, 155, 0, 1, 0, 2147483646, 0, 2),
(148, 156, 0, 1, 0, 2147483646, 0, 2),
(149, 157, 0, 1, 0, 2147483646, 0, 2),
(152, 160, 0, 1, 0, 2147483646, 0, 2),
(153, 161, 0, 1, 0, 2147477066, 0, 2),
(154, 162, 0, 1, 0, 2147483646, 0, 2),
(155, 163, 0, 1, 0, 2147483646, 0, 2),
(156, 164, 0, 1, 0, 2147483646, 0, 2),
(157, 165, 0, 1, 0, 2147483646, 0, 2),
(158, 166, 0, 1, 0, 2147481106, 0, 2),
(160, 168, 0, 1, 0, 2147483036, 0, 2),
(162, 170, 0, 1, 0, 2147483646, 0, 2),
(163, 171, 0, 1, 0, 2147483646, 0, 2),
(164, 172, 0, 1, 0, 2147483646, 0, 2),
(165, 173, 0, 1, 0, 2147483646, 0, 2),
(166, 174, 0, 1, 0, 2147483644, 0, 2),
(168, 176, 0, 1, 0, 2147483646, 0, 2),
(169, 177, 0, 1, 0, 2147483646, 0, 2),
(170, 178, 0, 1, 0, 2147483645, 0, 2),
(171, 179, 0, 1, 0, 2147483645, 0, 2),
(176, 184, 0, 1, 0, 2147471741, 0, 2),
(177, 185, 0, 1, 0, 2147483646, 0, 2),
(178, 186, 0, 1, 0, 2147483646, 0, 2),
(179, 187, 0, 1, 0, 2147483626, 0, 2),
(180, 188, 0, 1, 0, 2147483646, 0, 2),
(181, 189, 0, 1, 0, 2147483646, 0, 2),
(182, 190, 0, 1, 0, 2147478786, 0, 2),
(183, 191, 0, 1, 0, 2147483646, 0, 2),
(840, 202, 0, 1, 0, 2147483646, 0, 2),
(845, 207, 0, 1, 0, 2147483646, 0, 2),
(851, 213, 0, 1, 0, 2147483646, 0, 2),
(852, 214, 0, 1, 0, 2147483646, 0, 2),
(854, 216, 0, 1, 0, 2147483646, 0, 2),
(855, 217, 0, 1, 0, 2147483646, 0, 2),
(856, 218, 0, 1, 0, 2147483646, 0, 2),
(857, 219, 0, 1, 0, 2147483646, 0, 2),
(860, 222, 0, 1, 0, 2147483646, 0, 2),
(863, 225, 0, 1, 0, 2147483646, 0, 2),
(864, 226, 0, 1, 0, 2147483646, 0, 2),
(867, 229, 0, 1, 0, 2147483646, 0, 2),
(868, 230, 0, 1, 0, 2147483646, 0, 2),
(877, 239, 0, 1, 0, 2147483646, 0, 2),
(878, 240, 0, 1, 0, 2147483646, 0, 2),
(879, 241, 0, 1, 0, 2147483646, 0, 2),
(880, 242, 0, 1, 0, 2147483646, 0, 2),
(1212, 574, 0, 1, 0, 2147483646, 0, 2),
(1214, 576, 0, 1, 0, 2147483646, 0, 2),
(1215, 577, 0, 1, 0, 2147483646, 0, 2),
(1241, 603, 0, 1, 0, 2147483646, 0, 2),
(1243, 605, 0, 1, 0, 2147483646, 0, 2),
(1597, 201, 0, 1, 0, 2147483646, 0, 2),
(1598, 203, 0, 1, 0, 2147483646, 0, 2),
(1599, 204, 0, 1, 0, 2147483646, 0, 2),
(1600, 205, 0, 1, 0, 2147483646, 0, 2),
(1601, 206, 0, 1, 0, 2147483646, 0, 2),
(1602, 208, 0, 1, 0, 2147483646, 0, 2),
(1603, 209, 0, 1, 0, 2147483646, 0, 2),
(1604, 210, 0, 1, 0, 2147483646, 0, 2),
(1605, 211, 0, 1, 0, 2147483646, 0, 2),
(1606, 215, 0, 1, 0, 2147483646, 0, 2),
(1607, 220, 0, 1, 0, 2147483646, 0, 2),
(1608, 221, 0, 1, 0, 2147483646, 0, 2),
(1609, 223, 0, 1, 0, 2147483646, 0, 2),
(1610, 224, 0, 1, 0, 2147483646, 0, 2),
(1611, 227, 0, 1, 0, 2147483646, 0, 2),
(1612, 228, 0, 1, 0, 2147483646, 0, 2),
(1613, 231, 0, 1, 0, 2147483646, 0, 2),
(1614, 232, 0, 1, 0, 2147483646, 0, 2),
(1615, 233, 0, 1, 0, 2147483646, 0, 2),
(1616, 234, 0, 1, 0, 2147483646, 0, 2),
(1617, 235, 0, 1, 0, 2147483646, 0, 2),
(1618, 236, 0, 1, 0, 2147483646, 0, 2),
(1619, 237, 0, 1, 0, 2147483646, 0, 2),
(1620, 238, 0, 1, 0, 2147483646, 0, 2),
(1621, 243, 0, 1, 0, 2147483646, 0, 2),
(1622, 244, 0, 1, 0, 2147483646, 0, 2),
(1623, 245, 0, 1, 0, 2147483646, 0, 2),
(1624, 246, 0, 1, 0, 2147483646, 0, 2),
(1625, 247, 0, 1, 0, 2147483646, 0, 2),
(1626, 248, 0, 1, 0, 2147483646, 0, 2),
(1627, 249, 0, 1, 0, 2147483646, 0, 2),
(1628, 250, 0, 1, 0, 2147483646, 0, 2),
(1629, 251, 0, 1, 0, 2147483646, 0, 2),
(1630, 252, 0, 1, 0, 2147483646, 0, 2),
(1631, 253, 0, 1, 0, 2147483646, 0, 2),
(1632, 254, 0, 1, 0, 2147483646, 0, 2),
(1633, 255, 0, 1, 0, 2147483646, 0, 2),
(1634, 256, 0, 1, 0, 2147483646, 0, 2),
(1635, 257, 0, 1, 0, 2147483646, 0, 2),
(1636, 258, 0, 1, 0, 2147483646, 0, 2),
(1637, 259, 0, 1, 0, 2147483646, 0, 2),
(1638, 260, 0, 1, 0, 2147483646, 0, 2),
(1639, 261, 0, 1, 0, 2147483646, 0, 2),
(1640, 262, 0, 1, 0, 2147483646, 0, 2),
(1641, 263, 0, 1, 0, 2147483646, 0, 2),
(1642, 264, 0, 1, 0, 2147483646, 0, 2),
(1643, 265, 0, 1, 0, 2147483646, 0, 2),
(1644, 266, 0, 1, 0, 2147483646, 0, 2),
(1645, 267, 0, 1, 0, 2147483646, 0, 2),
(1646, 268, 0, 1, 0, 2147483646, 0, 2),
(1647, 269, 0, 1, 0, 2147483646, 0, 2),
(1648, 270, 0, 1, 0, 2147483646, 0, 2),
(1649, 271, 0, 1, 0, 2147483646, 0, 2),
(1650, 272, 0, 1, 0, 2147483646, 0, 2),
(1651, 273, 0, 1, 0, 2147483646, 0, 2),
(1652, 274, 0, 1, 0, 2147483646, 0, 2),
(1653, 291, 0, 1, 0, 2147483646, 0, 2),
(1656, 296, 0, 1, 0, 2147483646, 0, 2),
(1657, 297, 0, 1, 0, 2147483646, 0, 2),
(1658, 298, 0, 1, 0, 2147483646, 0, 2),
(1659, 299, 0, 1, 0, 2147483646, 0, 2),
(1660, 300, 0, 1, 0, 2147483646, 0, 2),
(1661, 301, 0, 1, 0, 2147483646, 0, 2),
(1662, 305, 0, 1, 0, 2147483646, 0, 2),
(1663, 306, 0, 1, 0, 2147483646, 0, 2),
(1664, 307, 0, 1, 0, 2147483646, 0, 2),
(1665, 308, 0, 1, 0, 2147483646, 0, 2),
(1666, 309, 0, 1, 0, 2147483646, 0, 2),
(1667, 310, 0, 1, 0, 2147483646, 0, 2),
(1668, 311, 0, 1, 0, 2147483646, 0, 2),
(1669, 312, 0, 1, 0, 2147483646, 0, 2),
(1670, 313, 0, 1, 0, 2147483646, 0, 2),
(1671, 314, 0, 1, 0, 2147483646, 0, 2),
(1672, 315, 0, 1, 0, 2147483646, 0, 2),
(1673, 316, 0, 1, 0, 2147483646, 0, 2),
(1674, 317, 0, 1, 0, 2147483646, 0, 2),
(1675, 318, 0, 1, 0, 2147483646, 0, 2),
(1676, 319, 0, 1, 0, 2147483646, 0, 2),
(1677, 320, 0, 1, 0, 2147483646, 0, 2),
(1678, 321, 0, 1, 0, 2147483646, 0, 2),
(1679, 322, 0, 1, 0, 2147483646, 0, 2),
(1680, 323, 0, 1, 0, 2147483646, 0, 2),
(1681, 324, 0, 1, 0, 2147483646, 0, 2),
(1682, 325, 0, 1, 0, 2147483646, 0, 2),
(1683, 326, 0, 1, 0, 2147483646, 0, 2),
(1684, 327, 0, 1, 0, 2147483646, 0, 2),
(1685, 328, 0, 1, 0, 2147483646, 0, 2),
(1686, 329, 0, 1, 0, 2147483646, 0, 2),
(1687, 330, 0, 1, 0, 2147483646, 0, 2),
(1688, 331, 0, 1, 0, 2147483646, 0, 2),
(1689, 332, 0, 1, 0, 2147483646, 0, 2),
(1690, 333, 0, 1, 0, 2147483646, 0, 2),
(1691, 334, 0, 1, 0, 2147483646, 0, 2),
(1692, 335, 0, 1, 0, 2147483646, 0, 2),
(1693, 336, 0, 1, 0, 2147483646, 0, 2),
(1694, 337, 0, 1, 0, 2147483646, 0, 2),
(1695, 338, 0, 1, 0, 2147483646, 0, 2),
(1696, 339, 0, 1, 0, 2147483646, 0, 2),
(1697, 340, 0, 1, 0, 2147483646, 0, 2),
(1698, 341, 0, 1, 0, 2147483646, 0, 2),
(1699, 342, 0, 1, 0, 2147483646, 0, 2),
(1700, 343, 0, 1, 0, 2147483646, 0, 2),
(1701, 344, 0, 1, 0, 2147483646, 0, 2),
(1702, 345, 0, 1, 0, 2147483646, 0, 2),
(1703, 346, 0, 1, 0, 2147483646, 0, 2),
(1704, 347, 0, 1, 0, 2147483646, 0, 2),
(1705, 348, 0, 1, 0, 2147483646, 0, 2),
(1706, 349, 0, 1, 0, 2147483646, 0, 2),
(1707, 350, 0, 1, 0, 2147483646, 0, 2),
(1708, 351, 0, 1, 0, 2147483646, 0, 2),
(1709, 352, 0, 1, 0, 2147483646, 0, 2),
(1710, 353, 0, 1, 0, 2147483646, 0, 2),
(1711, 354, 0, 1, 0, 2147483646, 0, 2),
(1712, 355, 0, 1, 0, 2147483646, 0, 2),
(1713, 356, 0, 1, 0, 2147483646, 0, 2),
(1714, 357, 0, 1, 0, 2147483646, 0, 2),
(1715, 358, 0, 1, 0, 2147483646, 0, 2),
(1716, 359, 0, 1, 0, 2147483646, 0, 2),
(1717, 360, 0, 1, 0, 2147483646, 0, 2),
(1718, 361, 0, 1, 0, 2147483646, 0, 2),
(1719, 362, 0, 1, 0, 2147483646, 0, 2),
(1720, 363, 0, 1, 0, 2147483646, 0, 2),
(1721, 364, 0, 1, 0, 2147483646, 0, 2),
(1722, 365, 0, 1, 0, 2147483646, 0, 2),
(1723, 366, 0, 1, 0, 2147483646, 0, 2),
(1724, 367, 0, 1, 0, 2147483646, 0, 2),
(1725, 368, 0, 1, 0, 2147483646, 0, 2),
(1726, 369, 0, 1, 0, 2147483646, 0, 2),
(1727, 370, 0, 1, 0, 2147483646, 0, 2),
(1728, 371, 0, 1, 0, 2147483646, 0, 2),
(1729, 372, 0, 1, 0, 2147483646, 0, 2),
(1730, 373, 0, 1, 0, 2147483646, 0, 2),
(1731, 374, 0, 1, 0, 2147483646, 0, 2),
(1732, 375, 0, 1, 0, 2147483646, 0, 2),
(1733, 376, 0, 1, 0, 2147483646, 0, 2),
(1734, 378, 0, 1, 0, 2147483646, 0, 2),
(1735, 379, 0, 1, 0, 2147483646, 0, 2),
(1736, 380, 0, 1, 0, 2147483646, 0, 2),
(1737, 381, 0, 1, 0, 2147483646, 0, 2),
(1738, 382, 0, 1, 0, 2147483646, 0, 2),
(1739, 383, 0, 1, 0, 2147483646, 0, 2),
(1740, 384, 0, 1, 0, 2147483646, 0, 2),
(1741, 385, 0, 1, 0, 2147483646, 0, 2),
(1742, 386, 0, 1, 0, 2147483646, 0, 2),
(1743, 387, 0, 1, 0, 2147483646, 0, 2),
(1744, 388, 0, 1, 0, 2147483646, 0, 2),
(1745, 389, 0, 1, 0, 2147483646, 0, 2),
(1746, 390, 0, 1, 0, 2147483646, 0, 2),
(1747, 391, 0, 1, 0, 2147483646, 0, 2),
(1748, 392, 0, 1, 0, 2147483646, 0, 2),
(1749, 393, 0, 1, 0, 2147483646, 0, 2),
(1750, 394, 0, 1, 0, 2147483646, 0, 2),
(1751, 395, 0, 1, 0, 2147483646, 0, 2),
(1752, 396, 0, 1, 0, 2147483646, 0, 2),
(1753, 397, 0, 1, 0, 2147483646, 0, 2),
(1754, 398, 0, 1, 0, 2147483646, 0, 2),
(1755, 399, 0, 1, 0, 2147483646, 0, 2),
(1756, 400, 0, 1, 0, 2147483646, 0, 2),
(1757, 401, 0, 1, 0, 2147483646, 0, 2),
(1758, 402, 0, 1, 0, 2147483646, 0, 2),
(1759, 403, 0, 1, 0, 2147483646, 0, 2),
(1760, 404, 0, 1, 0, 2147483646, 0, 2),
(1761, 405, 0, 1, 0, 2147483646, 0, 2),
(1762, 406, 0, 1, 0, 2147483646, 0, 2),
(1763, 407, 0, 1, 0, 2147483646, 0, 2),
(1764, 408, 0, 1, 0, 2147483646, 0, 2),
(1765, 409, 0, 1, 0, 2147483646, 0, 2),
(1766, 410, 0, 1, 0, 2147483646, 0, 2),
(1767, 411, 0, 1, 0, 2147483646, 0, 2),
(1768, 412, 0, 1, 0, 2147483646, 0, 2),
(1769, 414, 0, 1, 0, 2147483646, 0, 2),
(1770, 415, 0, 1, 0, 2147483646, 0, 2),
(1771, 416, 0, 1, 0, 2147483646, 0, 2),
(1773, 418, 0, 1, 0, 2147483646, 0, 2),
(1774, 420, 0, 1, 0, 2147483646, 0, 2),
(1775, 421, 0, 1, 0, 2147483646, 0, 2),
(1776, 422, 0, 1, 0, 2147483646, 0, 2),
(1777, 423, 0, 1, 0, 2147483646, 0, 2),
(1778, 424, 0, 1, 0, 2147483646, 0, 2),
(1779, 425, 0, 1, 0, 2147483646, 0, 2),
(1780, 426, 0, 1, 0, 2147483646, 0, 2),
(1781, 427, 0, 1, 0, 2147483100, 0, 2),
(1782, 428, 0, 1, 0, 2147483646, 0, 2),
(1783, 429, 0, 1, 0, 2147483646, 0, 2),
(1784, 430, 0, 1, 0, 2147483608, 0, 2),
(1785, 431, 0, 1, 0, 2147483600, 0, 2),
(1786, 432, 0, 1, 0, 2147483646, 0, 2),
(1787, 433, 0, 1, 0, 2147483640, 0, 2),
(1788, 434, 0, 1, 0, 2147483646, 0, 2),
(1789, 435, 0, 1, 0, 2147483640, 0, 2),
(1790, 436, 0, 1, 0, 2147483628, 0, 2),
(1791, 437, 0, 1, 0, 2147483624, 0, 2),
(1792, 438, 0, 1, 0, 2147483646, 0, 2),
(1793, 443, 0, 1, 0, 2147483646, 0, 2),
(1794, 453, 0, 1, 0, 2147483646, 0, 2),
(1795, 454, 0, 1, 0, 2147483646, 0, 2),
(1796, 459, 0, 1, 0, 2147483646, 0, 2),
(1797, 460, 0, 1, 0, 2147483646, 0, 2),
(1798, 461, 0, 1, 0, 2147483646, 0, 2),
(1799, 462, 0, 1, 0, 2147483646, 0, 2),
(1800, 468, 0, 1, 0, 2147483646, 0, 2),
(1801, 470, 0, 1, 0, 2147483646, 0, 2),
(1802, 471, 0, 1, 0, 2147483626, 0, 2),
(1803, 472, 0, 1, 0, 2147483646, 0, 2),
(1804, 473, 0, 1, 0, 2147483646, 0, 2),
(1805, 474, 0, 1, 0, 2147483646, 0, 2),
(1806, 475, 0, 1, 0, 2147483646, 0, 2),
(1807, 476, 0, 1, 0, 2147483346, 0, 2),
(1808, 477, 0, 1, 0, 2147483646, 0, 2),
(1809, 478, 0, 1, 0, 2147483086, 0, 2),
(1810, 479, 0, 1, 0, 2147483606, 0, 2),
(1811, 480, 0, 1, 0, 2147483646, 0, 2),
(1812, 481, 0, 1, 0, 2147483646, 0, 2),
(1813, 482, 0, 1, 0, 2147483646, 0, 2),
(1814, 483, 0, 1, 0, 2147483222, 0, 2),
(1815, 484, 0, 1, 0, 2147483646, 0, 2),
(1816, 485, 0, 1, 0, 2147483626, 0, 2),
(1817, 486, 0, 1, 0, 2147483646, 0, 2),
(1818, 487, 0, 1, 0, 2147483626, 0, 2),
(1819, 488, 0, 1, 0, 2147483626, 0, 2),
(1820, 489, 0, 1, 0, 2147483586, 0, 2),
(1821, 490, 0, 1, 0, 2147483646, 0, 2),
(1822, 491, 0, 1, 0, 2147483646, 0, 2),
(1823, 492, 0, 1, 0, 2147483606, 0, 2),
(1824, 493, 0, 1, 0, 2147483646, 0, 2),
(1825, 494, 0, 1, 0, 2147483646, 0, 2),
(1826, 495, 0, 1, 0, 2147483646, 0, 2),
(1827, 496, 0, 1, 0, 2147483646, 0, 2),
(1828, 497, 0, 1, 0, 2147483646, 0, 2),
(1829, 498, 0, 1, 0, 2147483646, 0, 2),
(1830, 499, 0, 1, 0, 2147483646, 0, 2),
(1831, 500, 0, 1, 0, 2147483646, 0, 2),
(1832, 501, 0, 1, 0, 2147483646, 0, 2),
(1833, 502, 0, 1, 0, 2147483646, 0, 2),
(1834, 503, 0, 1, 0, 2147483646, 0, 2),
(1835, 504, 0, 1, 0, 2147483646, 0, 2),
(1836, 505, 0, 1, 0, 2147483646, 0, 2),
(1837, 506, 0, 1, 0, 2147483646, 0, 2),
(1838, 507, 0, 1, 0, 2147483646, 0, 2),
(1839, 508, 0, 1, 0, 2147483646, 0, 2),
(1840, 509, 0, 1, 0, 2147483646, 0, 2),
(1841, 510, 0, 1, 0, 2147483646, 0, 2),
(1842, 511, 0, 1, 0, 2147483646, 0, 2),
(1843, 512, 0, 1, 0, 2147483646, 0, 2),
(1844, 513, 0, 1, 0, 2147483606, 0, 2),
(1845, 514, 0, 1, 0, 2147483646, 0, 2),
(1846, 515, 0, 1, 0, 2147483646, 0, 2),
(1847, 516, 0, 1, 0, 2147483646, 0, 2),
(1848, 517, 0, 1, 0, 2147483646, 0, 2),
(1849, 518, 0, 1, 0, 2147483646, 0, 2),
(1850, 519, 0, 1, 0, 2147483646, 0, 2),
(1851, 520, 0, 1, 0, 2147483646, 0, 2),
(1852, 521, 0, 1, 0, 2147483646, 0, 2),
(1853, 522, 0, 1, 0, 2147483646, 0, 2),
(1854, 523, 0, 1, 0, 2147483646, 0, 2),
(1855, 524, 0, 1, 0, 2147483646, 0, 2),
(1856, 525, 0, 1, 0, 2147483646, 0, 2),
(1857, 526, 0, 1, 0, 2147483646, 0, 2),
(1858, 527, 0, 1, 0, 2147483646, 0, 2),
(1859, 528, 0, 1, 0, 2147483646, 0, 2),
(1860, 529, 0, 1, 0, 2147483646, 0, 2),
(1861, 530, 0, 1, 0, 2147483646, 0, 2),
(1862, 531, 0, 1, 0, 2147483646, 0, 2),
(1863, 532, 0, 1, 0, 2147483646, 0, 2),
(1864, 533, 0, 1, 0, 2147483646, 0, 2),
(1865, 534, 0, 1, 0, 2147483646, 0, 2),
(1866, 535, 0, 1, 0, 2147483646, 0, 2),
(1867, 536, 0, 1, 0, 2147483646, 0, 2),
(1868, 537, 0, 1, 0, 2147483646, 0, 2),
(1869, 538, 0, 1, 0, 2147483646, 0, 2),
(1870, 539, 0, 1, 0, 2147483646, 0, 2),
(1871, 540, 0, 1, 0, 2147483646, 0, 2),
(1872, 541, 0, 1, 0, 2147483646, 0, 2),
(1873, 542, 0, 1, 0, 2147483646, 0, 2),
(1874, 543, 0, 1, 0, 2147483646, 0, 2),
(1875, 544, 0, 1, 0, 2147483646, 0, 2),
(1876, 545, 0, 1, 0, 2147483646, 0, 2),
(1877, 546, 0, 1, 0, 2147483646, 0, 2),
(1878, 547, 0, 1, 0, 2147483646, 0, 2),
(1879, 548, 0, 1, 0, 2147483646, 0, 2),
(1880, 549, 0, 1, 0, 2147483646, 0, 2),
(1881, 550, 0, 1, 0, 2147483646, 0, 2),
(1882, 551, 0, 1, 0, 2147483646, 0, 2),
(1883, 552, 0, 1, 0, 2147483646, 0, 2),
(1884, 553, 0, 1, 0, 2147483646, 0, 2),
(1885, 554, 0, 1, 0, 2147483646, 0, 2),
(1886, 555, 0, 1, 0, 2147483646, 0, 2),
(1887, 556, 0, 1, 0, 2147483646, 0, 2),
(1888, 557, 0, 1, 0, 2147483646, 0, 2),
(1889, 558, 0, 1, 0, 2147483646, 0, 2),
(1894, 544, 326, 1, 0, 2147483646, 0, 2),
(1895, 544, 327, 1, 0, 2147483646, 0, 2),
(1903, 572, 0, 1, 0, 2147483646, 0, 2),
(1905, 580, 0, 1, 0, 2147483646, 0, 2),
(1912, 561, 0, 1, 0, 2147483646, 0, 2),
(1913, 562, 0, 1, 0, 2147483646, 0, 2),
(1914, 563, 0, 1, 0, 2147483646, 0, 2),
(1915, 565, 0, 1, 0, 2147483280, 0, 2),
(1916, 566, 0, 1, 0, 2147481888, 0, 2),
(1917, 567, 0, 1, 0, 2147483646, 0, 2),
(1918, 568, 0, 1, 0, 2147483646, 0, 2),
(1919, 569, 0, 1, 0, 2147483646, 0, 2),
(1921, 571, 0, 1, 0, 2147483068, 0, 2),
(1923, 578, 0, 1, 0, 2147483646, 0, 2),
(1924, 579, 0, 1, 0, 2147483646, 0, 2),
(1925, 581, 0, 1, 0, 2147483646, 0, 2),
(1926, 582, 0, 1, 0, 2147483646, 0, 2),
(1927, 583, 0, 1, 0, 2147483646, 0, 2),
(1928, 584, 0, 1, 0, 2147483646, 0, 2),
(1929, 585, 0, 1, 0, 2147483646, 0, 2),
(1930, 586, 0, 1, 0, 2147483646, 0, 2),
(1931, 587, 0, 1, 0, 2147483646, 0, 2),
(1932, 588, 0, 1, 0, 2147483588, 0, 2),
(1933, 589, 0, 1, 0, 2147483646, 0, 2),
(1935, 591, 0, 1, 0, 2147483646, 0, 2),
(1939, 597, 0, 1, 0, 2147483646, 0, 2),
(1940, 598, 0, 1, 0, 2147483580, 0, 2),
(1941, 599, 0, 1, 0, 2147483646, 0, 2),
(1942, 600, 0, 1, 0, 2147483646, 0, 2),
(1943, 601, 0, 1, 0, 2147483646, 0, 2),
(1944, 602, 0, 1, 0, 2147483646, 0, 2),
(1945, 604, 0, 1, 0, 2147483646, 0, 2),
(1946, 606, 0, 1, 0, 2147483646, 0, 2),
(1947, 607, 0, 1, 0, 2147483646, 0, 2),
(1949, 609, 0, 1, 0, 2147483646, 0, 2),
(1956, 590, 0, 1, 0, 2147483646, 0, 2),
(1957, 592, 0, 1, 0, 2147483646, 0, 2),
(1958, 593, 0, 1, 0, 2147483645, 0, 2),
(1959, 594, 0, 1, 0, 2147483646, 0, 2),
(1960, 595, 0, 1, 0, 2147483646, 0, 2),
(1963, 528, 328, 1, 0, 2147483646, 0, 2),
(2231, 1686, 0, 1, 0, 2147483646, 0, 2),
(2318, 1773, 0, 1, 0, 2147483646, 0, 2),
(2319, 620, 0, 1, 0, 2147483646, 0, 2),
(2320, 621, 0, 1, 0, 2147483646, 0, 2),
(2321, 622, 0, 1, 0, 2147483646, 0, 2),
(2322, 623, 0, 1, 0, 2147483646, 0, 2),
(2323, 624, 0, 1, 0, 2147483646, 0, 2),
(2324, 625, 0, 1, 0, 2147483646, 0, 2),
(2325, 626, 0, 1, 0, 2147483646, 0, 2),
(2326, 627, 0, 1, 0, 2147483646, 0, 2),
(2327, 628, 0, 1, 0, 2147483646, 0, 2),
(2328, 629, 0, 1, 0, 2147483646, 0, 2),
(2329, 630, 0, 1, 0, 2147483646, 0, 2),
(2330, 631, 0, 1, 0, 2147483646, 0, 2),
(2331, 632, 0, 1, 0, 2147483646, 0, 2),
(2333, 634, 0, 1, 0, 2147483646, 0, 2),
(2334, 635, 0, 1, 0, 2147483646, 0, 2),
(2335, 636, 0, 1, 0, 2147483646, 0, 2),
(2336, 637, 0, 1, 0, 2147483646, 0, 2),
(2337, 638, 0, 1, 0, 2147483646, 0, 2),
(2338, 639, 0, 1, 0, 2147483646, 0, 2),
(2339, 640, 0, 1, 0, 2147483646, 0, 2),
(2340, 641, 0, 1, 0, 2147483646, 0, 2),
(2341, 642, 0, 1, 0, 2147483646, 0, 2),
(2342, 643, 0, 1, 0, 2147483646, 0, 2),
(2343, 644, 0, 1, 0, 2147483646, 0, 2),
(2344, 645, 0, 1, 0, 2147483646, 0, 2),
(2345, 646, 0, 1, 0, 2147483646, 0, 2),
(2346, 647, 0, 1, 0, 2147483646, 0, 2),
(2347, 648, 0, 1, 0, 2147483646, 0, 2),
(2348, 649, 0, 1, 0, 2147483646, 0, 2),
(2349, 650, 0, 1, 0, 2147483606, 0, 2),
(2350, 651, 0, 1, 0, 2147483586, 0, 2),
(2351, 652, 0, 1, 0, 2147483246, 0, 2),
(2352, 653, 0, 1, 0, 2147483646, 0, 2),
(2353, 654, 0, 1, 0, 2147483646, 0, 2),
(2354, 655, 0, 1, 0, 2147483646, 0, 2),
(2355, 656, 0, 1, 0, 2147483646, 0, 2),
(2356, 657, 0, 1, 0, 2147483646, 0, 2),
(2357, 658, 0, 1, 0, 2147483646, 0, 2),
(2358, 659, 0, 1, 0, 2147483646, 0, 2),
(2359, 660, 0, 1, 0, 2147483646, 0, 2),
(2360, 661, 0, 1, 0, 2147483646, 0, 2),
(2361, 662, 0, 1, 0, 2147483646, 0, 2),
(2362, 663, 0, 1, 0, 2147483646, 0, 2),
(2363, 664, 0, 1, 0, 2147483646, 0, 2),
(2364, 665, 0, 1, 0, 2147483646, 0, 2),
(2365, 666, 0, 1, 0, 2147483646, 0, 2),
(2366, 667, 0, 1, 0, 2147483559, 0, 2),
(2367, 668, 0, 1, 0, 2147483594, 0, 1),
(2368, 669, 0, 1, 0, 2147483646, 0, 2),
(2369, 670, 0, 1, 0, 2147483646, 0, 2),
(2370, 671, 0, 1, 0, 2147483646, 0, 2),
(2371, 672, 0, 1, 0, 2147483646, 0, 2),
(2372, 673, 0, 1, 0, 2147483646, 0, 2),
(2373, 674, 0, 1, 0, 2147483646, 0, 2),
(2374, 675, 0, 1, 0, 2147483646, 0, 2),
(2375, 676, 0, 1, 0, 2147483646, 0, 2),
(2376, 677, 0, 1, 0, 2147483646, 0, 2),
(2377, 678, 0, 1, 0, 2147483646, 0, 2),
(2378, 679, 0, 1, 0, 2147483646, 0, 2),
(2379, 680, 0, 1, 0, 2147483646, 0, 2),
(2380, 681, 0, 1, 0, 2147483646, 0, 2),
(2381, 682, 0, 1, 0, 2147483646, 0, 2),
(2382, 683, 0, 1, 0, 2147483646, 0, 2),
(2383, 684, 0, 1, 0, 2147483641, 0, 2),
(2384, 685, 0, 1, 0, 2147483644, 0, 2),
(2385, 686, 0, 1, 0, 2147483646, 0, 2),
(2387, 688, 0, 1, 0, 2147483635, 0, 2),
(2388, 689, 0, 1, 0, 2147483646, 0, 2),
(2389, 690, 0, 1, 0, 2147483646, 0, 2),
(2390, 691, 0, 1, 0, 2147483646, 0, 2),
(2391, 692, 0, 1, 0, 2147483646, 0, 2),
(2392, 693, 0, 1, 0, 2147483646, 0, 2),
(2393, 694, 0, 1, 0, 2147483646, 0, 2),
(2394, 695, 0, 1, 0, 2147483646, 0, 2),
(2395, 696, 0, 1, 0, 2147483646, 0, 2),
(2396, 697, 0, 1, 0, 2147483646, 0, 2),
(2397, 698, 0, 1, 0, 2147483646, 0, 2),
(2398, 699, 0, 1, 0, 2147483646, 0, 2),
(2399, 700, 0, 1, 0, 2147482646, 0, 2),
(2400, 701, 0, 1, 0, 2147483646, 0, 2),
(2401, 702, 0, 1, 0, 2147483646, 0, 2),
(2402, 703, 0, 1, 0, 2147483646, 0, 2),
(2403, 704, 0, 1, 0, 2147483646, 0, 2),
(2407, 708, 0, 1, 0, 2147483646, 0, 2),
(2408, 709, 0, 1, 0, 2147483646, 0, 2),
(2409, 710, 0, 1, 0, 2147483646, 0, 2),
(2410, 711, 0, 1, 0, 2147483646, 0, 2),
(2411, 712, 0, 1, 0, 2147483646, 0, 2),
(2412, 713, 0, 1, 0, 2147483646, 0, 2),
(2413, 714, 0, 1, 0, 2147483646, 0, 2),
(2414, 715, 0, 1, 0, 2147483646, 0, 2),
(2415, 716, 0, 1, 0, 2147483646, 0, 2),
(2416, 717, 0, 1, 0, 2147483646, 0, 2),
(2417, 718, 0, 1, 0, 2147483646, 0, 2),
(2418, 719, 0, 1, 0, 2147483646, 0, 2),
(2419, 720, 0, 1, 0, 2147483646, 0, 2),
(2420, 721, 0, 1, 0, 2147483646, 0, 2),
(2421, 722, 0, 1, 0, 2147483646, 0, 2),
(2422, 723, 0, 1, 0, 2147483646, 0, 2),
(2423, 724, 0, 1, 0, 2147483646, 0, 2),
(2424, 725, 0, 1, 0, 2147483646, 0, 2),
(2425, 726, 0, 1, 0, 2147483646, 0, 2),
(2426, 727, 0, 1, 0, 2147483646, 0, 2),
(2427, 728, 0, 1, 0, 2147483646, 0, 2),
(2428, 729, 0, 1, 0, 2147483646, 0, 2),
(2429, 730, 0, 1, 0, 2147483646, 0, 2),
(2430, 731, 0, 1, 0, 2147483646, 0, 2),
(2431, 732, 0, 1, 0, 2147483646, 0, 2),
(2432, 733, 0, 1, 0, 2147483646, 0, 2),
(2433, 734, 0, 1, 0, 2147483646, 0, 2),
(2434, 735, 0, 1, 0, 2147483646, 0, 2),
(2435, 736, 0, 1, 0, 2147483646, 0, 2),
(2436, 737, 0, 1, 0, 2147483646, 0, 2),
(2437, 738, 0, 1, 0, 2147483646, 0, 2),
(2438, 739, 0, 1, 0, 2147483646, 0, 2),
(2439, 740, 0, 1, 0, 2147483646, 0, 2),
(2440, 741, 0, 1, 0, 2147483646, 0, 2),
(2441, 742, 0, 1, 0, 2147483646, 0, 2),
(2442, 743, 0, 1, 0, 2147483646, 0, 2),
(2445, 746, 0, 1, 0, 2147480046, 0, 2),
(2446, 747, 0, 1, 0, 2147470000, 0, 2),
(2447, 748, 0, 1, 0, 2147483646, 0, 2),
(2448, 749, 0, 1, 0, 2147483646, 0, 2),
(2449, 750, 0, 1, 0, 2147483646, 0, 2),
(2450, 751, 0, 1, 0, 2147483646, 0, 2),
(2451, 752, 0, 1, 0, 2147483646, 0, 2),
(2452, 753, 0, 1, 0, 2147483246, 0, 2),
(2453, 754, 0, 1, 0, 2147483646, 0, 2),
(2454, 755, 0, 1, 0, 2147483646, 0, 2),
(2455, 756, 0, 1, 0, 2147483646, 0, 2),
(2456, 757, 0, 1, 0, 2147483639, 0, 2),
(2457, 758, 0, 1, 0, 2147483571, 0, 2),
(2458, 759, 0, 1, 0, 2147483646, 0, 2),
(2459, 760, 0, 1, 0, 2147483641, 0, 2),
(2460, 761, 0, 1, 0, 2147483628, 0, 2),
(2461, 762, 0, 1, 0, 2147483644, 0, 2),
(2462, 763, 0, 1, 0, 2147483645, 0, 2),
(2463, 764, 0, 1, 0, 2147483646, 0, 2),
(2464, 765, 0, 1, 0, 2147483646, 0, 2),
(2465, 766, 0, 1, 0, 2147483646, 0, 2),
(2466, 767, 0, 1, 0, 2147483646, 0, 2),
(2467, 768, 0, 1, 0, 2147483646, 0, 2),
(2468, 769, 0, 1, 0, 2147483641, 0, 2),
(2469, 770, 0, 1, 0, 2147483646, 0, 2),
(2470, 771, 0, 1, 0, 2147482830, 0, 2),
(2471, 772, 0, 1, 0, 2147483645, 0, 2),
(2472, 773, 0, 1, 0, 2147483599, 0, 2),
(2474, 775, 0, 1, 0, 2147483646, 0, 2),
(2475, 776, 0, 1, 0, 2147483613, 0, 2),
(2476, 777, 0, 1, 0, 2147483572, 0, 1),
(2478, 779, 0, 1, 0, 2147483646, 0, 2),
(2480, 791, 0, 1, 0, 2147483646, 0, 2),
(2509, 790, 0, 1, 0, 2147483646, 0, 2),
(2510, 792, 0, 1, 0, 2147483646, 0, 2),
(2511, 793, 0, 1, 0, 2147483646, 0, 2),
(2512, 794, 0, 1, 0, 2147483646, 0, 2),
(2513, 795, 0, 1, 0, 2147483646, 0, 2),
(2514, 796, 0, 1, 0, 2147483646, 0, 2),
(2515, 797, 0, 1, 0, 2147483646, 0, 2),
(2516, 798, 0, 1, 0, 2147483643, 0, 2),
(2517, 799, 0, 1, 0, 2147483644, 0, 2),
(2518, 800, 0, 1, 0, 2147483645, 0, 2),
(2520, 803, 0, 1, 0, 2147483646, 0, 2),
(2521, 804, 0, 1, 0, 2147483644, 0, 2),
(2522, 805, 0, 1, 0, 2147483644, 0, 2),
(2529, 814, 0, 1, 0, 2147483646, 0, 2),
(2530, 815, 0, 1, 0, 2147483646, 0, 2),
(2531, 817, 0, 1, 0, 2147483646, 0, 2),
(2546, 832, 0, 1, 0, 2147483646, 0, 2),
(2547, 833, 0, 1, 0, 2147483646, 0, 2),
(2548, 834, 0, 1, 0, 2147483646, 0, 2),
(2555, 841, 0, 1, 0, 2147483646, 0, 2),
(2588, 874, 0, 1, 0, 2147483646, 0, 2),
(2589, 875, 0, 1, 0, 2147483646, 0, 2),
(2590, 876, 0, 1, 0, 2147483646, 0, 2),
(2593, 879, 0, 1, 0, 2147483646, 0, 2),
(2594, 880, 0, 1, 0, 2147483646, 0, 2),
(2601, 887, 0, 1, 0, 2147483646, 0, 2),
(2608, 894, 0, 1, 0, 2147483646, 0, 2),
(2612, 898, 0, 1, 0, 2147483466, 0, 2),
(2630, 820, 0, 1, 0, 2147483646, 0, 2),
(2631, 821, 0, 1, 0, 2147483646, 0, 2),
(2632, 822, 0, 1, 0, 2147483646, 0, 2),
(2633, 823, 0, 1, 0, 2147483646, 0, 2),
(2634, 824, 0, 1, 0, 2147483646, 0, 2),
(2635, 825, 0, 1, 0, 2147483646, 0, 2),
(2636, 826, 0, 1, 0, 2147483646, 0, 2),
(2637, 827, 0, 1, 0, 2147483646, 0, 2),
(2638, 828, 0, 1, 0, 2147483646, 0, 2),
(2639, 829, 0, 1, 0, 2147483646, 0, 2),
(2640, 830, 0, 1, 0, 2147483646, 0, 2),
(2641, 831, 0, 1, 0, 2147483646, 0, 2),
(2642, 835, 0, 1, 0, 2147483646, 0, 2),
(2643, 836, 0, 1, 0, 2147483646, 0, 2),
(2644, 837, 0, 1, 0, 2147483646, 0, 2),
(2645, 838, 0, 1, 0, 2147483646, 0, 2),
(2646, 839, 0, 1, 0, 2147483646, 0, 2),
(2647, 840, 0, 1, 0, 2147483646, 0, 2),
(2648, 842, 0, 1, 0, 2147483646, 0, 2),
(2649, 843, 0, 1, 0, 2147483646, 0, 2),
(2650, 844, 0, 1, 0, 2147483646, 0, 2),
(2651, 845, 0, 1, 0, 2147483646, 0, 2),
(2652, 846, 0, 1, 0, 2147483646, 0, 2),
(2653, 847, 0, 1, 0, 2147483646, 0, 2),
(2654, 848, 0, 1, 0, 2147483646, 0, 2),
(2655, 849, 0, 1, 0, 2147483646, 0, 2),
(2656, 850, 0, 1, 0, 2147483646, 0, 2),
(2657, 851, 0, 1, 0, 2147483646, 0, 2),
(2658, 852, 0, 1, 0, 2147483646, 0, 2),
(2659, 853, 0, 1, 0, 2147483646, 0, 2),
(2660, 854, 0, 1, 0, 2147483646, 0, 2),
(2661, 855, 0, 1, 0, 2147483646, 0, 2),
(2662, 856, 0, 1, 0, 2147483646, 0, 2),
(2663, 857, 0, 1, 0, 2147483646, 0, 2),
(2664, 858, 0, 1, 0, 2147483646, 0, 2),
(2665, 859, 0, 1, 0, 2147483646, 0, 2),
(2666, 860, 0, 1, 0, 2147483646, 0, 2),
(2667, 861, 0, 1, 0, 2147483646, 0, 2),
(2668, 862, 0, 1, 0, 2147483646, 0, 2),
(2669, 863, 0, 1, 0, 2147483646, 0, 2),
(2670, 864, 0, 1, 0, 2147483646, 0, 2),
(2671, 865, 0, 1, 0, 2147483646, 0, 2),
(2672, 866, 0, 1, 0, 2147483646, 0, 2),
(2673, 867, 0, 1, 0, 2147483646, 0, 2),
(2674, 868, 0, 1, 0, 2147483506, 0, 2),
(2675, 869, 0, 1, 0, 2147483586, 0, 2),
(2676, 870, 0, 1, 0, 2147483646, 0, 2),
(2679, 873, 0, 1, 0, 2147483646, 0, 2),
(2680, 877, 0, 1, 0, 2147483646, 0, 2),
(2681, 878, 0, 1, 0, 2147483646, 0, 2),
(2682, 881, 0, 1, 0, 2147483646, 0, 2),
(2683, 882, 0, 1, 0, 2147483646, 0, 2),
(2684, 883, 0, 1, 0, 2147483646, 0, 2),
(2685, 884, 0, 1, 0, 2147483646, 0, 2),
(2686, 885, 0, 1, 0, 2147483646, 0, 2),
(2687, 886, 0, 1, 0, 2147483646, 0, 2),
(2688, 888, 0, 1, 0, 2147483646, 0, 2),
(2689, 889, 0, 1, 0, 2147483646, 0, 2),
(2690, 890, 0, 1, 0, 2147483646, 0, 2),
(2691, 891, 0, 1, 0, 2147483646, 0, 2),
(2692, 892, 0, 1, 0, 2147483646, 0, 2),
(2693, 893, 0, 1, 0, 2147483645, 0, 2),
(2694, 895, 0, 1, 0, 2147483646, 0, 2),
(2695, 896, 0, 1, 0, 2147483646, 0, 2),
(2696, 897, 0, 1, 0, 2147483646, 0, 2),
(2697, 899, 0, 1, 0, 2147483646, 0, 2),
(2698, 900, 0, 1, 0, 2147483646, 0, 2),
(2699, 901, 0, 1, 0, 2147483646, 0, 2),
(2700, 902, 0, 1, 0, 2147483646, 0, 2),
(2701, 903, 0, 1, 0, 2147483646, 0, 2),
(2702, 904, 0, 1, 0, 2147483636, 0, 2),
(2703, 905, 0, 1, 0, 2147483646, 0, 2),
(2704, 906, 0, 1, 0, 2147483646, 0, 2),
(2705, 907, 0, 1, 0, 2147483646, 0, 2),
(2706, 908, 0, 1, 0, 2147483646, 0, 2),
(2707, 909, 0, 1, 0, 2147483646, 0, 2),
(2708, 910, 0, 1, 0, 2147483646, 0, 2),
(2709, 911, 0, 1, 0, 2147483646, 0, 2),
(2710, 912, 0, 1, 0, 2147483646, 0, 2),
(2711, 913, 0, 1, 0, 2147483646, 0, 2),
(2712, 914, 0, 1, 0, 2147483646, 0, 2),
(2713, 915, 0, 1, 0, 2147483646, 0, 2),
(2714, 888, 329, 1, 0, 2147483646, 0, 2),
(2715, 888, 330, 1, 0, 2147483646, 0, 2),
(2716, 835, 331, 1, 0, 2147483646, 0, 2),
(2717, 835, 332, 1, 0, 2147483646, 0, 2),
(2726, 9900001, 0, 1, 0, 2147483637, 0, 2),
(2727, 9900002, 0, 1, 0, 2147483646, 0, 2),
(2728, 9900003, 0, 1, 0, 2147483643, 0, 2),
(2729, 9900004, 0, 1, 0, 2147483645, 0, 2),
(2730, 9900005, 0, 1, 0, 2147483646, 0, 2),
(2731, 9900006, 0, 1, 0, 2147483642, 0, 2),
(2732, 9900007, 0, 1, 0, 2147483639, 0, 2),
(2733, 9900008, 0, 1, 0, 2147483646, 0, 2),
(2734, 9900009, 0, 1, 0, 2147483646, 0, 2),
(2736, 9900011, 0, 1, 0, 2147483612, 0, 2),
(2737, 9900012, 0, 1, 0, 2147483596, 0, 2),
(2738, 9900013, 0, 1, 0, 2147483641, 0, 2),
(2739, 9900014, 0, 1, 0, 2147483642, 0, 2),
(2740, 9900015, 0, 1, 0, 2147483642, 0, 2),
(2741, 9900016, 0, 1, 0, 2147483644, 0, 2),
(2742, 9900017, 0, 1, 0, 2147483639, 0, 2),
(2743, 9900018, 0, 1, 0, 2147483644, 0, 2),
(2744, 9900019, 0, 1, 0, 2147483641, 0, 2),
(2745, 9900020, 0, 1, 0, 2147483641, 0, 2),
(2746, 9900021, 0, 1, 0, 2147483646, 0, 2),
(2747, 9900022, 0, 1, 0, 2147483640, 0, 2),
(2748, 9900023, 0, 1, 0, 2147483645, 0, 2),
(2749, 9900024, 0, 1, 0, 2147483646, 0, 2),
(2750, 9900025, 0, 1, 0, 2147483644, 0, 2),
(2751, 9900026, 0, 1, 0, 2147483640, 0, 2),
(2752, 9900027, 0, 1, 0, 2147483645, 0, 2),
(2753, 9900028, 0, 1, 0, 2147483646, 0, 2),
(2754, 9900029, 0, 1, 0, 2147483646, 0, 2),
(2755, 9900030, 0, 1, 0, 2147483646, 0, 2),
(2756, 9900031, 0, 1, 0, 2147483646, 0, 2),
(2757, 9900032, 0, 1, 0, 2147483646, 0, 2),
(2758, 9900033, 0, 1, 0, 2147483626, 0, 2),
(2759, 9900034, 0, 1, 0, 2147483618, 0, 2),
(2760, 9900035, 0, 1, 0, 2147483645, 0, 2),
(2761, 9900036, 0, 1, 0, 2147483630, 0, 2),
(2762, 9900037, 0, 1, 0, 2147483646, 0, 2),
(2763, 9900038, 0, 1, 0, 2147483638, 0, 2),
(2764, 9900039, 0, 1, 0, 2147483646, 0, 2),
(2765, 9900040, 0, 1, 0, 2147483635, 0, 2),
(2766, 9900041, 0, 1, 0, 2147483646, 0, 2),
(2767, 9900042, 0, 1, 0, 2147483646, 0, 2),
(2768, 9900043, 0, 1, 0, 2147483646, 0, 2),
(2769, 9900044, 0, 1, 0, 2147483646, 0, 2),
(2770, 9900045, 0, 1, 0, 2147483646, 0, 2),
(2771, 9900046, 0, 1, 0, 2147483645, 0, 2),
(2772, 9900047, 0, 1, 0, 2147483644, 0, 2),
(2773, 9900048, 0, 1, 0, 2147483645, 0, 2),
(2774, 9900049, 0, 1, 0, 2147483600, 0, 2),
(2775, 9900050, 0, 1, 0, 2147483446, 0, 2),
(2776, 9900051, 0, 1, 0, 2147483646, 0, 2),
(2777, 9900052, 0, 1, 0, 2147483641, 0, 2),
(2778, 9900053, 0, 1, 0, 2147483644, 0, 2),
(2779, 9900054, 0, 1, 0, 214748339, 0, 1),
(2780, 9900055, 0, 1, 0, 2147483646, 0, 2),
(2781, 9900056, 0, 1, 0, 2147483646, 0, 2),
(2782, 9900057, 0, 1, 0, 2147483646, 0, 2),
(2783, 9900058, 0, 1, 0, 2147483646, 0, 2),
(2784, 9900059, 0, 1, 0, 2147483620, 0, 2),
(2785, 9900060, 0, 1, 0, 2147483580, 0, 2),
(2786, 9900061, 0, 1, 0, 2147483642, 0, 2),
(2787, 9900062, 0, 1, 0, 2147483644, 0, 2),
(2788, 9900063, 0, 1, 0, 2147483644, 0, 2),
(2789, 9900064, 0, 1, 0, 2147483629, 0, 2),
(2790, 9900065, 0, 1, 0, 2147483631, 0, 2),
(2791, 9900066, 0, 1, 0, 2147483645, 0, 2),
(2792, 9900067, 0, 1, 0, 2147483645, 0, 2),
(2793, 9900068, 0, 1, 0, 2147483646, 0, 2),
(2794, 9900069, 0, 1, 0, 2147483629, 0, 2),
(2795, 9900070, 0, 1, 0, 2147483637, 0, 2),
(2796, 9900071, 0, 1, 0, 2147483642, 0, 2),
(2797, 9900072, 0, 1, 0, 2147483643, 0, 2),
(2798, 9900073, 0, 1, 0, 2147483637, 0, 2),
(2799, 9900074, 0, 1, 0, 2147483617, 0, 2),
(2800, 9900075, 0, 1, 0, 2147483641, 0, 2),
(2801, 9900076, 0, 1, 0, 2147483643, 0, 2),
(2802, 9900077, 0, 1, 0, 2147483644, 0, 2),
(2803, 9900078, 0, 1, 0, 2147483646, 0, 2),
(2804, 9900079, 0, 1, 0, 2147483645, 0, 2),
(2805, 9900080, 0, 1, 0, 2147483613, 0, 2),
(2806, 9900081, 0, 1, 0, 2147483645, 0, 2),
(2807, 9900082, 0, 1, 0, 2147483645, 0, 2),
(2808, 9900083, 0, 1, 0, 2147483645, 0, 2),
(2809, 9900084, 0, 1, 0, 2147483641, 0, 2),
(2810, 9900085, 0, 1, 0, 2147483645, 0, 2),
(2811, 9900086, 0, 1, 0, 2147483634, 0, 2),
(2812, 9900087, 0, 1, 0, 2147483646, 0, 2),
(2813, 9900088, 0, 1, 0, 2147483646, 0, 2),
(2814, 9900089, 0, 1, 0, 2147483643, 0, 2),
(2815, 9900090, 0, 1, 0, 2147483646, 0, 2),
(2816, 9900091, 0, 1, 0, 2147483645, 0, 2),
(2817, 9900092, 0, 1, 0, 2147483640, 0, 2),
(2818, 9900093, 0, 1, 0, 2147483646, 0, 2),
(2819, 9900094, 0, 1, 0, 2147483646, 0, 2),
(2820, 9900095, 0, 1, 0, 2147483646, 0, 2),
(2821, 9900096, 0, 1, 0, 2147483646, 0, 2),
(2822, 9900097, 0, 1, 0, 2147483646, 0, 2),
(2823, 9900098, 0, 1, 0, 2147483646, 0, 2),
(2824, 9900099, 0, 1, 0, 2147483646, 0, 2),
(2825, 9900100, 0, 1, 0, 2147483646, 0, 2),
(2826, 9900101, 0, 1, 0, 2147483646, 0, 2),
(2827, 9900102, 0, 1, 0, 2147483645, 0, 2),
(2828, 9900103, 0, 1, 0, 2147483645, 0, 2),
(2829, 9900104, 0, 1, 0, 2147483646, 0, 2),
(2830, 9900105, 0, 1, 0, 2147483646, 0, 2),
(2831, 9900106, 0, 1, 0, 2147483646, 0, 2),
(2832, 9900107, 0, 1, 0, 2147483645, 0, 2),
(2834, 9900109, 0, 1, 0, 2147483587, 0, 2),
(2836, 9900111, 0, 1, 0, 2147483644, 0, 2),
(2837, 9900112, 0, 1, 0, 2147483645, 0, 2),
(2838, 9900113, 0, 1, 0, 2147483646, 0, 2),
(2839, 9900114, 0, 1, 0, 2147483646, 0, 2),
(2840, 9900115, 0, 1, 0, 2147483646, 0, 2),
(2841, 9900116, 0, 1, 0, 2147483627, 0, 2),
(2843, 9900118, 0, 1, 0, 2147483644, 0, 2),
(2844, 9900119, 0, 1, 0, 2147483646, 0, 2),
(2845, 9900120, 0, 1, 0, 2147483646, 0, 2),
(2846, 9900121, 0, 1, 0, 2147483646, 0, 2),
(2847, 9900122, 0, 1, 0, 2147483646, 0, 2),
(2848, 9900123, 0, 1, 0, 2147483646, 0, 2),
(2849, 9900124, 0, 1, 0, 2147483645, 0, 2),
(2850, 9900125, 0, 1, 0, 2147483645, 0, 2),
(2851, 9900126, 0, 1, 0, 2147483639, 0, 2),
(2853, 9900128, 0, 1, 0, 2147483641, 0, 2),
(2855, 9900130, 0, 1, 0, 2147483646, 0, 2),
(2856, 9900131, 0, 1, 0, 2147483646, 0, 2),
(2857, 9900132, 0, 1, 0, 2147483644, 0, 2),
(2858, 9900133, 0, 1, 0, 2147483646, 0, 2),
(2859, 9900134, 0, 1, 0, 2147483644, 0, 2),
(2860, 9900135, 0, 1, 0, 2147483646, 0, 2),
(2861, 9900136, 0, 1, 0, 2147483646, 0, 2),
(2862, 9900137, 0, 1, 0, 2147483615, 0, 2),
(2863, 9900138, 0, 1, 0, 2147483645, 0, 2),
(2864, 9900139, 0, 1, 0, 2147483615, 0, 2),
(2866, 9900141, 0, 1, 0, 2147483640, 0, 2),
(2868, 9900143, 0, 1, 0, 2147483646, 0, 2),
(2869, 9900144, 0, 1, 0, 2147483646, 0, 2),
(2870, 9900145, 0, 1, 0, 2147483646, 0, 2),
(2871, 9900146, 0, 1, 0, 2147483646, 0, 2),
(2872, 9900147, 0, 1, 0, 2147483646, 0, 2),
(2873, 9900148, 0, 1, 0, 2147483646, 0, 2),
(2874, 9900149, 0, 1, 0, 2147483646, 0, 2),
(2876, 9900151, 0, 1, 0, 2147483645, 0, 2),
(2878, 9900153, 0, 1, 0, 2147483646, 0, 2),
(2879, 9900154, 0, 1, 0, 2147483645, 0, 2),
(2881, 9900156, 0, 1, 0, 2147483646, 0, 2),
(2882, 9900157, 0, 1, 0, 171, 0, 2),
(2883, 9900158, 0, 1, 0, 2199955, 0, 2),
(2884, 9900159, 0, 1, 0, 2147483645, 0, 2),
(2885, 9900160, 0, 1, 0, 2147483646, 0, 2),
(2888, 9900163, 0, 1, 0, 2147483632, 0, 2),
(2889, 9900164, 0, 1, 0, 2147483646, 0, 2),
(2891, 9900166, 0, 1, 0, 2147483646, 0, 2),
(2892, 9900167, 0, 1, 0, 2147483646, 0, 2),
(2893, 9900168, 0, 1, 0, 2147483643, 0, 2),
(2895, 9900170, 0, 1, 0, 2147483646, 0, 2),
(2896, 9900171, 0, 1, 0, 2147483646, 0, 2),
(2897, 9900172, 0, 1, 0, 2147483644, 0, 2),
(2898, 9900173, 0, 1, 0, 2147483646, 0, 2),
(2899, 9900174, 0, 1, 0, 2147483646, 0, 2),
(2900, 9900175, 0, 1, 0, 2147483646, 0, 2),
(2901, 9900176, 0, 1, 0, 2147483646, 0, 2),
(2902, 9900177, 0, 1, 0, 2147483645, 0, 2),
(2903, 9900178, 0, 1, 0, 2147483646, 0, 2),
(2904, 9900179, 0, 1, 0, 2147483646, 0, 2),
(2905, 9900180, 0, 1, 0, 2147483643, 0, 2),
(2906, 9900181, 0, 1, 0, 2147483646, 0, 2),
(2907, 9900182, 0, 1, 0, 2147483646, 0, 2),
(2908, 9900183, 0, 1, 0, 2147483646, 0, 2),
(2909, 9900184, 0, 1, 0, 2147483646, 0, 2),
(2910, 9900185, 0, 1, 0, 2147483646, 0, 2),
(2911, 9900186, 0, 1, 0, 2147483646, 0, 2),
(2912, 9900187, 0, 1, 0, 2147483645, 0, 2),
(2913, 9900188, 0, 1, 0, 2147483646, 0, 2),
(2914, 9900189, 0, 1, 0, 2147483644, 0, 2),
(2915, 9900190, 0, 1, 0, 2147483645, 0, 2),
(2916, 9900191, 0, 1, 0, 2147483646, 0, 2),
(2917, 9900192, 0, 1, 0, 2147483645, 0, 2),
(2918, 9900193, 0, 1, 0, 2147483646, 0, 2),
(2919, 9900194, 0, 1, 0, 2147483646, 0, 2),
(2920, 9900195, 0, 1, 0, 2147483645, 0, 2),
(2921, 9900196, 0, 1, 0, 2147483646, 0, 2),
(2922, 9900197, 0, 1, 0, 2147483646, 0, 2),
(2923, 9900198, 0, 1, 0, 2147483646, 0, 2),
(2924, 9900199, 0, 1, 0, 2147483646, 0, 2),
(2925, 9900200, 0, 1, 0, 2147483646, 0, 2),
(2926, 9900201, 0, 1, 0, 2147483646, 0, 2),
(2927, 9900202, 0, 1, 0, 2147483646, 0, 2),
(2928, 9900203, 0, 1, 0, 2147483645, 0, 2),
(2929, 9900204, 0, 1, 0, 2147483646, 0, 2),
(2930, 9900205, 0, 1, 0, 2147483646, 0, 2),
(2931, 9900206, 0, 1, 0, 2147483645, 0, 2),
(2932, 9900207, 0, 1, 0, 2147483644, 0, 2),
(2933, 9900208, 0, 1, 0, 2147483645, 0, 2),
(2934, 9900209, 0, 1, 0, 2147483646, 0, 2),
(2935, 9900210, 0, 1, 0, 2147483646, 0, 2),
(2936, 9900211, 0, 1, 0, 2147483644, 0, 2),
(2937, 9900212, 0, 1, 0, 2147483642, 0, 2),
(2938, 9900213, 0, 1, 0, 2147483646, 0, 2),
(2939, 9900214, 0, 1, 0, 2147483644, 0, 2),
(2940, 9900215, 0, 1, 0, 2147483646, 0, 2),
(2941, 9900216, 0, 1, 0, 2147483646, 0, 2),
(2942, 9900217, 0, 1, 0, 2147483646, 0, 2),
(2943, 9900218, 0, 1, 0, 2147483645, 0, 2),
(2944, 9900219, 0, 1, 0, 2147483645, 0, 2),
(2945, 9900220, 0, 1, 0, 2147483646, 0, 2),
(2946, 9900221, 0, 1, 0, 2147483644, 0, 2),
(2947, 9900222, 0, 1, 0, 2147483645, 0, 2),
(2948, 9900223, 0, 1, 0, 2147483646, 0, 2),
(2949, 9900224, 0, 1, 0, 2147483646, 0, 2),
(2950, 9900225, 0, 1, 0, 2147483646, 0, 2),
(2951, 9900226, 0, 1, 0, 2147483645, 0, 2),
(2952, 9900227, 0, 1, 0, 2147483646, 0, 2),
(2953, 9900228, 0, 1, 0, 2147483646, 0, 2),
(2954, 9900229, 0, 1, 0, 2147483644, 0, 2),
(2955, 9900230, 0, 1, 0, 2147483638, 0, 2),
(2956, 9900231, 0, 1, 0, 2147483644, 0, 2),
(2957, 9900232, 0, 1, 0, 2147483643, 0, 2),
(2958, 9900233, 0, 1, 0, 2147483642, 0, 2),
(2959, 9900234, 0, 1, 0, 2147483646, 0, 2),
(2960, 9900235, 0, 1, 0, 2147483645, 0, 2),
(2962, 9900237, 0, 1, 0, 2147483646, 0, 2),
(2963, 9900238, 0, 1, 0, 2147483646, 0, 2),
(2964, 9900239, 0, 1, 0, 2147483643, 0, 2),
(2965, 9900240, 0, 1, 0, 2147483646, 0, 2),
(2966, 9900241, 0, 1, 0, 2147483646, 0, 2),
(2967, 9900242, 0, 1, 0, 2147483646, 0, 2),
(2968, 9900243, 0, 1, 0, 2147483646, 0, 2),
(2969, 9900244, 0, 1, 0, 2147483645, 0, 2),
(2970, 9900245, 0, 1, 0, 2147483646, 0, 2),
(2971, 9900246, 0, 1, 0, 2147483646, 0, 2),
(2972, 9900247, 0, 1, 0, 2147483643, 0, 2),
(2973, 9900248, 0, 1, 0, 2147483645, 0, 2),
(2974, 9900249, 0, 1, 0, 2147483646, 0, 2),
(2975, 9900250, 0, 1, 0, 2147483642, 0, 2),
(2976, 9900251, 0, 1, 0, 2147483645, 0, 2),
(2977, 9900252, 0, 1, 0, 2147483646, 0, 2),
(2978, 9900253, 0, 1, 0, 2147483646, 0, 2),
(2979, 9900254, 0, 1, 0, 2147483646, 0, 2),
(2980, 9900255, 0, 1, 0, 2147483646, 0, 2),
(2981, 9900256, 0, 1, 0, 2147483646, 0, 2),
(2982, 9900257, 0, 1, 0, 2147483646, 0, 2),
(2983, 9900258, 0, 1, 0, 2147483646, 0, 2),
(2984, 9900259, 0, 1, 0, 2147483645, 0, 2),
(2985, 9900260, 0, 1, 0, 2147483645, 0, 2),
(2986, 9900261, 0, 1, 0, 2147483646, 0, 2),
(2987, 9900262, 0, 1, 0, 2147483645, 0, 2),
(2988, 9900263, 0, 1, 0, 2147483646, 0, 2),
(2989, 9900264, 0, 1, 0, 2147483644, 0, 2),
(2990, 9900265, 0, 1, 0, 2147483646, 0, 2),
(2991, 9900266, 0, 1, 0, 2147483646, 0, 2),
(2992, 9900267, 0, 1, 0, 2147483644, 0, 2),
(2993, 9900268, 0, 1, 0, 2147483646, 0, 2),
(2994, 9900269, 0, 1, 0, 2147483646, 0, 2),
(2995, 9900270, 0, 1, 0, 2147483645, 0, 2),
(2997, 9900272, 0, 1, 0, 2147483646, 0, 2),
(2998, 9900273, 0, 1, 0, 2147483646, 0, 2),
(2999, 9900274, 0, 1, 0, 2147483642, 0, 2),
(3000, 9900275, 0, 1, 0, 2147483646, 0, 2),
(3001, 9900276, 0, 1, 0, 2147483645, 0, 2),
(3002, 9900277, 0, 1, 0, 2147483646, 0, 2),
(3003, 9900278, 0, 1, 0, 2147483646, 0, 2),
(3004, 9900279, 0, 1, 0, 2147483646, 0, 2),
(3005, 9900280, 0, 1, 0, 2147483643, 0, 2),
(3006, 9900281, 0, 1, 0, 2147483641, 0, 2),
(3007, 9900282, 0, 1, 0, 2147483640, 0, 2),
(3008, 9900283, 0, 1, 0, 2147483646, 0, 2),
(3009, 9900284, 0, 1, 0, 2147483646, 0, 2),
(3010, 9900285, 0, 1, 0, 2147483641, 0, 2),
(3011, 9900286, 0, 1, 0, 2147483643, 0, 2),
(3012, 9900287, 0, 1, 0, 2147483646, 0, 2),
(3013, 9900288, 0, 1, 0, 2147483643, 0, 2),
(3014, 9900289, 0, 1, 0, 2147483646, 0, 2),
(3015, 9900290, 0, 1, 0, 2147483638, 0, 2),
(3016, 9900291, 0, 1, 0, 2147483640, 0, 2),
(3017, 9900292, 0, 1, 0, 2147483646, 0, 2),
(3018, 9900293, 0, 1, 0, 2147483645, 0, 2),
(3019, 9900294, 0, 1, 0, 2147483646, 0, 2),
(3020, 9900295, 0, 1, 0, 2147483644, 0, 2),
(3021, 9900296, 0, 1, 0, 2147483645, 0, 2),
(3022, 9900297, 0, 1, 0, 2147483645, 0, 2),
(3023, 9900298, 0, 1, 0, 2147483646, 0, 2),
(3024, 9900299, 0, 1, 0, 2147483644, 0, 2),
(3025, 9900300, 0, 1, 0, 2147483646, 0, 2),
(3026, 9900301, 0, 1, 0, 2147483643, 0, 2),
(3027, 9900302, 0, 1, 0, 2147483646, 0, 2),
(3028, 9900303, 0, 1, 0, 2147483644, 0, 2),
(3029, 9900304, 0, 1, 0, 2147483646, 0, 2),
(3030, 9900305, 0, 1, 0, 2147483646, 0, 2),
(3031, 9900306, 0, 1, 0, 2147483646, 0, 2),
(3032, 9900307, 0, 1, 0, 2147483646, 0, 2),
(3033, 9900308, 0, 1, 0, 2147483633, 0, 2),
(3034, 9900309, 0, 1, 0, 2147483646, 0, 2),
(3035, 9900310, 0, 1, 0, 2147483646, 0, 2),
(3036, 9900311, 0, 1, 0, 2147483646, 0, 2),
(3037, 9900312, 0, 1, 0, 2147483646, 0, 2),
(3038, 9900313, 0, 1, 0, 2147483646, 0, 2),
(3039, 9900314, 0, 1, 0, 2147483646, 0, 2),
(3040, 9900315, 0, 1, 0, 2147483643, 0, 2),
(3041, 9900316, 0, 1, 0, 2147483646, 0, 2),
(3042, 9900317, 0, 1, 0, 2147483643, 0, 2),
(3043, 9900318, 0, 1, 0, 2147483645, 0, 2),
(3044, 9900319, 0, 1, 0, 2147483646, 0, 2),
(3045, 9900320, 0, 1, 0, 2147483646, 0, 2),
(3046, 9900321, 0, 1, 0, 2147483646, 0, 2),
(3047, 9900322, 0, 1, 0, 2147483645, 0, 2),
(3048, 9900323, 0, 1, 0, 2147483646, 0, 2),
(3049, 9900324, 0, 1, 0, 2147483646, 0, 2),
(3050, 9900325, 0, 1, 0, 2147483643, 0, 2),
(3051, 9900326, 0, 1, 0, 2147483646, 0, 2),
(3052, 9900327, 0, 1, 0, 2147483646, 0, 2),
(3053, 9900328, 0, 1, 0, 2147483646, 0, 2),
(3054, 9900329, 0, 1, 0, 2147483645, 0, 2),
(3055, 9900330, 0, 1, 0, 99999995, 0, 2),
(3056, 9900331, 0, 1, 0, 2147483646, 0, 2),
(3057, 9900332, 0, 1, 0, 2147483646, 0, 2),
(3058, 9900333, 0, 1, 0, 2147483645, 0, 2),
(3059, 9900334, 0, 1, 0, 2147483628, 0, 2),
(3060, 9900335, 0, 1, 0, 2147483646, 0, 2),
(3061, 9900336, 0, 1, 0, 2147483644, 0, 2),
(3062, 9900337, 0, 1, 0, 2147483645, 0, 2),
(3063, 9900338, 0, 1, 0, 2147483641, 0, 2),
(3064, 9900339, 0, 1, 0, 2147483645, 0, 2),
(3065, 9900340, 0, 1, 0, 2147483642, 0, 2),
(3066, 9900341, 0, 1, 0, 2147483646, 0, 2),
(3069, 9900344, 0, 1, 0, 2147483642, 0, 2),
(3070, 9900345, 0, 1, 0, 2147483646, 0, 2),
(3071, 9900346, 0, 1, 0, 2147483643, 0, 2),
(3072, 9900347, 0, 1, 0, 2147483644, 0, 2),
(3073, 9900348, 0, 1, 0, 2147483646, 0, 2),
(3074, 9900349, 0, 1, 0, 2147483646, 0, 2),
(3075, 9900350, 0, 1, 0, 2147483646, 0, 2),
(3076, 9900351, 0, 1, 0, 2147483646, 0, 2),
(3077, 9900352, 0, 1, 0, 2147483646, 0, 2),
(3078, 9900353, 0, 1, 0, 2147483646, 0, 2),
(3079, 9900354, 0, 1, 0, 2147483643, 0, 2),
(3080, 9900355, 0, 1, 0, 2147483646, 0, 2),
(3081, 9900356, 0, 1, 0, 2147483646, 0, 2),
(3082, 9900357, 0, 1, 0, 2147483638, 0, 2),
(3083, 9900358, 0, 1, 0, 2147483646, 0, 2),
(3084, 9900359, 0, 1, 0, 2147483645, 0, 2),
(3086, 9900361, 0, 1, 0, 2147483645, 0, 2),
(3087, 9900362, 0, 1, 0, 2147483646, 0, 2),
(3088, 9900363, 0, 1, 0, 2147483646, 0, 2),
(3089, 9900364, 0, 1, 0, 2147483646, 0, 2),
(3090, 9900365, 0, 1, 0, 2147483646, 0, 2),
(3091, 9900366, 0, 1, 0, 2147483646, 0, 2),
(3092, 9900367, 0, 1, 0, 2147483646, 0, 2),
(3093, 9900368, 0, 1, 0, 2147483646, 0, 2),
(3094, 9900369, 0, 1, 0, 2147483646, 0, 2),
(3095, 9900370, 0, 1, 0, 2147483644, 0, 2),
(3096, 9900371, 0, 1, 0, 2147483645, 0, 2),
(3097, 9900372, 0, 1, 0, 2147483646, 0, 2),
(3098, 9900373, 0, 1, 0, 2147483645, 0, 2),
(3099, 9900374, 0, 1, 0, 2147483639, 0, 2),
(3100, 9900375, 0, 1, 0, 2147483646, 0, 2),
(3101, 9900376, 0, 1, 0, 2147483644, 0, 2),
(3102, 9900377, 0, 1, 0, 2147483644, 0, 2),
(3103, 9900378, 0, 1, 0, 2147483642, 0, 2),
(3104, 9900379, 0, 1, 0, 2147483646, 0, 2),
(3105, 9900380, 0, 1, 0, 2147483642, 0, 2),
(3106, 9900381, 0, 1, 0, 2147483646, 0, 2),
(3107, 9900382, 0, 1, 0, 2147483646, 0, 2),
(3108, 9900383, 0, 1, 0, 2147483643, 0, 2),
(3109, 9900384, 0, 1, 0, 2147483644, 0, 2),
(3110, 9900385, 0, 1, 0, 2147483646, 0, 2),
(3111, 9900386, 0, 1, 0, 2147483646, 0, 2),
(3112, 9900387, 0, 1, 0, 2147483645, 0, 2),
(3113, 9900388, 0, 1, 0, 2147483646, 0, 2),
(3114, 9900389, 0, 1, 0, 2147483643, 0, 2),
(3116, 9900391, 0, 1, 0, 2147483634, 0, 2),
(3117, 9900392, 0, 1, 0, 2147483646, 0, 2),
(3118, 9900393, 0, 1, 0, 2147483643, 0, 2),
(3119, 9900394, 0, 1, 0, 2147483642, 0, 2),
(3120, 9900395, 0, 1, 0, 2147483640, 0, 2),
(3121, 9900396, 0, 1, 0, 2147483646, 0, 2),
(3122, 9900397, 0, 1, 0, 2147483646, 0, 2),
(3123, 9900398, 0, 1, 0, 2147483645, 0, 2),
(3124, 9900399, 0, 1, 0, 2147483646, 0, 2),
(3125, 9900400, 0, 1, 0, 2147483646, 0, 2),
(3127, 9900402, 0, 1, 0, 2147483646, 0, 2),
(3129, 9900404, 0, 1, 0, 2147483646, 0, 2),
(3130, 9900405, 0, 1, 0, 2147483644, 0, 2),
(3131, 9900406, 0, 1, 0, 2147483645, 0, 2),
(3132, 9900407, 0, 1, 0, 2147483646, 0, 2),
(3133, 9900408, 0, 1, 0, 2147483642, 0, 2),
(3134, 9900409, 0, 1, 0, 2147483646, 0, 2),
(3135, 9900410, 0, 1, 0, 2147483646, 0, 2),
(3137, 9900412, 0, 1, 0, 55656560, 0, 1),
(3138, 9900413, 0, 1, 0, 2147483636, 0, 2),
(3139, 9900414, 0, 1, 0, 2147483645, 0, 2),
(3140, 9900415, 0, 1, 0, 2147483645, 0, 2),
(3141, 9900416, 0, 1, 0, 2147483646, 0, 2),
(3142, 9900417, 0, 1, 0, 2147483646, 0, 2),
(3143, 9900418, 0, 1, 0, 2147483646, 0, 2),
(3144, 9900419, 0, 1, 0, 2147483646, 0, 2),
(3145, 9900420, 0, 1, 0, 2147483646, 0, 2),
(3146, 9900421, 0, 1, 0, 2147483646, 0, 2),
(3147, 9900422, 0, 1, 0, 2147483644, 0, 2),
(3148, 9900423, 0, 1, 0, 2147483646, 0, 2),
(3149, 9900424, 0, 1, 0, 2147483646, 0, 2),
(3150, 9900425, 0, 1, 0, 2147483646, 0, 2),
(3151, 9900426, 0, 1, 0, 2147483645, 0, 2),
(3152, 9900427, 0, 1, 0, 2147483646, 0, 2),
(3153, 9900428, 0, 1, 0, 2147483646, 0, 2),
(3155, 9900430, 0, 1, 0, 2147483618, 0, 2),
(3156, 9900431, 0, 1, 0, 2147483645, 0, 2),
(3157, 9900432, 0, 1, 0, 2147483614, 0, 2),
(3158, 9900433, 0, 1, 0, 2147483644, 0, 2),
(3159, 9900434, 0, 1, 0, 2147483627, 0, 2),
(3160, 9900435, 0, 1, 0, 2147483643, 0, 2),
(3162, 9900437, 0, 1, 0, 2147483646, 0, 2),
(3163, 9900438, 0, 1, 0, 2147483646, 0, 2),
(3164, 9900439, 0, 1, 0, 2147483646, 0, 2),
(3165, 9900440, 0, 1, 0, 2147483645, 0, 2),
(3167, 9900442, 0, 1, 0, 2147483645, 0, 2),
(3168, 9900443, 0, 1, 0, 2147483645, 0, 2),
(3169, 9900444, 0, 1, 0, 2147483642, 0, 2),
(3170, 9900445, 0, 1, 0, 2147483646, 0, 2),
(3171, 9900446, 0, 1, 0, 2147483646, 0, 2),
(3172, 9900447, 0, 1, 0, 2147483646, 0, 2),
(3173, 9900448, 0, 1, 0, 2147483646, 0, 2),
(3174, 9900449, 0, 1, 0, 2147483645, 0, 2),
(3176, 9900451, 0, 1, 0, 2147483642, 0, 2),
(3177, 9900452, 0, 1, 0, 2147483646, 0, 2),
(3178, 9900453, 0, 1, 0, 2147483646, 0, 2),
(3179, 9900454, 0, 1, 0, 2147483646, 0, 2),
(3180, 9900455, 0, 1, 0, 2147483646, 0, 2),
(3181, 9900456, 0, 1, 0, 2147483619, 0, 2),
(3182, 9900457, 0, 1, 0, 2147483641, 0, 2),
(3183, 9900458, 0, 1, 0, 2147483646, 0, 2),
(3184, 9900459, 0, 1, 0, 2147483646, 0, 2),
(3186, 9900461, 0, 1, 0, 2147483646, 0, 2),
(3187, 9900462, 0, 1, 0, 2147483646, 0, 2),
(3188, 9900463, 0, 1, 0, 2147483646, 0, 2),
(3189, 9900464, 0, 1, 0, 2147483646, 0, 2),
(3191, 9900466, 0, 1, 0, 2147483644, 0, 2),
(3192, 9900467, 0, 1, 0, 2147483646, 0, 2),
(3193, 9900468, 0, 1, 0, 2147483643, 0, 2),
(3194, 9900469, 0, 1, 0, 2147483646, 0, 2),
(3195, 9900470, 0, 1, 0, 2147483646, 0, 2),
(3196, 9900471, 0, 1, 0, 2147483640, 0, 2),
(3197, 9900472, 0, 1, 0, 2147483646, 0, 2),
(3198, 9900473, 0, 1, 0, 2147483642, 0, 2),
(3200, 9900475, 0, 1, 0, 2147483643, 0, 2),
(3201, 9900476, 0, 1, 0, 2147483646, 0, 2),
(3202, 9900477, 0, 1, 0, 2147483642, 0, 2),
(3203, 9900478, 0, 1, 0, 2147483640, 0, 2),
(3204, 9900479, 0, 1, 0, 2147483646, 0, 2),
(3205, 9900480, 0, 1, 0, 2147483626, 0, 2),
(3206, 9900481, 0, 1, 0, 2147483638, 0, 2),
(3207, 9900482, 0, 1, 0, 2147483631, 0, 2),
(3214, 9900489, 0, 1, 0, 2147483646, 0, 2),
(3216, 9900491, 0, 1, 0, 2147483646, 0, 2),
(3217, 9900492, 0, 1, 0, 2147483635, 0, 2),
(3218, 9900493, 0, 1, 0, 2147483626, 0, 2),
(3219, 9900494, 0, 1, 0, 2147483646, 0, 2),
(3220, 9900495, 0, 1, 0, 2147483646, 0, 2),
(3221, 9900496, 0, 1, 0, 2147483646, 0, 2),
(3222, 9900497, 0, 1, 0, 2147483646, 0, 2),
(3223, 9900498, 0, 1, 0, 2147483646, 0, 2),
(3224, 9900499, 0, 1, 0, 2147483641, 0, 2),
(3225, 9900500, 0, 1, 0, 2147483642, 0, 2),
(3226, 9900501, 0, 1, 0, 2147483646, 0, 2),
(3227, 9900502, 0, 1, 0, 2147483645, 0, 2),
(3228, 9900503, 0, 1, 0, 2147483646, 0, 2),
(3229, 9900504, 0, 1, 0, 2147483624, 0, 2),
(3231, 9900506, 0, 1, 0, 2147483645, 0, 2),
(3232, 9900507, 0, 1, 0, 2147483640, 0, 2),
(3237, 9900512, 0, 1, 0, 2147483614, 0, 2),
(3239, 9900514, 0, 1, 0, 2147483645, 0, 2),
(3240, 9900515, 0, 1, 0, 2147483644, 0, 2),
(3241, 9900516, 0, 1, 0, 2147483642, 0, 2),
(3242, 9900517, 0, 1, 0, 2147483646, 0, 2),
(3243, 9900518, 0, 1, 0, 2147483646, 0, 2),
(3244, 9900519, 0, 1, 0, 2147483646, 0, 2),
(3245, 9900520, 0, 1, 0, 2147483646, 0, 2),
(3246, 9900521, 0, 1, 0, 2147483646, 0, 2),
(3248, 9900523, 0, 1, 0, 2147483645, 0, 2),
(3249, 9900524, 0, 1, 0, 2147483646, 0, 2),
(3250, 9900525, 0, 1, 0, 2147483636, 0, 2),
(3251, 9900526, 0, 1, 0, 2147483635, 0, 2),
(3252, 9900527, 0, 1, 0, 2147483642, 0, 2),
(3253, 9900528, 0, 1, 0, 2147483645, 0, 2),
(3254, 9900529, 0, 1, 0, 2147483645, 0, 2),
(3255, 9900530, 0, 1, 0, 2147483643, 0, 2),
(3256, 9900531, 0, 1, 0, 2147483641, 0, 2),
(3257, 9900532, 0, 1, 0, 2147483646, 0, 2),
(3258, 9900533, 0, 1, 0, 2147483646, 0, 2),
(3259, 9900534, 0, 1, 0, 2147483646, 0, 2),
(3260, 9900535, 0, 1, 0, 2147483646, 0, 2),
(3261, 9900536, 0, 1, 0, 2147483646, 0, 2),
(3262, 9900537, 0, 1, 0, 2147483645, 0, 2),
(3263, 9900538, 0, 1, 0, 2147483646, 0, 2),
(3264, 9900539, 0, 1, 0, 2147483646, 0, 2),
(3265, 9900540, 0, 1, 0, 2147483646, 0, 2),
(3266, 9900541, 0, 1, 0, 2147483646, 0, 2),
(3267, 9900542, 0, 1, 0, 2147483646, 0, 2),
(3268, 9900543, 0, 1, 0, 2147483646, 0, 2),
(3269, 9900544, 0, 1, 0, 2147483644, 0, 2),
(3270, 9900545, 0, 1, 0, 2147483646, 0, 2),
(3271, 9900546, 0, 1, 0, 2147483646, 0, 2),
(3272, 9900547, 0, 1, 0, 10, 0, 2),
(3273, 9900548, 0, 1, 0, 2147483632, 0, 2),
(3274, 9900549, 0, 1, 0, 2147483644, 0, 2),
(3275, 9900550, 0, 1, 0, 2147483644, 0, 2),
(3276, 9900551, 0, 1, 0, 2147483645, 0, 2),
(3277, 9900552, 0, 1, 0, 2147483646, 0, 2),
(3278, 9900553, 0, 1, 0, 2147483646, 0, 2),
(3279, 9900554, 0, 1, 0, 2147483638, 0, 2),
(3280, 9900555, 0, 1, 0, 2147483646, 0, 2),
(3281, 9900556, 0, 1, 0, 2147483644, 0, 2),
(3282, 9900557, 0, 1, 0, 2147483646, 0, 2),
(3283, 9900558, 0, 1, 0, 2147483646, 0, 2),
(3284, 9900559, 0, 1, 0, 2147483646, 0, 2),
(3285, 9900560, 0, 1, 0, 2147483646, 0, 2),
(3286, 9900561, 0, 1, 0, 2147483639, 0, 2),
(3287, 9900562, 0, 1, 0, 2147483645, 0, 1),
(3288, 9900563, 0, 1, 0, 2147483645, 0, 2),
(3289, 9900564, 0, 1, 0, 2147483645, 0, 2),
(3290, 9900565, 0, 1, 0, 2147483646, 0, 2),
(3291, 9900566, 0, 1, 0, 2147483646, 0, 2),
(3292, 9900567, 0, 1, 0, 2147483646, 0, 2),
(3293, 9900568, 0, 1, 0, 2147483646, 0, 2),
(3294, 9900569, 0, 1, 0, 2147483645, 0, 2),
(3295, 9900570, 0, 1, 0, 2147483646, 0, 2),
(3296, 9900571, 0, 1, 0, 2147483646, 0, 2),
(3297, 9900572, 0, 1, 0, 2147483646, 0, 2),
(3298, 9900573, 0, 1, 0, 2147483645, 0, 2),
(3299, 9900574, 0, 1, 0, 2147483646, 0, 2),
(3300, 9900575, 0, 1, 0, 2147483646, 0, 2),
(3301, 9900576, 0, 1, 0, 2147483646, 0, 2),
(3302, 9900577, 0, 1, 0, 2147483646, 0, 2),
(3303, 9900578, 0, 1, 0, 2147483646, 0, 2),
(3304, 9900579, 0, 1, 0, 2147483620, 0, 2),
(3305, 9900580, 0, 1, 0, 2147483646, 0, 2),
(3306, 9900581, 0, 1, 0, 2147483645, 0, 2),
(3307, 9900582, 0, 1, 0, 2147483645, 0, 2),
(3308, 9900583, 0, 1, 0, 2147483646, 0, 2),
(3309, 9900584, 0, 1, 0, 2147483641, 0, 2),
(3310, 9900585, 0, 1, 0, 2147483637, 0, 2),
(3311, 9900586, 0, 1, 0, 2147483646, 0, 2),
(3312, 9900587, 0, 1, 0, 2147483646, 0, 2),
(3313, 9900588, 0, 1, 0, 2147483646, 0, 2),
(3314, 9900589, 0, 1, 0, 2147483646, 0, 2),
(3315, 9900590, 0, 1, 0, 2147483646, 0, 2),
(3316, 9900591, 0, 1, 0, 2147483646, 0, 2),
(3317, 9900592, 0, 1, 0, 2147483646, 0, 2),
(3318, 9900593, 0, 1, 0, 2147483646, 0, 2),
(3319, 9900594, 0, 1, 0, 2147483646, 0, 2),
(3320, 9900595, 0, 1, 0, 2147483646, 0, 2),
(3321, 9900596, 0, 1, 0, 2147483646, 0, 2),
(3322, 9900597, 0, 1, 0, 2147483646, 0, 2),
(3323, 9900598, 0, 1, 0, 2147483646, 0, 2),
(3324, 9900599, 0, 1, 0, 2147483646, 0, 2),
(3325, 9900600, 0, 1, 0, 2147483646, 0, 2),
(3326, 9900601, 0, 1, 0, 2147483646, 0, 2),
(3327, 9900602, 0, 1, 0, 2147483646, 0, 2),
(3328, 9900603, 0, 1, 0, 2147483646, 0, 2),
(3329, 9900604, 0, 1, 0, 2147478, 0, 2),
(3330, 9900605, 0, 1, 0, 2147483646, 0, 2);
INSERT INTO `ps_stock_available` (`id_stock_available`, `id_product`, `id_product_attribute`, `id_shop`, `id_shop_group`, `quantity`, `depends_on_stock`, `out_of_stock`) VALUES
(3331, 9900606, 0, 1, 0, 2147483646, 0, 2),
(3332, 9900607, 0, 1, 0, 2147483646, 0, 2),
(3333, 9900608, 0, 1, 0, 2147483645, 0, 2),
(3334, 9900609, 0, 1, 0, 2147483646, 0, 2),
(3335, 9900610, 0, 1, 0, 2147483646, 0, 2),
(3336, 9900611, 0, 1, 0, 2147483644, 0, 2),
(3337, 9900612, 0, 1, 0, 2147483642, 0, 2),
(3338, 9900613, 0, 1, 0, 2147483645, 0, 2),
(3339, 9900614, 0, 1, 0, 2147483646, 0, 2),
(3341, 9900616, 0, 1, 0, 2147483646, 0, 2),
(3342, 9900617, 0, 1, 0, 2147483645, 0, 2),
(3343, 9900618, 0, 1, 0, 2147483646, 0, 2),
(3344, 9900619, 0, 1, 0, 2147483646, 0, 2),
(3345, 9900620, 0, 1, 0, 2147483646, 0, 2),
(3346, 9900621, 0, 1, 0, 2147483646, 0, 2),
(3347, 9900622, 0, 1, 0, 2147483645, 0, 2),
(3348, 9900623, 0, 1, 0, 2147483646, 0, 2),
(3349, 9900624, 0, 1, 0, 2147483645, 0, 2),
(3350, 9900625, 0, 1, 0, 2147483646, 0, 2),
(3351, 9900626, 0, 1, 0, 2147483645, 0, 2),
(3352, 9900627, 0, 1, 0, 2147483646, 0, 2),
(3353, 9900628, 0, 1, 0, 2147483646, 0, 2),
(3354, 9900629, 0, 1, 0, 2147483646, 0, 2),
(3355, 9900630, 0, 1, 0, 2147483646, 0, 2),
(3356, 9900631, 0, 1, 0, 2147483646, 0, 2),
(3357, 9900632, 0, 1, 0, 2147483646, 0, 2),
(3358, 9900633, 0, 1, 0, 2147483624, 0, 2),
(3359, 9900634, 0, 1, 0, 2147483622, 0, 2),
(3360, 9900635, 0, 1, 0, 2147483645, 0, 2),
(3362, 9900637, 0, 1, 0, 2147483646, 0, 2),
(3364, 9900639, 0, 1, 0, 2147483646, 0, 2),
(3365, 9900640, 0, 1, 0, 2147483643, 0, 2),
(3366, 9900641, 0, 1, 0, 2147483646, 0, 2),
(3367, 9900642, 0, 1, 0, 2147483637, 0, 2),
(3368, 9900643, 0, 1, 0, 2147483643, 0, 2),
(3369, 9900644, 0, 1, 0, 2147483644, 0, 2),
(3370, 9900645, 0, 1, 0, 2147483643, 0, 2),
(3371, 9900646, 0, 1, 0, 2147483646, 0, 2),
(3372, 9900647, 0, 1, 0, 2147483646, 0, 2),
(3373, 9900648, 0, 1, 0, 2147483646, 0, 2),
(3374, 9900649, 0, 1, 0, 2147483643, 0, 2),
(3375, 9900650, 0, 1, 0, 2147483616, 0, 2),
(3376, 9900651, 0, 1, 0, 2147483642, 0, 2),
(3377, 9900652, 0, 1, 0, 2147483646, 0, 2),
(3378, 9900653, 0, 1, 0, 2147483645, 0, 2),
(3379, 9900654, 0, 1, 0, 2147483646, 0, 2),
(3380, 9900655, 0, 1, 0, 2147483646, 0, 2),
(3381, 9900656, 0, 1, 0, 2147483646, 0, 2),
(3382, 9900657, 0, 1, 0, 2147483646, 0, 2),
(3383, 9900658, 0, 1, 0, 2147483646, 0, 2),
(3384, 9900659, 0, 1, 0, 2147483646, 0, 2),
(3385, 9900660, 0, 1, 0, 2147483646, 0, 2),
(3386, 9900661, 0, 1, 0, 2147483646, 0, 2),
(3387, 9900662, 0, 1, 0, 2147483646, 0, 2),
(3388, 9900663, 0, 1, 0, 2147483646, 0, 2),
(3389, 9900664, 0, 1, 0, 2147483646, 0, 2),
(3390, 9900665, 0, 1, 0, 2147483646, 0, 2),
(3391, 9900666, 0, 1, 0, 2147483641, 0, 2),
(3392, 9900667, 0, 1, 0, 2147483646, 0, 2),
(3393, 9900668, 0, 1, 0, 2147483641, 0, 2),
(3394, 9900669, 0, 1, 0, 2147483646, 0, 2),
(3395, 9900670, 0, 1, 0, 2147483645, 0, 2),
(3396, 9900671, 0, 1, 0, 2147483646, 0, 2),
(3397, 9900672, 0, 1, 0, 2147483446, 0, 2),
(3398, 9900673, 0, 1, 0, 2147483646, 0, 2),
(3399, 9900674, 0, 1, 0, 2147483646, 0, 2),
(3400, 9900675, 0, 1, 0, 2147483646, 0, 2),
(3401, 9900676, 0, 1, 0, 2147483640, 0, 2),
(3402, 9900677, 0, 1, 0, 2147483646, 0, 2),
(3403, 9900678, 0, 1, 0, 2147483642, 0, 2),
(3404, 9900679, 0, 1, 0, 2147483646, 0, 2),
(3405, 9900680, 0, 1, 0, 2147483644, 0, 2),
(3406, 9900681, 0, 1, 0, 2147483646, 0, 2),
(3407, 9900682, 0, 1, 0, 2147483640, 0, 2),
(3408, 9900683, 0, 1, 0, 2147483642, 0, 2),
(3409, 9900684, 0, 1, 0, 2147483641, 0, 2),
(3410, 9900685, 0, 1, 0, 2147483646, 0, 2),
(3411, 9900686, 0, 1, 0, 2147483646, 0, 2),
(3412, 9900687, 0, 1, 0, 2147483646, 0, 2),
(3413, 9900688, 0, 1, 0, 2147483644, 0, 2),
(3414, 9900689, 0, 1, 0, 2147483644, 0, 2),
(3415, 9900690, 0, 1, 0, 2147483646, 0, 2),
(3416, 9900691, 0, 1, 0, 2147483646, 0, 2),
(3417, 9900692, 0, 1, 0, 2147483646, 0, 2),
(3418, 9900693, 0, 1, 0, 2147483646, 0, 2),
(3419, 9900694, 0, 1, 0, 2147483646, 0, 2),
(3420, 9900695, 0, 1, 0, 2147483639, 0, 2),
(3421, 9900696, 0, 1, 0, 2147483616, 0, 2),
(3423, 9900698, 0, 1, 0, 2147483646, 0, 2),
(3424, 9900699, 0, 1, 0, 2147483646, 0, 2),
(3425, 9900700, 0, 1, 0, 2147483646, 0, 2),
(3426, 9900701, 0, 1, 0, 2147483646, 0, 2),
(3428, 9900703, 0, 1, 0, 2147483646, 0, 2),
(3429, 9900704, 0, 1, 0, 2147483646, 0, 2),
(3430, 9900705, 0, 1, 0, 2147483646, 0, 2),
(3431, 9900706, 0, 1, 0, 2147483646, 0, 2),
(3432, 9900707, 0, 1, 0, 2147483646, 0, 2),
(3433, 9900708, 0, 1, 0, 2147483628, 0, 2),
(3434, 9900709, 0, 1, 0, 2147483645, 0, 2),
(3435, 9900710, 0, 1, 0, 2147483646, 0, 2),
(3436, 9900711, 0, 1, 0, 2147483644, 0, 2),
(3437, 9900712, 0, 1, 0, 2147483646, 0, 2),
(3438, 9900713, 0, 1, 0, 2147483645, 0, 2),
(3440, 9900715, 0, 1, 0, 2147483645, 0, 2),
(3441, 9900716, 0, 1, 0, 2147483638, 0, 2),
(3442, 9900717, 0, 1, 0, 2147483645, 0, 2),
(3443, 9900718, 0, 1, 0, 2147483646, 0, 2),
(3444, 9900719, 0, 1, 0, 2147483646, 0, 2),
(3445, 9900720, 0, 1, 0, 2147483646, 0, 2),
(3446, 9900721, 0, 1, 0, 2147483646, 0, 2),
(3451, 15, 300, 1, 0, 2147483646, 0, 2),
(3457, 9900724, 0, 1, 0, 2147483638, 0, 2),
(3458, 9900725, 0, 1, 0, 2147483637, 0, 2),
(3459, 9900726, 0, 1, 0, 2147483646, 0, 2),
(3461, 9900728, 0, 1, 0, 2147483646, 0, 2),
(3463, 10, 58, 1, 0, 2147483628, 0, 1),
(3471, 428, 340, 1, 0, 2147483646, 0, 2),
(3472, 428, 341, 1, 0, 2147483646, 0, 2),
(3473, 428, 342, 1, 0, 2147483646, 0, 2),
(3474, 428, 343, 1, 0, 2147483646, 0, 2),
(3475, 428, 344, 1, 0, 2147483646, 0, 2),
(3476, 428, 345, 1, 0, 2147483646, 0, 2),
(3477, 428, 346, 1, 0, 2147483646, 0, 2),
(3478, 428, 347, 1, 0, 2147483646, 0, 2),
(3479, 9900730, 0, 1, 0, 2147483646, 0, 2),
(3480, 9900731, 0, 1, 0, 2147483646, 0, 2),
(3481, 9900732, 0, 1, 0, 21474836, 0, 1),
(3484, 9900735, 0, 1, 0, 2147483646, 0, 2),
(3485, 9900736, 0, 1, 0, 2147483626, 0, 2),
(3486, 9900737, 0, 1, 0, 2147483646, 0, 2),
(3487, 9900738, 0, 1, 0, 2147483646, 0, 2),
(3490, 9900741, 0, 1, 0, 2147483621, 0, 2),
(3491, 9900742, 0, 1, 0, 2147483646, 0, 2),
(3492, 9900743, 0, 1, 0, 2147483646, 0, 2),
(3493, 20000, 0, 1, 0, 2147483646, 0, 2),
(3494, 9900744, 0, 1, 0, 9999998, 0, 2),
(3495, 9900745, 0, 1, 0, 2147483620, 0, 2),
(3496, 9900746, 0, 1, 0, 2147483630, 0, 2),
(3497, 9900747, 0, 1, 0, 2147483645, 0, 2),
(3498, 9900748, 0, 1, 0, 2147483644, 0, 2),
(3499, 9900749, 0, 1, 0, 2147483639, 0, 2),
(3500, 9900750, 0, 1, 0, 2147483645, 0, 2),
(3501, 9900751, 0, 1, 0, 2147483646, 0, 2),
(3502, 9900752, 0, 1, 0, 2147483646, 0, 2),
(3503, 9900753, 0, 1, 0, 2147483646, 0, 2),
(3504, 9900754, 0, 1, 0, 2147483646, 0, 2),
(3513, 9900754, 356, 1, 0, 2147483646, 0, 2),
(3514, 9900754, 357, 1, 0, 2147483646, 0, 2),
(3515, 9900754, 358, 1, 0, 2147483646, 0, 2),
(3516, 9900754, 359, 1, 0, 2147483646, 0, 2),
(3517, 9900754, 360, 1, 0, 2147483646, 0, 2),
(3518, 9900754, 361, 1, 0, 2147483646, 0, 2),
(3519, 9900754, 362, 1, 0, 2147483646, 0, 2),
(3520, 9900754, 363, 1, 0, 2147483646, 0, 2),
(3521, 9900755, 0, 1, 0, 2147483646, 0, 2),
(3522, 9900756, 0, 1, 0, 2147483646, 0, 2),
(3523, 9900757, 0, 1, 0, 9999997, 0, 2),
(3524, 9900758, 0, 1, 0, 2147483646, 0, 2),
(3525, 9900759, 0, 1, 0, 2147483646, 0, 2),
(3527, 9900761, 0, 1, 0, 2147483627, 0, 2),
(3528, 9900762, 0, 1, 0, 2147483626, 0, 2),
(3529, 9900763, 0, 1, 0, 2147483638, 0, 2),
(3530, 9900764, 0, 1, 0, 2147483647, 0, 2),
(3531, 9900765, 0, 1, 0, 214748349, 0, 1),
(3532, 9900766, 0, 1, 0, 0, 0, 2),
(3533, 9900767, 0, 1, 0, 2147483634, 0, 2),
(3534, 9900768, 0, 1, 0, 9999998, 0, 2),
(3535, 9900769, 0, 1, 0, 999999998, 0, 2),
(3536, 9900770, 0, 1, 0, 999998, 0, 2),
(3537, 9900771, 0, 1, 0, 0, 0, 2),
(3538, 9900772, 0, 1, 0, 0, 0, 2),
(3539, 9900773, 0, 1, 0, 2147483646, 0, 2),
(3540, 9900774, 0, 1, 0, 0, 0, 2),
(3541, 9900775, 0, 1, 0, 97, 0, 2),
(3542, 9900776, 0, 1, 0, 999999, 0, 2),
(3543, 9900777, 0, 1, 0, 2147483637, 0, 2),
(3544, 9900778, 0, 1, 0, 0, 0, 2),
(3545, 9900779, 0, 1, 0, 0, 0, 2),
(3546, 9900780, 0, 1, 0, 553, 0, 2),
(3547, 9900781, 0, 1, 0, 0, 0, 2),
(3548, 9900782, 0, 1, 0, 99999993, 0, 2),
(3549, 9900783, 0, 1, 0, 99995, 0, 2),
(3550, 9900784, 0, 1, 0, 99999, 0, 2),
(3551, 9900785, 0, 1, 0, 99999, 0, 2),
(3552, 9900786, 0, 1, 0, 99999, 0, 2),
(3553, 9900787, 0, 1, 0, 0, 0, 2),
(3554, 9900788, 0, 1, 0, 0, 0, 2),
(3556, 9900789, 0, 1, 0, 399980, 0, 2),
(3558, 9900791, 0, 1, 0, 2147483635, 0, 1),
(3559, 9900792, 0, 1, 0, 111105, 0, 2),
(3560, 9900793, 0, 1, 0, 0, 0, 2),
(3561, 9900794, 0, 1, 0, 2147483638, 0, 2),
(3562, 9900795, 0, 1, 0, 2147483645, 0, 2),
(3563, 9900796, 0, 1, 0, 0, 0, 2),
(3564, 9900797, 0, 1, 0, 0, 0, 2),
(3565, 9900798, 0, 1, 0, 2147483647, 0, 2),
(3566, 9900799, 0, 1, 0, 0, 0, 2);

-- --------------------------------------------------------

--
-- Structure de la table `ps_stock_mvt`
--

CREATE TABLE IF NOT EXISTS `ps_stock_mvt` (
  `id_stock_mvt` bigint(20) unsigned NOT NULL AUTO_INCREMENT,
  `id_stock` int(11) unsigned NOT NULL,
  `id_order` int(11) unsigned DEFAULT NULL,
  `id_supply_order` int(11) unsigned DEFAULT NULL,
  `id_stock_mvt_reason` int(11) unsigned NOT NULL,
  `id_employee` int(11) unsigned NOT NULL,
  `employee_lastname` varchar(32) DEFAULT '',
  `employee_firstname` varchar(32) DEFAULT '',
  `physical_quantity` int(11) unsigned NOT NULL,
  `date_add` datetime NOT NULL,
  `sign` tinyint(1) NOT NULL DEFAULT '1',
  `price_te` decimal(20,6) DEFAULT '0.000000',
  `last_wa` decimal(20,6) DEFAULT '0.000000',
  `current_wa` decimal(20,6) DEFAULT '0.000000',
  `referer` bigint(20) unsigned DEFAULT NULL,
  PRIMARY KEY (`id_stock_mvt`),
  KEY `id_stock` (`id_stock`),
  KEY `id_stock_mvt_reason` (`id_stock_mvt_reason`)
) ENGINE=InnoDB  DEFAULT CHARSET=utf8 AUTO_INCREMENT=23 ;

--
-- Contenu de la table `ps_stock_mvt`
--

INSERT INTO `ps_stock_mvt` (`id_stock_mvt`, `id_stock`, `id_order`, `id_supply_order`, `id_stock_mvt_reason`, `id_employee`, `employee_lastname`, `employee_firstname`, `physical_quantity`, `date_add`, `sign`, `price_te`, `last_wa`, `current_wa`, `referer`) VALUES
(1, 1, 0, 0, 1, 1, 'JOUGUET', 'Grégory', 2, '2013-05-19 17:57:35', 1, 1.500000, 0.000000, 1.500000, 0),
(2, 2, 0, 0, 5, 1, 'JOUGUET', 'Grégory', 2, '2013-05-19 18:01:13', 1, 1.500000, 0.000000, 1.500000, 0),
(3, 3, 0, 3, 8, 1, 'JOUGUET', 'Grégory', 2, '2013-05-19 18:17:05', 1, 0.000000, 0.000000, 0.000000, 0),
(4, 4, 0, 0, 5, 1, 'JOUGUET', 'Grégory', 2, '2013-05-19 18:20:06', 1, 1.500000, 0.000000, 1.500000, 0),
(5, 5, 0, 0, 1, 3, 'FOLTZER', 'Nicolas	', 10, '2013-12-17 11:33:31', 1, 0.280000, 0.000000, 0.280000, 0),
(6, 6, 0, 0, 1, 3, 'FOLTZER', 'Nicolas	', 2, '2013-12-17 11:43:21', 1, 0.840000, 0.000000, 0.840000, 0),
(7, 7, 0, 0, 1, 3, 'FOLTZER', 'Nicolas	', 2, '2013-12-17 11:44:31', 1, 25.080000, 0.000000, 25.080000, 0),
(10, 6, 0, 0, 2, 3, 'FOLTZER', 'Nicolas	', 2, '2013-12-17 17:03:45', -1, 0.840000, 0.840000, 0.840000, 0),
(11, 7, 0, 0, 2, 3, 'FOLTZER', 'Nicolas	', 2, '2013-12-17 17:04:01', -1, 25.080000, 25.080000, 25.080000, 0),
(12, 6, 0, 0, 1, 3, 'FOLTZER', 'Nicolas	', 10, '2013-12-17 17:07:10', 1, 0.840000, 0.840000, 0.840000, 0),
(13, 7, 0, 0, 1, 3, 'FOLTZER', 'Nicolas	', 10, '2013-12-17 17:11:00', 1, 25.080000, 25.080000, 25.080000, 0),
(14, 9, 0, 0, 1, 3, 'FOLTZER', 'Nicolas	', 10, '2013-12-17 17:16:14', 1, 25.080000, 0.000000, 25.080000, 0),
(15, 5, 0, 0, 2, 3, 'FOLTZER', 'Nicolas	', 10, '2013-12-17 17:17:05', -1, 0.280000, 0.280000, 0.280000, 0),
(16, 10, 0, 0, 1, 3, 'FOLTZER', 'Nicolas	', 10, '2013-12-17 17:21:41', 1, 25.080000, 0.000000, 25.080000, 0),
(17, 10, 0, 0, 2, 3, 'FOLTZER', 'Nicolas	', 10, '2013-12-17 17:33:18', -1, 25.080000, 25.080000, 25.080000, 0),
(18, 6, 120, 0, 3, 3, 'FOLTZER', 'Nicolas	', 1, '2013-12-17 17:34:01', -1, 0.840000, 0.840000, 0.840000, 0),
(19, 7, 120, 0, 3, 3, 'FOLTZER', 'Nicolas	', 1, '2013-12-17 17:34:01', -1, 25.080000, 25.080000, 25.080000, 0),
(20, 6, 0, 0, 1, 3, 'FOLTZER', 'Nicolas	', 1, '2013-12-17 17:42:17', 1, 0.840000, 0.840000, 0.840000, 0),
(21, 7, 0, 0, 1, 3, 'FOLTZER', 'Nicolas	', 1, '2013-12-17 17:42:17', 1, 25.080000, 25.080000, 25.080000, 0),
(22, 7, 0, 0, 1, 3, 'FOLTZER', 'Nicolas	', 14, '2013-12-18 09:29:44', 1, 25.080000, 25.080000, 25.080000, 0);

-- --------------------------------------------------------

--
-- Structure de la table `ps_stock_mvt_reason`
--

CREATE TABLE IF NOT EXISTS `ps_stock_mvt_reason` (
  `id_stock_mvt_reason` int(11) unsigned NOT NULL AUTO_INCREMENT,
  `sign` tinyint(1) NOT NULL DEFAULT '1',
  `date_add` datetime NOT NULL,
  `date_upd` datetime NOT NULL,
  `deleted` tinyint(1) unsigned NOT NULL DEFAULT '0',
  PRIMARY KEY (`id_stock_mvt_reason`)
) ENGINE=InnoDB  DEFAULT CHARSET=utf8 AUTO_INCREMENT=9 ;

--
-- Contenu de la table `ps_stock_mvt_reason`
--

INSERT INTO `ps_stock_mvt_reason` (`id_stock_mvt_reason`, `sign`, `date_add`, `date_upd`, `deleted`) VALUES
(1, 1, '2013-05-16 20:35:40', '2013-05-16 20:35:40', 0),
(2, -1, '2013-05-16 20:35:40', '2013-05-16 20:35:40', 0),
(3, -1, '2013-05-16 20:35:40', '2013-05-16 20:35:40', 0),
(4, -1, '2013-05-16 20:35:40', '2013-05-16 20:35:40', 0),
(5, 1, '2013-05-16 20:35:40', '2013-05-16 20:35:40', 0),
(6, -1, '2013-05-16 20:35:40', '2013-05-16 20:35:40', 0),
(7, 1, '2013-05-16 20:35:40', '2013-05-16 20:35:40', 0),
(8, 1, '2013-05-16 20:35:40', '2013-05-16 20:35:40', 0);

-- --------------------------------------------------------

--
-- Structure de la table `ps_stock_mvt_reason_lang`
--

CREATE TABLE IF NOT EXISTS `ps_stock_mvt_reason_lang` (
  `id_stock_mvt_reason` int(11) unsigned NOT NULL,
  `id_lang` int(11) unsigned NOT NULL,
  `name` varchar(255) NOT NULL,
  PRIMARY KEY (`id_stock_mvt_reason`,`id_lang`)
) ENGINE=InnoDB DEFAULT CHARSET=utf8;

--
-- Contenu de la table `ps_stock_mvt_reason_lang`
--

INSERT INTO `ps_stock_mvt_reason_lang` (`id_stock_mvt_reason`, `id_lang`, `name`) VALUES
(1, 1, 'Augmenter'),
(2, 1, 'Diminuer'),
(3, 1, 'Commande client'),
(4, 1, 'Régularisation du stock suite à un inventaire'),
(5, 1, 'Régularisation du stock suite à un inventaire'),
(6, 1, 'Transfert vers un autre entrepôt'),
(7, 1, 'Transfert depuis un autre entrepôt'),
(8, 1, 'Commande fournisseur');

-- --------------------------------------------------------

--
-- Structure de la table `ps_store`
--

CREATE TABLE IF NOT EXISTS `ps_store` (
  `id_store` int(10) unsigned NOT NULL AUTO_INCREMENT,
  `id_country` int(10) unsigned NOT NULL,
  `id_state` int(10) unsigned DEFAULT NULL,
  `name` varchar(128) NOT NULL,
  `address1` varchar(128) NOT NULL,
  `address2` varchar(128) DEFAULT NULL,
  `city` varchar(64) NOT NULL,
  `postcode` varchar(12) NOT NULL,
  `latitude` decimal(13,8) DEFAULT NULL,
  `longitude` decimal(13,8) DEFAULT NULL,
  `hours` varchar(254) DEFAULT NULL,
  `phone` varchar(16) DEFAULT NULL,
  `fax` varchar(16) DEFAULT NULL,
  `email` varchar(128) DEFAULT NULL,
  `note` text,
  `active` tinyint(1) unsigned NOT NULL DEFAULT '0',
  `date_add` datetime NOT NULL,
  `date_upd` datetime NOT NULL,
  PRIMARY KEY (`id_store`)
) ENGINE=InnoDB  DEFAULT CHARSET=utf8 AUTO_INCREMENT=6 ;

--
-- Contenu de la table `ps_store`
--

INSERT INTO `ps_store` (`id_store`, `id_country`, `id_state`, `name`, `address1`, `address2`, `city`, `postcode`, `latitude`, `longitude`, `hours`, `phone`, `fax`, `email`, `note`, `active`, `date_add`, `date_upd`) VALUES
(1, 21, 9, 'Dade County', '3030 SW 8th St Miami', '', 'Miami', ' 33135', 25.76500500, -80.24379700, 'a:7:{i:0;s:13:"09:00 - 19:00";i:1;s:13:"09:00 - 19:00";i:2;s:13:"09:00 - 19:00";i:3;s:13:"09:00 - 19:00";i:4;s:13:"09:00 - 19:00";i:5;s:13:"10:00 - 16:00";i:6;s:13:"10:00 - 16:00";}', '', '', '', '', 0, '2013-05-16 20:35:47', '2013-05-16 21:45:53'),
(2, 21, 9, 'E Fort Lauderdale', '1000 Northeast 4th Ave Fort Lauderdale', '', 'Miami', ' 33304', 26.13793600, -80.13943500, 'a:7:{i:0;s:13:"09:00 - 19:00";i:1;s:13:"09:00 - 19:00";i:2;s:13:"09:00 - 19:00";i:3;s:13:"09:00 - 19:00";i:4;s:13:"09:00 - 19:00";i:5;s:13:"10:00 - 16:00";i:6;s:13:"10:00 - 16:00";}', '', '', '', '', 0, '2013-05-16 20:35:47', '2013-05-16 21:45:53'),
(3, 21, 9, 'Pembroke Pines', '11001 Pines Blvd Pembroke Pines', '', 'Miami', '33026', 26.00998700, -80.29447200, 'a:7:{i:0;s:13:"09:00 - 19:00";i:1;s:13:"09:00 - 19:00";i:2;s:13:"09:00 - 19:00";i:3;s:13:"09:00 - 19:00";i:4;s:13:"09:00 - 19:00";i:5;s:13:"10:00 - 16:00";i:6;s:13:"10:00 - 16:00";}', '', '', '', '', 0, '2013-05-16 20:35:47', '2013-05-16 21:45:54'),
(4, 21, 9, 'Coconut Grove', '2999 SW 32nd Avenue', '', 'Miami', ' 33133', 25.73629600, -80.24479700, 'a:7:{i:0;s:13:"09:00 - 19:00";i:1;s:13:"09:00 - 19:00";i:2;s:13:"09:00 - 19:00";i:3;s:13:"09:00 - 19:00";i:4;s:13:"09:00 - 19:00";i:5;s:13:"10:00 - 16:00";i:6;s:13:"10:00 - 16:00";}', '', '', '', '', 0, '2013-05-16 20:35:47', '2013-05-16 21:45:54'),
(5, 21, 9, 'N Miami/Biscayne', '12055 Biscayne Blvd', '', 'Miami', '33181', 25.88674000, -80.16329200, 'a:7:{i:0;s:13:"09:00 - 19:00";i:1;s:13:"09:00 - 19:00";i:2;s:13:"09:00 - 19:00";i:3;s:13:"09:00 - 19:00";i:4;s:13:"09:00 - 19:00";i:5;s:13:"10:00 - 16:00";i:6;s:13:"10:00 - 16:00";}', '', '', '', '', 0, '2013-05-16 20:35:47', '2013-05-16 21:45:55');

-- --------------------------------------------------------

--
-- Structure de la table `ps_store_shop`
--

CREATE TABLE IF NOT EXISTS `ps_store_shop` (
  `id_store` int(11) unsigned NOT NULL,
  `id_shop` int(11) unsigned NOT NULL,
  PRIMARY KEY (`id_store`,`id_shop`),
  KEY `id_shop` (`id_shop`)
) ENGINE=InnoDB DEFAULT CHARSET=utf8;

--
-- Contenu de la table `ps_store_shop`
--

INSERT INTO `ps_store_shop` (`id_store`, `id_shop`) VALUES
(1, 1),
(2, 1),
(3, 1),
(4, 1),
(5, 1);

-- --------------------------------------------------------

--
-- Structure de la table `ps_supplier`
--

CREATE TABLE IF NOT EXISTS `ps_supplier` (
  `id_supplier` int(10) unsigned NOT NULL AUTO_INCREMENT,
  `name` varchar(64) NOT NULL,
  `date_add` datetime NOT NULL,
  `date_upd` datetime NOT NULL,
  `active` tinyint(1) NOT NULL DEFAULT '0',
  PRIMARY KEY (`id_supplier`)
) ENGINE=InnoDB  DEFAULT CHARSET=utf8 AUTO_INCREMENT=53 ;

--
-- Contenu de la table `ps_supplier`
--

INSERT INTO `ps_supplier` (`id_supplier`, `name`, `date_add`, `date_upd`, `active`) VALUES
(1, 'AppleStore', '2013-05-16 20:35:48', '2013-05-16 20:54:04', 0),
(2, 'Shure Online Store', '2013-05-16 20:35:48', '2013-05-16 20:54:04', 0),
(3, 'CENPAC EST', '2013-05-19 18:05:09', '2013-05-19 18:05:09', 1),
(4, 'CHARPENTIER', '2013-12-19 09:59:17', '2013-12-19 09:59:17', 1),
(5, 'C.T.M.S.', '2013-12-19 09:59:17', '2013-12-19 09:59:17', 1),
(6, 'CAPAG', '2013-12-19 09:59:17', '2013-12-19 09:59:17', 1),
(7, 'E3 CORTEX', '2013-12-19 09:59:17', '2013-12-19 09:59:17', 1),
(8, 'SANSETSU', '2013-12-19 09:59:18', '2013-12-19 09:59:18', 1),
(9, 'VOSGES EMBAL', '2013-12-19 09:59:18', '2013-12-19 09:59:18', 1),
(10, 'Cartonnages PFAHRER S.A.S.', '2013-12-19 09:59:19', '2013-12-19 09:59:19', 1),
(11, 'VANIMPACK', '2013-12-19 09:59:19', '2013-12-19 09:59:19', 1),
(12, 'BRUCKER', '2013-12-19 09:59:23', '2013-12-19 09:59:23', 1),
(13, 'CGP INDUSTRIES', '2013-12-19 09:59:23', '2013-12-19 09:59:23', 1),
(14, 'SEVIAC', '2013-12-19 09:59:25', '2013-12-19 09:59:25', 1),
(15, 'ELRIED GmbH', '2013-12-19 09:59:26', '2013-12-19 09:59:26', 1),
(16, 'MARBURGER S T S', '2013-12-19 09:59:26', '2013-12-19 09:59:26', 1),
(17, 'STEMPEL FREIBERG', '2013-12-19 09:59:26', '2013-12-19 09:59:26', 1),
(18, 'NORDDEUTSCHE APPARATE-BAUNASTALT', '2013-12-19 09:59:26', '2013-12-19 09:59:26', 1),
(19, 'KABEY', '2013-12-19 09:59:26', '2013-12-19 09:59:26', 1),
(20, 'SCHABOS', '2013-12-19 09:59:28', '2013-12-19 09:59:28', 1),
(21, 'nouveau fournisseur occasionel', '2013-12-19 09:59:28', '2013-12-19 09:59:28', 1),
(22, 'Ets. GENPLAST', '2013-12-19 09:59:28', '2013-12-19 09:59:28', 1),
(23, 'POSTTHUMUS', '2013-12-19 09:59:29', '2013-12-19 09:59:29', 1),
(24, 'SOUVIGNET PLASTIQUES', '2013-12-19 09:59:30', '2013-12-19 09:59:30', 1),
(25, 'STEP', '2013-12-19 09:59:30', '2013-12-19 09:59:30', 1),
(26, 'PAKERS MUSSY SAS', '2013-12-19 09:59:30', '2013-12-19 09:59:30', 1),
(27, 'K-ZYMEX', '2013-12-19 09:59:30', '2013-12-19 09:59:30', 1),
(28, 'TECPLAST', '2013-12-19 09:59:30', '2013-12-19 09:59:30', 1),
(29, 'SIGOPLAST', '2013-12-19 09:59:30', '2013-12-19 09:59:30', 1),
(30, 'BEST PACK', '2013-12-19 09:59:30', '2013-12-19 09:59:30', 1),
(31, 'PLAST''EMBAL', '2013-12-19 09:59:31', '2013-12-19 09:59:31', 1),
(32, 'ROCHE Emballages Plastique', '2013-12-19 09:59:31', '2013-12-19 09:59:31', 1),
(33, 'ACOBAL', '2013-12-19 09:59:31', '2013-12-19 09:59:31', 1),
(34, 'Emballages Diffusion', '2013-12-19 09:59:31', '2013-12-19 09:59:31', 1),
(35, 'MAGISAC SERVICES', '2013-12-19 09:59:31', '2013-12-19 09:59:31', 1),
(36, 'PONSOT PLASTIQUE', '2013-12-19 09:59:31', '2013-12-19 09:59:31', 1),
(37, 'DISTRIMPEX', '2013-12-19 09:59:32', '2013-12-19 09:59:32', 1),
(38, 'GD INDUSTRIE', '2013-12-19 09:59:32', '2013-12-19 09:59:32', 1),
(39, 'GPK', '2013-12-19 09:59:33', '2013-12-19 09:59:33', 1),
(40, 'SAC ISO', '2013-12-19 09:59:33', '2013-12-19 09:59:33', 1),
(41, 'C.A.T. LEPUIX-GY', '2013-12-19 09:59:35', '2013-12-19 09:59:35', 1),
(42, 'COP SERIGRAPHIE', '2013-12-19 09:59:36', '2013-12-19 09:59:36', 1),
(43, 'SEEC L''ETIQUETTE', '2013-12-19 09:59:36', '2013-12-19 09:59:36', 1),
(44, 'TURMES', '2013-12-19 09:59:36', '2013-12-19 09:59:36', 1),
(45, 'FIBRERIES DE TOURAINE', '2013-12-19 09:59:36', '2013-12-19 09:59:36', 1),
(46, 'LANDOLT', '2013-12-19 09:59:37', '2013-12-19 09:59:37', 1),
(47, 'MAJICAP', '2013-12-19 09:59:38', '2013-12-19 09:59:38', 1),
(48, 'AGRIJUTE-DUMARCHE', '2013-12-19 09:59:39', '2013-12-19 09:59:39', 1),
(49, 'Papeterie JACQUOT', '2013-12-19 09:59:41', '2013-12-19 09:59:41', 1),
(50, 'MERI Hyper plein Ciel', '2013-12-19 09:59:41', '2013-12-19 09:59:41', 1),
(51, 'ECO BUREAUTIC', '2013-12-19 09:59:41', '2013-12-19 09:59:41', 1),
(52, 'SIMONIN WINTER', '2013-12-19 09:59:42', '2013-12-19 09:59:42', 1);

-- --------------------------------------------------------

--
-- Structure de la table `ps_supplier_lang`
--

CREATE TABLE IF NOT EXISTS `ps_supplier_lang` (
  `id_supplier` int(10) unsigned NOT NULL,
  `id_lang` int(10) unsigned NOT NULL,
  `description` text,
  `meta_title` varchar(128) DEFAULT NULL,
  `meta_keywords` varchar(255) DEFAULT NULL,
  `meta_description` varchar(255) DEFAULT NULL,
  PRIMARY KEY (`id_supplier`,`id_lang`)
) ENGINE=InnoDB DEFAULT CHARSET=utf8;

--
-- Contenu de la table `ps_supplier_lang`
--

INSERT INTO `ps_supplier_lang` (`id_supplier`, `id_lang`, `description`, `meta_title`, `meta_keywords`, `meta_description`) VALUES
(1, 1, '', '', '', ''),
(2, 1, '', '', '', ''),
(3, 1, '', '', '', ''),
(4, 1, '', '', '', ''),
(5, 1, '', '', '', ''),
(6, 1, '', '', '', ''),
(7, 1, '', '', '', ''),
(8, 1, '', '', '', ''),
(9, 1, '', '', '', ''),
(10, 1, '', '', '', ''),
(11, 1, '', '', '', ''),
(12, 1, '', '', '', ''),
(13, 1, '', '', '', ''),
(14, 1, '', '', '', ''),
(15, 1, '', '', '', ''),
(16, 1, '', '', '', ''),
(17, 1, '', '', '', ''),
(18, 1, '', '', '', ''),
(19, 1, '', '', '', ''),
(20, 1, '', '', '', ''),
(21, 1, '', '', '', ''),
(22, 1, '', '', '', ''),
(23, 1, '', '', '', ''),
(24, 1, '', '', '', ''),
(25, 1, '', '', '', ''),
(26, 1, '', '', '', ''),
(27, 1, '', '', '', ''),
(28, 1, '', '', '', ''),
(29, 1, '', '', '', ''),
(30, 1, '', '', '', ''),
(31, 1, '', '', '', ''),
(32, 1, '', '', '', ''),
(33, 1, '', '', '', ''),
(34, 1, '', '', '', ''),
(35, 1, '', '', '', ''),
(36, 1, '', '', '', ''),
(37, 1, '', '', '', ''),
(38, 1, '', '', '', ''),
(39, 1, '', '', '', ''),
(40, 1, '', '', '', ''),
(41, 1, '', '', '', ''),
(42, 1, '', '', '', ''),
(43, 1, '', '', '', ''),
(44, 1, '', '', '', ''),
(45, 1, '', '', '', ''),
(46, 1, '', '', '', ''),
(47, 1, '', '', '', ''),
(48, 1, '', '', '', ''),
(49, 1, '', '', '', ''),
(50, 1, '', '', '', ''),
(51, 1, '', '', '', ''),
(52, 1, '', '', '', '');

-- --------------------------------------------------------

--
-- Structure de la table `ps_supplier_shop`
--

CREATE TABLE IF NOT EXISTS `ps_supplier_shop` (
  `id_supplier` int(11) unsigned NOT NULL,
  `id_shop` int(11) unsigned NOT NULL,
  PRIMARY KEY (`id_supplier`,`id_shop`),
  KEY `id_shop` (`id_shop`)
) ENGINE=InnoDB DEFAULT CHARSET=utf8;

--
-- Contenu de la table `ps_supplier_shop`
--

INSERT INTO `ps_supplier_shop` (`id_supplier`, `id_shop`) VALUES
(1, 1),
(2, 1),
(3, 1),
(4, 1),
(5, 1),
(6, 1),
(7, 1),
(8, 1),
(9, 1),
(10, 1),
(11, 1),
(12, 1),
(13, 1),
(14, 1),
(15, 1),
(16, 1),
(17, 1),
(18, 1),
(19, 1),
(20, 1),
(21, 1),
(22, 1),
(23, 1),
(24, 1),
(25, 1),
(26, 1),
(27, 1),
(28, 1),
(29, 1),
(30, 1),
(31, 1),
(32, 1),
(33, 1),
(34, 1),
(35, 1),
(36, 1),
(37, 1),
(38, 1),
(39, 1),
(40, 1),
(41, 1),
(42, 1),
(43, 1),
(44, 1),
(45, 1),
(46, 1),
(47, 1),
(48, 1),
(49, 1),
(50, 1),
(51, 1),
(52, 1);

-- --------------------------------------------------------

--
-- Structure de la table `ps_supply_order`
--

CREATE TABLE IF NOT EXISTS `ps_supply_order` (
  `id_supply_order` int(11) unsigned NOT NULL AUTO_INCREMENT,
  `id_supplier` int(11) unsigned NOT NULL,
  `supplier_name` varchar(64) NOT NULL,
  `id_lang` int(11) unsigned NOT NULL,
  `id_warehouse` int(11) unsigned NOT NULL,
  `id_supply_order_state` int(11) unsigned NOT NULL,
  `id_currency` int(11) unsigned NOT NULL,
  `id_ref_currency` int(11) unsigned NOT NULL,
  `reference` varchar(64) NOT NULL,
  `date_add` datetime NOT NULL,
  `date_upd` datetime NOT NULL,
  `date_delivery_expected` datetime DEFAULT NULL,
  `total_te` decimal(20,6) DEFAULT '0.000000',
  `total_with_discount_te` decimal(20,6) DEFAULT '0.000000',
  `total_tax` decimal(20,6) DEFAULT '0.000000',
  `total_ti` decimal(20,6) DEFAULT '0.000000',
  `discount_rate` decimal(20,6) DEFAULT '0.000000',
  `discount_value_te` decimal(20,6) DEFAULT '0.000000',
  `is_template` tinyint(1) DEFAULT '0',
  PRIMARY KEY (`id_supply_order`),
  KEY `id_supplier` (`id_supplier`),
  KEY `id_warehouse` (`id_warehouse`),
  KEY `reference` (`reference`)
) ENGINE=InnoDB  DEFAULT CHARSET=utf8 AUTO_INCREMENT=4 ;

--
-- Contenu de la table `ps_supply_order`
--

INSERT INTO `ps_supply_order` (`id_supply_order`, `id_supplier`, `supplier_name`, `id_lang`, `id_warehouse`, `id_supply_order_state`, `id_currency`, `id_ref_currency`, `reference`, `date_add`, `date_upd`, `date_delivery_expected`, `total_te`, `total_with_discount_te`, `total_tax`, `total_ti`, `discount_rate`, `discount_value_te`, `is_template`) VALUES
(1, 3, 'CENPAC EST', 1, 1, 6, 1, 1, 'essai', '2013-05-19 18:05:55', '2013-05-19 18:18:17', '2013-05-19 00:00:00', 0.000000, 0.000000, 0.000000, 0.000000, 0.000000, 0.000000, 0),
(2, 3, 'CENPAC EST', 1, 1, 1, 1, 1, 'cenpac_19/05', '2013-05-19 18:15:10', '2013-05-19 18:15:10', '2013-05-19 06:15:10', 0.000000, 0.000000, 0.000000, 0.000000, 0.000000, 0.000000, 1),
(3, 3, 'CENPAC EST', 1, 1, 5, 1, 1, 'cenpac (2013-05-19 18:15:31)', '2013-05-19 18:15:31', '2013-05-19 18:17:59', '2013-05-19 00:00:00', 0.000000, 0.000000, 0.000000, 0.000000, 0.000000, 0.000000, 0);

-- --------------------------------------------------------

--
-- Structure de la table `ps_supply_order_detail`
--

CREATE TABLE IF NOT EXISTS `ps_supply_order_detail` (
  `id_supply_order_detail` int(11) unsigned NOT NULL AUTO_INCREMENT,
  `id_supply_order` int(11) unsigned NOT NULL,
  `id_currency` int(11) unsigned NOT NULL,
  `id_product` int(11) unsigned NOT NULL,
  `id_product_attribute` int(11) unsigned NOT NULL,
  `reference` varchar(32) NOT NULL,
  `supplier_reference` varchar(32) NOT NULL,
  `name` varchar(128) NOT NULL,
  `ean13` varchar(13) DEFAULT NULL,
  `upc` varchar(12) DEFAULT NULL,
  `exchange_rate` decimal(20,6) DEFAULT '0.000000',
  `unit_price_te` decimal(20,6) DEFAULT '0.000000',
  `quantity_expected` int(11) unsigned NOT NULL,
  `quantity_received` int(11) unsigned NOT NULL,
  `price_te` decimal(20,6) DEFAULT '0.000000',
  `discount_rate` decimal(20,6) DEFAULT '0.000000',
  `discount_value_te` decimal(20,6) DEFAULT '0.000000',
  `price_with_discount_te` decimal(20,6) DEFAULT '0.000000',
  `tax_rate` decimal(20,6) DEFAULT '0.000000',
  `tax_value` decimal(20,6) DEFAULT '0.000000',
  `price_ti` decimal(20,6) DEFAULT '0.000000',
  `tax_value_with_order_discount` decimal(20,6) DEFAULT '0.000000',
  `price_with_order_discount_te` decimal(20,6) DEFAULT '0.000000',
  PRIMARY KEY (`id_supply_order_detail`),
  KEY `id_supply_order` (`id_supply_order`),
  KEY `id_product` (`id_product`),
  KEY `id_product_attribute` (`id_product_attribute`),
  KEY `id_product_product_attribute` (`id_product`,`id_product_attribute`)
) ENGINE=InnoDB  DEFAULT CHARSET=utf8 AUTO_INCREMENT=15 ;

--
-- Contenu de la table `ps_supply_order_detail`
--

INSERT INTO `ps_supply_order_detail` (`id_supply_order_detail`, `id_supply_order`, `id_currency`, `id_product`, `id_product_attribute`, `reference`, `supplier_reference`, `name`, `ean13`, `upc`, `exchange_rate`, `unit_price_te`, `quantity_expected`, `quantity_received`, `price_te`, `discount_rate`, `discount_value_te`, `price_with_discount_te`, `tax_rate`, `tax_value`, `price_ti`, `tax_value_with_order_discount`, `price_with_order_discount_te`) VALUES
(1, 1, 1, 10, 55, '9-bol-rose', 'null', 'Bolduc PP Brillants  7 x 500 mètres : Couleur - Rose', '', '', 1.000000, 0.000000, 2, 0, 0.000000, 0.000000, 0.000000, 0.000000, 0.000000, 0.000000, 0.000000, 0.000000, 0.000000),
(2, 1, 1, 10, 56, '9-bol-vert', 'null', 'Bolduc PP Brillants  7 x 500 mètres : Couleur - Vert', '', '', 1.000000, 0.000000, 2, 0, 0.000000, 0.000000, 0.000000, 0.000000, 0.000000, 0.000000, 0.000000, 0.000000, 0.000000),
(3, 1, 1, 10, 57, '9-bol-orange', 'null', 'Bolduc PP Brillants  7 x 500 mètres : Couleur - Orange', '', '', 1.000000, 0.000000, 2, 0, 0.000000, 0.000000, 0.000000, 0.000000, 0.000000, 0.000000, 0.000000, 0.000000, 0.000000),
(4, 1, 1, 10, 58, '9-bol-noir', 'null', 'Bolduc PP Brillants  7 x 500 mètres : Couleur - Noir', '', '', 1.000000, 0.000000, 2, 0, 0.000000, 0.000000, 0.000000, 0.000000, 0.000000, 0.000000, 0.000000, 0.000000, 0.000000),
(5, 1, 1, 10, 59, '9-bol-jaune', 'null', 'Bolduc PP Brillants  7 x 500 mètres : Couleur - Jaune', '', '', 1.000000, 0.000000, 2, 0, 0.000000, 0.000000, 0.000000, 0.000000, 0.000000, 0.000000, 0.000000, 0.000000, 0.000000),
(6, 1, 1, 10, 60, '9-bol-rouge', 'null', 'Bolduc PP Brillants  7 x 500 mètres : Couleur - Rouge', '', '', 1.000000, 0.000000, 2, 0, 0.000000, 0.000000, 0.000000, 0.000000, 0.000000, 0.000000, 0.000000, 0.000000, 0.000000),
(7, 1, 1, 10, 61, '9-bol-or', 'null', 'Bolduc PP Brillants  7 x 500 mètres : Couleur - Or', '', '', 1.000000, 0.000000, 2, 0, 0.000000, 0.000000, 0.000000, 0.000000, 0.000000, 0.000000, 0.000000, 0.000000, 0.000000),
(8, 1, 1, 10, 62, '9-bol-blanc', 'null', 'Bolduc PP Brillants  7 x 500 mètres : Couleur - blanc', '', '', 1.000000, 0.000000, 2, 0, 0.000000, 0.000000, 0.000000, 0.000000, 0.000000, 0.000000, 0.000000, 0.000000, 0.000000),
(9, 1, 1, 10, 63, '9-bol-azalée', 'null', 'Bolduc PP Brillants  7 x 500 mètres : Couleur - azalée', '', '', 1.000000, 0.000000, 2, 0, 0.000000, 0.000000, 0.000000, 0.000000, 0.000000, 0.000000, 0.000000, 0.000000, 0.000000),
(10, 1, 1, 10, 64, '9-bol-vert-foncé', 'null', 'Bolduc PP Brillants  7 x 500 mètres : Couleur - Vert foncé', '', '', 1.000000, 0.000000, 2, 0, 0.000000, 0.000000, 0.000000, 0.000000, 0.000000, 0.000000, 0.000000, 0.000000, 0.000000),
(11, 1, 1, 10, 65, '9-bol-argent', 'null', 'Bolduc PP Brillants  7 x 500 mètres : Couleur - argent', '', '', 1.000000, 0.000000, 2, 0, 0.000000, 0.000000, 0.000000, 0.000000, 0.000000, 0.000000, 0.000000, 0.000000, 0.000000),
(12, 1, 1, 10, 66, '9-bol-marron', 'null', 'Bolduc PP Brillants  7 x 500 mètres : Couleur - marron', '', '', 1.000000, 0.000000, 2, 0, 0.000000, 0.000000, 0.000000, 0.000000, 0.000000, 0.000000, 0.000000, 0.000000, 0.000000),
(13, 1, 1, 10, 67, '9-bol-bleu', 'null', 'Bolduc PP Brillants  7 x 500 mètres : Couleur - Bleu', '', '', 1.000000, 0.000000, 2, 0, 0.000000, 0.000000, 0.000000, 0.000000, 0.000000, 0.000000, 0.000000, 0.000000, 0.000000),
(14, 3, 1, 10, 58, '9-bol-noir', 'null', 'Bolduc PP Brillants  7 x 500 mètres : Couleur - Noir', '', '', 1.000000, 0.000000, 2, 2, 0.000000, 0.000000, 0.000000, 0.000000, 0.000000, 0.000000, 0.000000, 0.000000, 0.000000);

-- --------------------------------------------------------

--
-- Structure de la table `ps_supply_order_history`
--

CREATE TABLE IF NOT EXISTS `ps_supply_order_history` (
  `id_supply_order_history` int(11) unsigned NOT NULL AUTO_INCREMENT,
  `id_supply_order` int(11) unsigned NOT NULL,
  `id_employee` int(11) unsigned NOT NULL,
  `employee_lastname` varchar(32) DEFAULT '',
  `employee_firstname` varchar(32) DEFAULT '',
  `id_state` int(11) unsigned NOT NULL,
  `date_add` datetime NOT NULL,
  PRIMARY KEY (`id_supply_order_history`),
  KEY `id_supply_order` (`id_supply_order`),
  KEY `id_employee` (`id_employee`),
  KEY `id_state` (`id_state`)
) ENGINE=InnoDB  DEFAULT CHARSET=utf8 AUTO_INCREMENT=13 ;

--
-- Contenu de la table `ps_supply_order_history`
--

INSERT INTO `ps_supply_order_history` (`id_supply_order_history`, `id_supply_order`, `id_employee`, `employee_lastname`, `employee_firstname`, `id_state`, `date_add`) VALUES
(1, 1, 1, 'JOUGUET', 'Grégory', 1, '2013-05-19 18:05:55'),
(2, 1, 1, 'JOUGUET', 'Grégory', 1, '2013-05-19 18:09:18'),
(3, 1, 1, 'JOUGUET', 'Grégory', 1, '2013-05-19 18:09:24'),
(4, 1, 1, 'JOUGUET', 'Grégory', 1, '2013-05-19 18:09:51'),
(5, 1, 1, 'JOUGUET', 'Grégory', 5, '2013-05-19 18:10:05'),
(6, 3, 1, 'JOUGUET', 'Grégory', 1, '2013-05-19 18:15:31'),
(7, 3, 1, 'JOUGUET', 'Grégory', 1, '2013-05-19 18:16:14'),
(8, 3, 1, 'JOUGUET', 'Grégory', 2, '2013-05-19 18:16:23'),
(9, 3, 1, 'JOUGUET', 'Grégory', 3, '2013-05-19 18:16:34'),
(10, 3, 1, 'JOUGUET', 'Grégory', 4, '2013-05-19 18:17:05'),
(11, 3, 1, 'JOUGUET', 'Grégory', 5, '2013-05-19 18:17:59'),
(12, 1, 1, 'JOUGUET', 'Grégory', 6, '2013-05-19 18:18:17');

-- --------------------------------------------------------

--
-- Structure de la table `ps_supply_order_receipt_history`
--

CREATE TABLE IF NOT EXISTS `ps_supply_order_receipt_history` (
  `id_supply_order_receipt_history` int(11) unsigned NOT NULL AUTO_INCREMENT,
  `id_supply_order_detail` int(11) unsigned NOT NULL,
  `id_employee` int(11) unsigned NOT NULL,
  `employee_lastname` varchar(32) DEFAULT '',
  `employee_firstname` varchar(32) DEFAULT '',
  `id_supply_order_state` int(11) unsigned NOT NULL,
  `quantity` int(11) unsigned NOT NULL,
  `date_add` datetime NOT NULL,
  PRIMARY KEY (`id_supply_order_receipt_history`),
  KEY `id_supply_order_detail` (`id_supply_order_detail`),
  KEY `id_supply_order_state` (`id_supply_order_state`)
) ENGINE=InnoDB  DEFAULT CHARSET=utf8 AUTO_INCREMENT=2 ;

--
-- Contenu de la table `ps_supply_order_receipt_history`
--

INSERT INTO `ps_supply_order_receipt_history` (`id_supply_order_receipt_history`, `id_supply_order_detail`, `id_employee`, `employee_lastname`, `employee_firstname`, `id_supply_order_state`, `quantity`, `date_add`) VALUES
(1, 14, 1, 'JOUGUET', 'Grégory', 3, 2, '2013-05-19 18:17:05');

-- --------------------------------------------------------

--
-- Structure de la table `ps_supply_order_state`
--

CREATE TABLE IF NOT EXISTS `ps_supply_order_state` (
  `id_supply_order_state` int(11) unsigned NOT NULL AUTO_INCREMENT,
  `delivery_note` tinyint(1) NOT NULL DEFAULT '0',
  `editable` tinyint(1) NOT NULL DEFAULT '0',
  `receipt_state` tinyint(1) NOT NULL DEFAULT '0',
  `pending_receipt` tinyint(1) NOT NULL DEFAULT '0',
  `enclosed` tinyint(1) NOT NULL DEFAULT '0',
  `color` varchar(32) DEFAULT NULL,
  PRIMARY KEY (`id_supply_order_state`)
) ENGINE=InnoDB  DEFAULT CHARSET=utf8 AUTO_INCREMENT=7 ;

--
-- Contenu de la table `ps_supply_order_state`
--

INSERT INTO `ps_supply_order_state` (`id_supply_order_state`, `delivery_note`, `editable`, `receipt_state`, `pending_receipt`, `enclosed`, `color`) VALUES
(1, 0, 1, 0, 0, 0, '#faab00'),
(2, 1, 0, 0, 0, 0, '#273cff'),
(3, 0, 0, 0, 1, 0, '#ff37f5'),
(4, 0, 0, 1, 1, 0, '#ff3e33'),
(5, 0, 0, 1, 0, 1, '#00d60c'),
(6, 0, 0, 0, 0, 1, '#666666');

-- --------------------------------------------------------

--
-- Structure de la table `ps_supply_order_state_lang`
--

CREATE TABLE IF NOT EXISTS `ps_supply_order_state_lang` (
  `id_supply_order_state` int(11) unsigned NOT NULL,
  `id_lang` int(11) unsigned NOT NULL,
  `name` varchar(128) DEFAULT NULL,
  PRIMARY KEY (`id_supply_order_state`,`id_lang`)
) ENGINE=InnoDB DEFAULT CHARSET=utf8;

--
-- Contenu de la table `ps_supply_order_state_lang`
--

INSERT INTO `ps_supply_order_state_lang` (`id_supply_order_state`, `id_lang`, `name`) VALUES
(1, 1, '1 - Création en cours'),
(2, 1, '2 - Commande validée'),
(3, 1, '3 - En attente de réception'),
(4, 1, '4 - Commande réceptionnée partiellement'),
(5, 1, '5 - Commande réceptionnée totalement'),
(6, 1, '6 - Commande annulée');

-- --------------------------------------------------------

--
-- Structure de la table `ps_tab`
--

CREATE TABLE IF NOT EXISTS `ps_tab` (
  `id_tab` int(10) unsigned NOT NULL AUTO_INCREMENT,
  `id_parent` int(11) NOT NULL,
  `class_name` varchar(64) NOT NULL,
  `module` varchar(64) DEFAULT NULL,
  `position` int(10) unsigned NOT NULL,
  `active` tinyint(1) NOT NULL DEFAULT '1',
  PRIMARY KEY (`id_tab`),
  KEY `class_name` (`class_name`),
  KEY `id_parent` (`id_parent`)
) ENGINE=InnoDB  DEFAULT CHARSET=utf8 AUTO_INCREMENT=125 ;

--
-- Contenu de la table `ps_tab`
--

INSERT INTO `ps_tab` (`id_tab`, `id_parent`, `class_name`, `module`, `position`, `active`) VALUES
(1, -1, 'AdminHome', '', 1, 1),
(2, -1, 'AdminCms', '', 2, 1),
(3, -1, 'AdminCmsCategories', '', 3, 1),
(4, -1, 'AdminAttributeGenerator', '', 4, 1),
(5, -1, 'AdminSearch', '', 5, 1),
(6, -1, 'AdminLogin', '', 6, 1),
(7, -1, 'AdminShop', '', 7, 1),
(8, -1, 'AdminShopUrl', '', 8, 1),
(9, 0, 'AdminCatalog', '', 1, 1),
(10, 0, 'AdminParentOrders', '', 2, 1),
(11, 0, 'AdminParentCustomer', '', 3, 1),
(12, 0, 'AdminPriceRule', '', 4, 1),
(13, 0, 'AdminParentShipping', '', 5, 1),
(14, 0, 'AdminParentLocalization', '', 6, 1),
(15, 0, 'AdminParentModules', '', 7, 1),
(16, 0, 'AdminParentPreferences', '', 8, 1),
(17, 0, 'AdminTools', '', 9, 1),
(18, 0, 'AdminAdmin', '', 10, 1),
(19, 0, 'AdminParentStats', '', 11, 1),
(20, 0, 'AdminStock', '', 12, 1),
(21, 9, 'AdminProducts', '', 1, 1),
(22, 9, 'AdminCategories', '', 2, 1),
(23, 9, 'AdminTracking', '', 3, 1),
(24, 9, 'AdminAttributesGroups', '', 4, 1),
(25, 9, 'AdminFeatures', '', 5, 1),
(26, 9, 'AdminManufacturers', '', 6, 1),
(27, 9, 'AdminSuppliers', '', 7, 1),
(28, 9, 'AdminScenes', '', 8, 1),
(29, 9, 'AdminTags', '', 9, 1),
(30, 9, 'AdminAttachments', '', 10, 1),
(31, 10, 'AdminOrders', '', 1, 1),
(32, 10, 'AdminInvoices', '', 2, 1),
(33, 10, 'AdminReturn', '', 3, 1),
(34, 10, 'AdminDeliverySlip', '', 4, 1),
(35, 10, 'AdminSlip', '', 5, 1),
(36, 10, 'AdminStatuses', '', 6, 1),
(37, 10, 'AdminOrderMessage', '', 7, 1),
(38, 11, 'AdminCustomers', '', 1, 1),
(39, 11, 'AdminAddresses', '', 2, 1),
(40, 11, 'AdminGroups', '', 3, 1),
(41, 11, 'AdminCarts', '', 4, 1),
(42, 11, 'AdminCustomerThreads', '', 5, 1),
(43, 11, 'AdminContacts', '', 6, 1),
(44, 11, 'AdminGenders', '', 7, 1),
(45, 11, 'AdminOutstanding', '', 8, 0),
(46, 12, 'AdminCartRules', '', 1, 1),
(47, 12, 'AdminSpecificPriceRule', '', 2, 1),
(48, 12, 'AdminMarketing', '', 3, 1),
(49, 13, 'AdminShipping', '', 1, 1),
(50, 13, 'AdminCarriers', '', 2, 1),
(53, 14, 'AdminLocalization', '', 1, 1),
(54, 14, 'AdminLanguages', '', 2, 1),
(55, 14, 'AdminZones', '', 3, 1),
(56, 14, 'AdminCountries', '', 4, 1),
(57, 14, 'AdminStates', '', 5, 1),
(58, 14, 'AdminCurrencies', '', 6, 1),
(59, 14, 'AdminTaxes', '', 7, 1),
(60, 14, 'AdminTaxRulesGroup', '', 8, 1),
(61, 14, 'AdminTranslations', '', 9, 1),
(62, 15, 'AdminModules', '', 1, 1),
(63, 15, 'AdminAddonsCatalog', '', 2, 1),
(64, 15, 'AdminModulesPositions', '', 3, 1),
(65, 15, 'AdminPayment', '', 4, 1),
(66, 16, 'AdminPreferences', '', 1, 1),
(67, 16, 'AdminOrderPreferences', '', 2, 1),
(68, 16, 'AdminPPreferences', '', 3, 1),
(69, 16, 'AdminCustomerPreferences', '', 4, 1),
(70, 16, 'AdminThemes', '', 5, 1),
(71, 16, 'AdminMeta', '', 6, 1),
(72, 16, 'AdminCmsContent', '', 7, 1),
(73, 16, 'AdminImages', '', 8, 1),
(74, 16, 'AdminStores', '', 9, 1),
(75, 16, 'AdminSearchConf', '', 10, 1),
(76, 16, 'AdminMaintenance', '', 11, 1),
(77, 16, 'AdminGeolocation', '', 12, 1),
(78, 17, 'AdminInformation', '', 1, 1),
(79, 17, 'AdminPerformance', '', 2, 1),
(80, 17, 'AdminEmails', '', 3, 1),
(81, 17, 'AdminShopGroup', '', 4, 0),
(82, 17, 'AdminImport', '', 5, 1),
(83, 17, 'AdminBackup', '', 6, 1),
(84, 17, 'AdminRequestSql', '', 7, 1),
(85, 17, 'AdminLogs', '', 8, 1),
(86, 17, 'AdminWebservice', '', 9, 1),
(87, 18, 'AdminAdminPreferences', '', 1, 1),
(88, 18, 'AdminQuickAccesses', '', 2, 1),
(89, 18, 'AdminEmployees', '', 3, 1),
(90, 18, 'AdminProfiles', '', 4, 1),
(91, 18, 'AdminAccess', '', 5, 1),
(92, 18, 'AdminTabs', '', 6, 1),
(93, 19, 'AdminStats', '', 1, 1),
(94, 19, 'AdminSearchEngines', '', 2, 1),
(95, 19, 'AdminReferrers', '', 3, 1),
(96, 20, 'AdminWarehouses', '', 1, 1),
(97, 20, 'AdminStockManagement', '', 2, 1),
(98, 20, 'AdminStockMvt', '', 3, 1),
(99, 20, 'AdminStockInstantState', '', 4, 1),
(100, 20, 'AdminStockCover', '', 5, 1),
(101, 20, 'AdminSupplyOrders', '', 6, 1),
(102, 20, 'AdminStockConfiguration', '', 7, 1),
(103, 18, 'AdminGamification', 'gamification', 7, 1),
(104, 17, 'AdminSelfUpgrade', 'autoupgrade', 10, 1),
(105, 1, 'AdminAttributePosition', 'attributeposition', 1, 1),
(106, 10, 'AdminChronossimo', 'chronossimo', 8, 1),
(111, 13, 'AdminShippingLabel', 'shippinglabel', 3, 1),
(112, 10, 'AdminLabels', 'deliverylabelsextended', 9, 1),
(115, 9, 'AdminPriceMinisterProducts', 'priceminister', 11, 1),
(116, 10, 'AdminPriceMinisterOrders', 'priceminister', 10, 1),
(123, 10, 'AdminExaPredictEdition', 'exapredictedition', 11, 1),
(124, 10, 'AdminIciRelaisEdition', 'icirelaisedition', 12, 1);

-- --------------------------------------------------------

--
-- Structure de la table `ps_tab_advice`
--

CREATE TABLE IF NOT EXISTS `ps_tab_advice` (
  `id_tab` int(11) NOT NULL,
  `id_advice` int(11) NOT NULL,
  PRIMARY KEY (`id_tab`,`id_advice`)
) ENGINE=InnoDB DEFAULT CHARSET=utf8;

-- --------------------------------------------------------

--
-- Structure de la table `ps_tab_lang`
--

CREATE TABLE IF NOT EXISTS `ps_tab_lang` (
  `id_tab` int(10) unsigned NOT NULL,
  `id_lang` int(10) unsigned NOT NULL,
  `name` varchar(32) DEFAULT NULL,
  PRIMARY KEY (`id_tab`,`id_lang`)
) ENGINE=InnoDB DEFAULT CHARSET=utf8;

--
-- Contenu de la table `ps_tab_lang`
--

INSERT INTO `ps_tab_lang` (`id_tab`, `id_lang`, `name`) VALUES
(1, 1, 'Accueil'),
(2, 1, 'Pages CMS'),
(3, 1, 'Catégories CMS'),
(4, 1, 'Générateur de déclinaisons'),
(5, 1, 'Recherche'),
(6, 1, 'Connexion'),
(7, 1, 'Boutiques'),
(8, 1, 'URLs de boutique'),
(9, 1, 'Catalogue'),
(10, 1, 'Commandes'),
(11, 1, 'Clients'),
(12, 1, 'Promotions'),
(13, 1, 'Transport'),
(14, 1, 'Localisation'),
(15, 1, 'Modules'),
(16, 1, 'Préférences'),
(17, 1, 'Paramètres avancés'),
(18, 1, 'Administration'),
(19, 1, 'Statistiques'),
(20, 1, 'Stock'),
(21, 1, 'Produits'),
(22, 1, 'Catégories'),
(23, 1, 'Suivi'),
(24, 1, 'Attributs et Valeurs'),
(25, 1, 'Caractéristiques'),
(26, 1, 'Marques'),
(27, 1, 'Fournisseurs'),
(28, 1, 'Scènes'),
(29, 1, 'Tags'),
(30, 1, 'Documents joints'),
(31, 1, 'Commandes'),
(32, 1, 'Factures'),
(33, 1, 'Retours produits'),
(34, 1, 'Bons de livraison'),
(35, 1, 'Avoirs'),
(36, 1, 'Statuts'),
(37, 1, 'Messages prédéfinis'),
(38, 1, 'Clients'),
(39, 1, 'Adresses'),
(40, 1, 'Groupes'),
(41, 1, 'Paniers'),
(42, 1, 'SAV'),
(43, 1, 'Contacts'),
(44, 1, 'Titres de civilité'),
(45, 1, 'Encours'),
(46, 1, 'Règles paniers'),
(47, 1, 'Règles de prix catalogue'),
(48, 1, 'Marketing'),
(49, 1, 'Transport'),
(50, 1, 'Transporteurs'),
(53, 1, 'Localisation'),
(54, 1, 'Langues'),
(55, 1, 'Zones'),
(56, 1, 'Pays'),
(57, 1, 'Etats'),
(58, 1, 'Devises'),
(59, 1, 'Taxes'),
(60, 1, 'Règles de taxes'),
(61, 1, 'Traductions'),
(62, 1, 'Modules'),
(63, 1, 'Catalogue de modules et thèmes'),
(64, 1, 'Positions'),
(65, 1, 'Paiement'),
(66, 1, 'Générales'),
(67, 1, 'Commandes'),
(68, 1, 'Produits'),
(69, 1, 'Clients'),
(70, 1, 'Thèmes'),
(71, 1, 'SEO & URLs'),
(72, 1, 'CMS'),
(73, 1, 'Images'),
(74, 1, 'Coordonnées & magasins'),
(75, 1, 'Recherche'),
(76, 1, 'Maintenance'),
(77, 1, 'Géolocalisation'),
(78, 1, 'Informations'),
(79, 1, 'Performances'),
(80, 1, 'Emails'),
(81, 1, 'Multiboutique'),
(82, 1, 'Import'),
(83, 1, 'Sauvegarde BDD'),
(84, 1, 'Gestionnaire SQL'),
(85, 1, 'Log'),
(86, 1, 'Service web'),
(87, 1, 'Préférences'),
(88, 1, 'Accès rapide'),
(89, 1, 'Employés'),
(90, 1, 'Profils'),
(91, 1, 'Permissions'),
(92, 1, 'Menus'),
(93, 1, 'Statistiques'),
(94, 1, 'Moteurs de recherche'),
(95, 1, 'Sites affluents'),
(96, 1, 'Entrepôts'),
(97, 1, 'Gestion du stock'),
(98, 1, 'Mouvements de Stock'),
(99, 1, 'Etat instantané du stock'),
(100, 1, 'Couverture du stock'),
(101, 1, 'Commandes fournisseurs'),
(102, 1, 'Configuration'),
(103, 1, 'Merchant Expertise'),
(104, 1, 'Mise à jour en 1 clic'),
(105, 1, 'Attribute Ordering'),
(106, 1, 'Chronossimo'),
(111, 1, 'Paramétrage etiquette'),
(112, 1, 'Delivery Labels'),
(115, 1, 'PriceMinister'),
(116, 1, 'PriceMinister'),
(119, 1, 'Exapaq'),
(120, 1, 'ICI relais'),
(123, 1, 'EXAPAQ Predict'),
(124, 1, 'ICI relais');

-- --------------------------------------------------------

--
-- Structure de la table `ps_tab_module_preference`
--

CREATE TABLE IF NOT EXISTS `ps_tab_module_preference` (
  `id_tab_module_preference` int(11) NOT NULL AUTO_INCREMENT,
  `id_employee` int(11) NOT NULL,
  `id_tab` int(11) NOT NULL,
  `module` varchar(255) NOT NULL,
  PRIMARY KEY (`id_tab_module_preference`),
  UNIQUE KEY `employee_module` (`id_employee`,`id_tab`,`module`)
) ENGINE=InnoDB  DEFAULT CHARSET=utf8 AUTO_INCREMENT=4 ;

--
-- Contenu de la table `ps_tab_module_preference`
--

INSERT INTO `ps_tab_module_preference` (`id_tab_module_preference`, `id_employee`, `id_tab`, `module`) VALUES
(2, 1, 12, 'ebay'),
(1, 1, 13, 'changecarrier'),
(3, 1, 32, 'invoicebyemail');

-- --------------------------------------------------------

--
-- Structure de la table `ps_tag`
--

CREATE TABLE IF NOT EXISTS `ps_tag` (
  `id_tag` int(10) unsigned NOT NULL AUTO_INCREMENT,
  `id_lang` int(10) unsigned NOT NULL,
  `name` varchar(32) NOT NULL,
  PRIMARY KEY (`id_tag`),
  KEY `tag_name` (`name`),
  KEY `id_lang` (`id_lang`)
) ENGINE=InnoDB  DEFAULT CHARSET=utf8 AUTO_INCREMENT=23 ;

--
-- Contenu de la table `ps_tag`
--

INSERT INTO `ps_tag` (`id_tag`, `id_lang`, `name`) VALUES
(13, 1, 'SACHETS'),
(14, 1, 'ZIP'),
(15, 1, 'TRANSPARENT'),
(17, 1, 'minigrip'),
(18, 1, 'CHARIOT DOSSIER RABATTABLE'),
(19, 1, 'CHIPS'),
(20, 1, 'FLO-PAK'),
(21, 1, 'MOONPAK'),
(22, 1, 'PARTICULES DE CALAGE');

-- --------------------------------------------------------

--
-- Structure de la table `ps_tax`
--

CREATE TABLE IF NOT EXISTS `ps_tax` (
  `id_tax` int(10) unsigned NOT NULL AUTO_INCREMENT,
  `rate` decimal(10,3) NOT NULL,
  `active` tinyint(1) unsigned NOT NULL DEFAULT '1',
  `deleted` tinyint(1) unsigned NOT NULL DEFAULT '0',
  PRIMARY KEY (`id_tax`)
) ENGINE=InnoDB  DEFAULT CHARSET=utf8 AUTO_INCREMENT=6 ;

--
-- Contenu de la table `ps_tax`
--

INSERT INTO `ps_tax` (`id_tax`, `rate`, `active`, `deleted`) VALUES
(1, 19.600, 1, 1),
(2, 10.000, 1, 0),
(3, 5.000, 1, 0),
(4, 2.100, 0, 0),
(5, 20.000, 1, 0);

-- --------------------------------------------------------

--
-- Structure de la table `ps_tax_lang`
--

CREATE TABLE IF NOT EXISTS `ps_tax_lang` (
  `id_tax` int(10) unsigned NOT NULL,
  `id_lang` int(10) unsigned NOT NULL,
  `name` varchar(32) NOT NULL,
  PRIMARY KEY (`id_tax`,`id_lang`)
) ENGINE=InnoDB DEFAULT CHARSET=utf8;

--
-- Contenu de la table `ps_tax_lang`
--

INSERT INTO `ps_tax_lang` (`id_tax`, `id_lang`, `name`) VALUES
(1, 1, 'TVA FR 19.6%'),
(2, 1, 'TVA FR 10%'),
(3, 1, 'TVA FR 5%'),
(4, 1, 'TVA FR 2.1%'),
(5, 1, 'TVA FR 20%');

-- --------------------------------------------------------

--
-- Structure de la table `ps_tax_rule`
--

CREATE TABLE IF NOT EXISTS `ps_tax_rule` (
  `id_tax_rule` int(11) NOT NULL AUTO_INCREMENT,
  `id_tax_rules_group` int(11) NOT NULL,
  `id_country` int(11) NOT NULL,
  `id_state` int(11) NOT NULL,
  `zipcode_from` varchar(12) NOT NULL,
  `zipcode_to` varchar(12) NOT NULL,
  `id_tax` int(11) NOT NULL,
  `behavior` int(11) NOT NULL,
  `description` varchar(100) NOT NULL,
  PRIMARY KEY (`id_tax_rule`),
  KEY `id_tax_rules_group` (`id_tax_rules_group`),
  KEY `id_tax` (`id_tax`),
  KEY `category_getproducts` (`id_tax_rules_group`,`id_country`,`id_state`,`zipcode_from`)
) ENGINE=InnoDB  DEFAULT CHARSET=utf8 AUTO_INCREMENT=79 ;

--
-- Contenu de la table `ps_tax_rule`
--

INSERT INTO `ps_tax_rule` (`id_tax_rule`, `id_tax_rules_group`, `id_country`, `id_state`, `zipcode_from`, `zipcode_to`, `id_tax`, `behavior`, `description`) VALUES
(1, 1, 3, 0, '0', '0', 5, 0, ''),
(2, 1, 236, 0, '0', '0', 5, 0, ''),
(3, 1, 16, 0, '0', '0', 5, 0, ''),
(4, 1, 20, 0, '0', '0', 5, 0, ''),
(5, 1, 1, 0, '0', '0', 5, 0, ''),
(6, 1, 86, 0, '0', '0', 5, 0, ''),
(7, 1, 9, 0, '0', '0', 5, 0, ''),
(8, 1, 6, 0, '0', '0', 5, 0, ''),
(9, 1, 8, 0, '0', '0', 5, 0, ''),
(10, 1, 26, 0, '0', '0', 5, 0, ''),
(11, 1, 10, 0, '0', '0', 5, 0, ''),
(12, 1, 76, 0, '0', '0', 5, 0, ''),
(13, 1, 125, 0, '0', '0', 5, 0, ''),
(14, 1, 131, 0, '0', '0', 5, 0, ''),
(15, 1, 12, 0, '0', '0', 5, 0, ''),
(16, 1, 143, 0, '0', '0', 5, 0, ''),
(17, 1, 139, 0, '0', '0', 5, 0, ''),
(18, 1, 13, 0, '0', '0', 5, 0, ''),
(19, 1, 2, 0, '0', '0', 5, 0, ''),
(20, 1, 14, 0, '0', '0', 5, 0, ''),
(21, 1, 15, 0, '0', '0', 5, 0, ''),
(22, 1, 36, 0, '0', '0', 5, 0, ''),
(23, 1, 193, 0, '0', '0', 5, 0, ''),
(24, 1, 37, 0, '0', '0', 5, 0, ''),
(25, 1, 7, 0, '0', '0', 5, 0, ''),
(26, 1, 18, 0, '0', '0', 5, 0, ''),
(27, 2, 3, 0, '0', '0', 2, 0, ''),
(28, 2, 236, 0, '0', '0', 2, 0, ''),
(29, 2, 16, 0, '0', '0', 2, 0, ''),
(30, 2, 20, 0, '0', '0', 2, 0, ''),
(31, 2, 1, 0, '0', '0', 2, 0, ''),
(32, 2, 86, 0, '0', '0', 2, 0, ''),
(33, 2, 9, 0, '0', '0', 2, 0, ''),
(34, 2, 6, 0, '0', '0', 2, 0, ''),
(35, 2, 8, 0, '0', '0', 2, 0, ''),
(36, 2, 26, 0, '0', '0', 2, 0, ''),
(37, 2, 10, 0, '0', '0', 2, 0, ''),
(38, 2, 76, 0, '0', '0', 2, 0, ''),
(39, 2, 125, 0, '0', '0', 2, 0, ''),
(40, 2, 131, 0, '0', '0', 2, 0, ''),
(41, 2, 12, 0, '0', '0', 2, 0, ''),
(42, 2, 143, 0, '0', '0', 2, 0, ''),
(43, 2, 139, 0, '0', '0', 2, 0, ''),
(44, 2, 13, 0, '0', '0', 2, 0, ''),
(45, 2, 2, 0, '0', '0', 2, 0, ''),
(46, 2, 14, 0, '0', '0', 2, 0, ''),
(47, 2, 15, 0, '0', '0', 2, 0, ''),
(48, 2, 36, 0, '0', '0', 2, 0, ''),
(49, 2, 193, 0, '0', '0', 2, 0, ''),
(50, 2, 37, 0, '0', '0', 2, 0, ''),
(51, 2, 7, 0, '0', '0', 2, 0, ''),
(52, 2, 18, 0, '0', '0', 2, 0, ''),
(53, 3, 3, 0, '0', '0', 3, 0, ''),
(54, 3, 236, 0, '0', '0', 3, 0, ''),
(55, 3, 16, 0, '0', '0', 3, 0, ''),
(56, 3, 20, 0, '0', '0', 3, 0, ''),
(57, 3, 1, 0, '0', '0', 3, 0, ''),
(58, 3, 86, 0, '0', '0', 3, 0, ''),
(59, 3, 9, 0, '0', '0', 3, 0, ''),
(60, 3, 6, 0, '0', '0', 3, 0, ''),
(61, 3, 8, 0, '0', '0', 3, 0, ''),
(62, 3, 26, 0, '0', '0', 3, 0, ''),
(63, 3, 10, 0, '0', '0', 3, 0, ''),
(64, 3, 76, 0, '0', '0', 3, 0, ''),
(65, 3, 125, 0, '0', '0', 3, 0, ''),
(66, 3, 131, 0, '0', '0', 3, 0, ''),
(67, 3, 12, 0, '0', '0', 3, 0, ''),
(68, 3, 143, 0, '0', '0', 3, 0, ''),
(69, 3, 139, 0, '0', '0', 3, 0, ''),
(70, 3, 13, 0, '0', '0', 3, 0, ''),
(71, 3, 2, 0, '0', '0', 3, 0, ''),
(72, 3, 14, 0, '0', '0', 3, 0, ''),
(73, 3, 15, 0, '0', '0', 3, 0, ''),
(74, 3, 36, 0, '0', '0', 3, 0, ''),
(75, 3, 193, 0, '0', '0', 3, 0, ''),
(76, 3, 37, 0, '0', '0', 3, 0, ''),
(77, 3, 7, 0, '0', '0', 3, 0, ''),
(78, 3, 18, 0, '0', '0', 3, 0, '');

-- --------------------------------------------------------

--
-- Structure de la table `ps_tax_rules_group`
--

CREATE TABLE IF NOT EXISTS `ps_tax_rules_group` (
  `id_tax_rules_group` int(11) NOT NULL AUTO_INCREMENT,
  `name` varchar(50) NOT NULL,
  `active` int(11) NOT NULL,
  PRIMARY KEY (`id_tax_rules_group`)
) ENGINE=InnoDB  DEFAULT CHARSET=utf8 AUTO_INCREMENT=5 ;

--
-- Contenu de la table `ps_tax_rules_group`
--

INSERT INTO `ps_tax_rules_group` (`id_tax_rules_group`, `name`, `active`) VALUES
(1, 'FR Taux standard (20%)', 1),
(2, 'FR Taux réduit (10%)', 1),
(3, 'FR Taux réduit (5%)', 1),
(4, 'FR Taux super réduit (2.1%)', 0);

-- --------------------------------------------------------

--
-- Structure de la table `ps_tax_rules_group_shop`
--

CREATE TABLE IF NOT EXISTS `ps_tax_rules_group_shop` (
  `id_tax_rules_group` int(11) unsigned NOT NULL,
  `id_shop` int(11) unsigned NOT NULL,
  PRIMARY KEY (`id_tax_rules_group`,`id_shop`),
  KEY `id_shop` (`id_shop`)
) ENGINE=InnoDB DEFAULT CHARSET=utf8;

--
-- Contenu de la table `ps_tax_rules_group_shop`
--

INSERT INTO `ps_tax_rules_group_shop` (`id_tax_rules_group`, `id_shop`) VALUES
(1, 1),
(2, 1),
(3, 1),
(4, 1);

-- --------------------------------------------------------

--
-- Structure de la table `ps_theme`
--

CREATE TABLE IF NOT EXISTS `ps_theme` (
  `id_theme` int(11) NOT NULL AUTO_INCREMENT,
  `name` varchar(64) NOT NULL,
  `directory` varchar(64) NOT NULL,
  PRIMARY KEY (`id_theme`)
) ENGINE=InnoDB  DEFAULT CHARSET=utf8 AUTO_INCREMENT=10 ;

--
-- Contenu de la table `ps_theme`
--

INSERT INTO `ps_theme` (`id_theme`, `name`, `directory`) VALUES
(1, 'default', 'default'),
(8, 'thgr00027b', 'thgr00027b'),
(9, 'thgr00027v', 'thgr00027v');

-- --------------------------------------------------------

--
-- Structure de la table `ps_theme_specific`
--

CREATE TABLE IF NOT EXISTS `ps_theme_specific` (
  `id_theme` int(11) unsigned NOT NULL,
  `id_shop` int(11) unsigned NOT NULL,
  `entity` int(11) unsigned NOT NULL,
  `id_object` int(11) unsigned NOT NULL,
  PRIMARY KEY (`id_theme`,`id_shop`,`entity`,`id_object`)
) ENGINE=InnoDB DEFAULT CHARSET=utf8;

-- --------------------------------------------------------

--
-- Structure de la table `ps_timezone`
--

CREATE TABLE IF NOT EXISTS `ps_timezone` (
  `id_timezone` int(10) unsigned NOT NULL AUTO_INCREMENT,
  `name` varchar(32) NOT NULL,
  PRIMARY KEY (`id_timezone`)
) ENGINE=InnoDB  DEFAULT CHARSET=utf8 AUTO_INCREMENT=561 ;

--
-- Contenu de la table `ps_timezone`
--

INSERT INTO `ps_timezone` (`id_timezone`, `name`) VALUES
(1, 'Africa/Abidjan'),
(2, 'Africa/Accra'),
(3, 'Africa/Addis_Ababa'),
(4, 'Africa/Algiers'),
(5, 'Africa/Asmara'),
(6, 'Africa/Asmera'),
(7, 'Africa/Bamako'),
(8, 'Africa/Bangui'),
(9, 'Africa/Banjul'),
(10, 'Africa/Bissau'),
(11, 'Africa/Blantyre'),
(12, 'Africa/Brazzaville'),
(13, 'Africa/Bujumbura'),
(14, 'Africa/Cairo'),
(15, 'Africa/Casablanca'),
(16, 'Africa/Ceuta'),
(17, 'Africa/Conakry'),
(18, 'Africa/Dakar'),
(19, 'Africa/Dar_es_Salaam'),
(20, 'Africa/Djibouti'),
(21, 'Africa/Douala'),
(22, 'Africa/El_Aaiun'),
(23, 'Africa/Freetown'),
(24, 'Africa/Gaborone'),
(25, 'Africa/Harare'),
(26, 'Africa/Johannesburg'),
(27, 'Africa/Kampala'),
(28, 'Africa/Khartoum'),
(29, 'Africa/Kigali'),
(30, 'Africa/Kinshasa'),
(31, 'Africa/Lagos'),
(32, 'Africa/Libreville'),
(33, 'Africa/Lome'),
(34, 'Africa/Luanda'),
(35, 'Africa/Lubumbashi'),
(36, 'Africa/Lusaka'),
(37, 'Africa/Malabo'),
(38, 'Africa/Maputo'),
(39, 'Africa/Maseru'),
(40, 'Africa/Mbabane'),
(41, 'Africa/Mogadishu'),
(42, 'Africa/Monrovia'),
(43, 'Africa/Nairobi'),
(44, 'Africa/Ndjamena'),
(45, 'Africa/Niamey'),
(46, 'Africa/Nouakchott'),
(47, 'Africa/Ouagadougou'),
(48, 'Africa/Porto-Novo'),
(49, 'Africa/Sao_Tome'),
(50, 'Africa/Timbuktu'),
(51, 'Africa/Tripoli'),
(52, 'Africa/Tunis'),
(53, 'Africa/Windhoek'),
(54, 'America/Adak'),
(55, 'America/Anchorage '),
(56, 'America/Anguilla'),
(57, 'America/Antigua'),
(58, 'America/Araguaina'),
(59, 'America/Argentina/Buenos_Aires'),
(60, 'America/Argentina/Catamarca'),
(61, 'America/Argentina/ComodRivadavia'),
(62, 'America/Argentina/Cordoba'),
(63, 'America/Argentina/Jujuy'),
(64, 'America/Argentina/La_Rioja'),
(65, 'America/Argentina/Mendoza'),
(66, 'America/Argentina/Rio_Gallegos'),
(67, 'America/Argentina/Salta'),
(68, 'America/Argentina/San_Juan'),
(69, 'America/Argentina/San_Luis'),
(70, 'America/Argentina/Tucuman'),
(71, 'America/Argentina/Ushuaia'),
(72, 'America/Aruba'),
(73, 'America/Asuncion'),
(74, 'America/Atikokan'),
(75, 'America/Atka'),
(76, 'America/Bahia'),
(77, 'America/Barbados'),
(78, 'America/Belem'),
(79, 'America/Belize'),
(80, 'America/Blanc-Sablon'),
(81, 'America/Boa_Vista'),
(82, 'America/Bogota'),
(83, 'America/Boise'),
(84, 'America/Buenos_Aires'),
(85, 'America/Cambridge_Bay'),
(86, 'America/Campo_Grande'),
(87, 'America/Cancun'),
(88, 'America/Caracas'),
(89, 'America/Catamarca'),
(90, 'America/Cayenne'),
(91, 'America/Cayman'),
(92, 'America/Chicago'),
(93, 'America/Chihuahua'),
(94, 'America/Coral_Harbour'),
(95, 'America/Cordoba'),
(96, 'America/Costa_Rica'),
(97, 'America/Cuiaba'),
(98, 'America/Curacao'),
(99, 'America/Danmarkshavn'),
(100, 'America/Dawson'),
(101, 'America/Dawson_Creek'),
(102, 'America/Denver'),
(103, 'America/Detroit'),
(104, 'America/Dominica'),
(105, 'America/Edmonton'),
(106, 'America/Eirunepe'),
(107, 'America/El_Salvador'),
(108, 'America/Ensenada'),
(109, 'America/Fort_Wayne'),
(110, 'America/Fortaleza'),
(111, 'America/Glace_Bay'),
(112, 'America/Godthab'),
(113, 'America/Goose_Bay'),
(114, 'America/Grand_Turk'),
(115, 'America/Grenada'),
(116, 'America/Guadeloupe'),
(117, 'America/Guatemala'),
(118, 'America/Guayaquil'),
(119, 'America/Guyana'),
(120, 'America/Halifax'),
(121, 'America/Havana'),
(122, 'America/Hermosillo'),
(123, 'America/Indiana/Indianapolis'),
(124, 'America/Indiana/Knox'),
(125, 'America/Indiana/Marengo'),
(126, 'America/Indiana/Petersburg'),
(127, 'America/Indiana/Tell_City'),
(128, 'America/Indiana/Vevay'),
(129, 'America/Indiana/Vincennes'),
(130, 'America/Indiana/Winamac'),
(131, 'America/Indianapolis'),
(132, 'America/Inuvik'),
(133, 'America/Iqaluit'),
(134, 'America/Jamaica'),
(135, 'America/Jujuy'),
(136, 'America/Juneau'),
(137, 'America/Kentucky/Louisville'),
(138, 'America/Kentucky/Monticello'),
(139, 'America/Knox_IN'),
(140, 'America/La_Paz'),
(141, 'America/Lima'),
(142, 'America/Los_Angeles'),
(143, 'America/Louisville'),
(144, 'America/Maceio'),
(145, 'America/Managua'),
(146, 'America/Manaus'),
(147, 'America/Marigot'),
(148, 'America/Martinique'),
(149, 'America/Mazatlan'),
(150, 'America/Mendoza'),
(151, 'America/Menominee'),
(152, 'America/Merida'),
(153, 'America/Mexico_City'),
(154, 'America/Miquelon'),
(155, 'America/Moncton'),
(156, 'America/Monterrey'),
(157, 'America/Montevideo'),
(158, 'America/Montreal'),
(159, 'America/Montserrat'),
(160, 'America/Nassau'),
(161, 'America/New_York'),
(162, 'America/Nipigon'),
(163, 'America/Nome'),
(164, 'America/Noronha'),
(165, 'America/North_Dakota/Center'),
(166, 'America/North_Dakota/New_Salem'),
(167, 'America/Panama'),
(168, 'America/Pangnirtung'),
(169, 'America/Paramaribo'),
(170, 'America/Phoenix'),
(171, 'America/Port-au-Prince'),
(172, 'America/Port_of_Spain'),
(173, 'America/Porto_Acre'),
(174, 'America/Porto_Velho'),
(175, 'America/Puerto_Rico'),
(176, 'America/Rainy_River'),
(177, 'America/Rankin_Inlet'),
(178, 'America/Recife'),
(179, 'America/Regina'),
(180, 'America/Resolute'),
(181, 'America/Rio_Branco'),
(182, 'America/Rosario'),
(183, 'America/Santarem'),
(184, 'America/Santiago'),
(185, 'America/Santo_Domingo'),
(186, 'America/Sao_Paulo'),
(187, 'America/Scoresbysund'),
(188, 'America/Shiprock'),
(189, 'America/St_Barthelemy'),
(190, 'America/St_Johns'),
(191, 'America/St_Kitts'),
(192, 'America/St_Lucia'),
(193, 'America/St_Thomas'),
(194, 'America/St_Vincent'),
(195, 'America/Swift_Current'),
(196, 'America/Tegucigalpa'),
(197, 'America/Thule'),
(198, 'America/Thunder_Bay'),
(199, 'America/Tijuana'),
(200, 'America/Toronto'),
(201, 'America/Tortola'),
(202, 'America/Vancouver'),
(203, 'America/Virgin'),
(204, 'America/Whitehorse'),
(205, 'America/Winnipeg'),
(206, 'America/Yakutat'),
(207, 'America/Yellowknife'),
(208, 'Antarctica/Casey'),
(209, 'Antarctica/Davis'),
(210, 'Antarctica/DumontDUrville'),
(211, 'Antarctica/Mawson'),
(212, 'Antarctica/McMurdo'),
(213, 'Antarctica/Palmer'),
(214, 'Antarctica/Rothera'),
(215, 'Antarctica/South_Pole'),
(216, 'Antarctica/Syowa'),
(217, 'Antarctica/Vostok'),
(218, 'Arctic/Longyearbyen'),
(219, 'Asia/Aden'),
(220, 'Asia/Almaty'),
(221, 'Asia/Amman'),
(222, 'Asia/Anadyr'),
(223, 'Asia/Aqtau'),
(224, 'Asia/Aqtobe'),
(225, 'Asia/Ashgabat'),
(226, 'Asia/Ashkhabad'),
(227, 'Asia/Baghdad'),
(228, 'Asia/Bahrain'),
(229, 'Asia/Baku'),
(230, 'Asia/Bangkok'),
(231, 'Asia/Beirut'),
(232, 'Asia/Bishkek'),
(233, 'Asia/Brunei'),
(234, 'Asia/Calcutta'),
(235, 'Asia/Choibalsan'),
(236, 'Asia/Chongqing'),
(237, 'Asia/Chungking'),
(238, 'Asia/Colombo'),
(239, 'Asia/Dacca'),
(240, 'Asia/Damascus'),
(241, 'Asia/Dhaka'),
(242, 'Asia/Dili'),
(243, 'Asia/Dubai'),
(244, 'Asia/Dushanbe'),
(245, 'Asia/Gaza'),
(246, 'Asia/Harbin'),
(247, 'Asia/Ho_Chi_Minh'),
(248, 'Asia/Hong_Kong'),
(249, 'Asia/Hovd'),
(250, 'Asia/Irkutsk'),
(251, 'Asia/Istanbul'),
(252, 'Asia/Jakarta'),
(253, 'Asia/Jayapura'),
(254, 'Asia/Jerusalem'),
(255, 'Asia/Kabul'),
(256, 'Asia/Kamchatka'),
(257, 'Asia/Karachi'),
(258, 'Asia/Kashgar'),
(259, 'Asia/Kathmandu'),
(260, 'Asia/Katmandu'),
(261, 'Asia/Kolkata'),
(262, 'Asia/Krasnoyarsk'),
(263, 'Asia/Kuala_Lumpur'),
(264, 'Asia/Kuching'),
(265, 'Asia/Kuwait'),
(266, 'Asia/Macao'),
(267, 'Asia/Macau'),
(268, 'Asia/Magadan'),
(269, 'Asia/Makassar'),
(270, 'Asia/Manila'),
(271, 'Asia/Muscat'),
(272, 'Asia/Nicosia'),
(273, 'Asia/Novosibirsk'),
(274, 'Asia/Omsk'),
(275, 'Asia/Oral'),
(276, 'Asia/Phnom_Penh'),
(277, 'Asia/Pontianak'),
(278, 'Asia/Pyongyang'),
(279, 'Asia/Qatar'),
(280, 'Asia/Qyzylorda'),
(281, 'Asia/Rangoon'),
(282, 'Asia/Riyadh'),
(283, 'Asia/Saigon'),
(284, 'Asia/Sakhalin'),
(285, 'Asia/Samarkand'),
(286, 'Asia/Seoul'),
(287, 'Asia/Shanghai'),
(288, 'Asia/Singapore'),
(289, 'Asia/Taipei'),
(290, 'Asia/Tashkent'),
(291, 'Asia/Tbilisi'),
(292, 'Asia/Tehran'),
(293, 'Asia/Tel_Aviv'),
(294, 'Asia/Thimbu'),
(295, 'Asia/Thimphu'),
(296, 'Asia/Tokyo'),
(297, 'Asia/Ujung_Pandang'),
(298, 'Asia/Ulaanbaatar'),
(299, 'Asia/Ulan_Bator'),
(300, 'Asia/Urumqi'),
(301, 'Asia/Vientiane'),
(302, 'Asia/Vladivostok'),
(303, 'Asia/Yakutsk'),
(304, 'Asia/Yekaterinburg'),
(305, 'Asia/Yerevan'),
(306, 'Atlantic/Azores'),
(307, 'Atlantic/Bermuda'),
(308, 'Atlantic/Canary'),
(309, 'Atlantic/Cape_Verde'),
(310, 'Atlantic/Faeroe'),
(311, 'Atlantic/Faroe'),
(312, 'Atlantic/Jan_Mayen'),
(313, 'Atlantic/Madeira'),
(314, 'Atlantic/Reykjavik'),
(315, 'Atlantic/South_Georgia'),
(316, 'Atlantic/St_Helena'),
(317, 'Atlantic/Stanley'),
(318, 'Australia/ACT'),
(319, 'Australia/Adelaide'),
(320, 'Australia/Brisbane'),
(321, 'Australia/Broken_Hill'),
(322, 'Australia/Canberra'),
(323, 'Australia/Currie'),
(324, 'Australia/Darwin'),
(325, 'Australia/Eucla'),
(326, 'Australia/Hobart'),
(327, 'Australia/LHI'),
(328, 'Australia/Lindeman'),
(329, 'Australia/Lord_Howe'),
(330, 'Australia/Melbourne'),
(331, 'Australia/North'),
(332, 'Australia/NSW'),
(333, 'Australia/Perth'),
(334, 'Australia/Queensland'),
(335, 'Australia/South'),
(336, 'Australia/Sydney'),
(337, 'Australia/Tasmania'),
(338, 'Australia/Victoria'),
(339, 'Australia/West'),
(340, 'Australia/Yancowinna'),
(341, 'Europe/Amsterdam'),
(342, 'Europe/Andorra'),
(343, 'Europe/Athens'),
(344, 'Europe/Belfast'),
(345, 'Europe/Belgrade'),
(346, 'Europe/Berlin'),
(347, 'Europe/Bratislava'),
(348, 'Europe/Brussels'),
(349, 'Europe/Bucharest'),
(350, 'Europe/Budapest'),
(351, 'Europe/Chisinau'),
(352, 'Europe/Copenhagen'),
(353, 'Europe/Dublin'),
(354, 'Europe/Gibraltar'),
(355, 'Europe/Guernsey'),
(356, 'Europe/Helsinki'),
(357, 'Europe/Isle_of_Man'),
(358, 'Europe/Istanbul'),
(359, 'Europe/Jersey'),
(360, 'Europe/Kaliningrad'),
(361, 'Europe/Kiev'),
(362, 'Europe/Lisbon'),
(363, 'Europe/Ljubljana'),
(364, 'Europe/London'),
(365, 'Europe/Luxembourg'),
(366, 'Europe/Madrid'),
(367, 'Europe/Malta'),
(368, 'Europe/Mariehamn'),
(369, 'Europe/Minsk'),
(370, 'Europe/Monaco'),
(371, 'Europe/Moscow'),
(372, 'Europe/Nicosia'),
(373, 'Europe/Oslo'),
(374, 'Europe/Paris'),
(375, 'Europe/Podgorica'),
(376, 'Europe/Prague'),
(377, 'Europe/Riga'),
(378, 'Europe/Rome'),
(379, 'Europe/Samara'),
(380, 'Europe/San_Marino'),
(381, 'Europe/Sarajevo'),
(382, 'Europe/Simferopol'),
(383, 'Europe/Skopje'),
(384, 'Europe/Sofia'),
(385, 'Europe/Stockholm'),
(386, 'Europe/Tallinn'),
(387, 'Europe/Tirane'),
(388, 'Europe/Tiraspol'),
(389, 'Europe/Uzhgorod'),
(390, 'Europe/Vaduz'),
(391, 'Europe/Vatican'),
(392, 'Europe/Vienna'),
(393, 'Europe/Vilnius'),
(394, 'Europe/Volgograd'),
(395, 'Europe/Warsaw'),
(396, 'Europe/Zagreb'),
(397, 'Europe/Zaporozhye'),
(398, 'Europe/Zurich'),
(399, 'Indian/Antananarivo'),
(400, 'Indian/Chagos'),
(401, 'Indian/Christmas'),
(402, 'Indian/Cocos'),
(403, 'Indian/Comoro'),
(404, 'Indian/Kerguelen'),
(405, 'Indian/Mahe'),
(406, 'Indian/Maldives'),
(407, 'Indian/Mauritius'),
(408, 'Indian/Mayotte'),
(409, 'Indian/Reunion'),
(410, 'Pacific/Apia'),
(411, 'Pacific/Auckland'),
(412, 'Pacific/Chatham'),
(413, 'Pacific/Easter'),
(414, 'Pacific/Efate'),
(415, 'Pacific/Enderbury'),
(416, 'Pacific/Fakaofo'),
(417, 'Pacific/Fiji'),
(418, 'Pacific/Funafuti'),
(419, 'Pacific/Galapagos'),
(420, 'Pacific/Gambier'),
(421, 'Pacific/Guadalcanal'),
(422, 'Pacific/Guam'),
(423, 'Pacific/Honolulu'),
(424, 'Pacific/Johnston'),
(425, 'Pacific/Kiritimati'),
(426, 'Pacific/Kosrae'),
(427, 'Pacific/Kwajalein'),
(428, 'Pacific/Majuro'),
(429, 'Pacific/Marquesas'),
(430, 'Pacific/Midway'),
(431, 'Pacific/Nauru'),
(432, 'Pacific/Niue'),
(433, 'Pacific/Norfolk'),
(434, 'Pacific/Noumea'),
(435, 'Pacific/Pago_Pago'),
(436, 'Pacific/Palau'),
(437, 'Pacific/Pitcairn'),
(438, 'Pacific/Ponape'),
(439, 'Pacific/Port_Moresby'),
(440, 'Pacific/Rarotonga'),
(441, 'Pacific/Saipan'),
(442, 'Pacific/Samoa'),
(443, 'Pacific/Tahiti'),
(444, 'Pacific/Tarawa'),
(445, 'Pacific/Tongatapu'),
(446, 'Pacific/Truk'),
(447, 'Pacific/Wake'),
(448, 'Pacific/Wallis'),
(449, 'Pacific/Yap'),
(450, 'Brazil/Acre'),
(451, 'Brazil/DeNoronha'),
(452, 'Brazil/East'),
(453, 'Brazil/West'),
(454, 'Canada/Atlantic'),
(455, 'Canada/Central'),
(456, 'Canada/East-Saskatchewan'),
(457, 'Canada/Eastern'),
(458, 'Canada/Mountain'),
(459, 'Canada/Newfoundland'),
(460, 'Canada/Pacific'),
(461, 'Canada/Saskatchewan'),
(462, 'Canada/Yukon'),
(463, 'CET'),
(464, 'Chile/Continental'),
(465, 'Chile/EasterIsland'),
(466, 'CST6CDT'),
(467, 'Cuba'),
(468, 'EET'),
(469, 'Egypt'),
(470, 'Eire'),
(471, 'EST'),
(472, 'EST5EDT'),
(473, 'Etc/GMT'),
(474, 'Etc/GMT+0'),
(475, 'Etc/GMT+1'),
(476, 'Etc/GMT+10'),
(477, 'Etc/GMT+11'),
(478, 'Etc/GMT+12'),
(479, 'Etc/GMT+2'),
(480, 'Etc/GMT+3'),
(481, 'Etc/GMT+4'),
(482, 'Etc/GMT+5'),
(483, 'Etc/GMT+6'),
(484, 'Etc/GMT+7'),
(485, 'Etc/GMT+8'),
(486, 'Etc/GMT+9'),
(487, 'Etc/GMT-0'),
(488, 'Etc/GMT-1'),
(489, 'Etc/GMT-10'),
(490, 'Etc/GMT-11'),
(491, 'Etc/GMT-12'),
(492, 'Etc/GMT-13'),
(493, 'Etc/GMT-14'),
(494, 'Etc/GMT-2'),
(495, 'Etc/GMT-3'),
(496, 'Etc/GMT-4'),
(497, 'Etc/GMT-5'),
(498, 'Etc/GMT-6'),
(499, 'Etc/GMT-7'),
(500, 'Etc/GMT-8'),
(501, 'Etc/GMT-9'),
(502, 'Etc/GMT0'),
(503, 'Etc/Greenwich'),
(504, 'Etc/UCT'),
(505, 'Etc/Universal'),
(506, 'Etc/UTC'),
(507, 'Etc/Zulu'),
(508, 'Factory'),
(509, 'GB'),
(510, 'GB-Eire'),
(511, 'GMT'),
(512, 'GMT+0'),
(513, 'GMT-0'),
(514, 'GMT0'),
(515, 'Greenwich'),
(516, 'Hongkong'),
(517, 'HST'),
(518, 'Iceland'),
(519, 'Iran'),
(520, 'Israel'),
(521, 'Jamaica'),
(522, 'Japan'),
(523, 'Kwajalein'),
(524, 'Libya'),
(525, 'MET'),
(526, 'Mexico/BajaNorte'),
(527, 'Mexico/BajaSur'),
(528, 'Mexico/General'),
(529, 'MST'),
(530, 'MST7MDT'),
(531, 'Navajo'),
(532, 'NZ'),
(533, 'NZ-CHAT'),
(534, 'Poland'),
(535, 'Portugal'),
(536, 'PRC'),
(537, 'PST8PDT'),
(538, 'ROC'),
(539, 'ROK'),
(540, 'Singapore'),
(541, 'Turkey'),
(542, 'UCT'),
(543, 'Universal'),
(544, 'US/Alaska'),
(545, 'US/Aleutian'),
(546, 'US/Arizona'),
(547, 'US/Central'),
(548, 'US/East-Indiana'),
(549, 'US/Eastern'),
(550, 'US/Hawaii'),
(551, 'US/Indiana-Starke'),
(552, 'US/Michigan'),
(553, 'US/Mountain'),
(554, 'US/Pacific'),
(555, 'US/Pacific-New'),
(556, 'US/Samoa'),
(557, 'UTC'),
(558, 'W-SU'),
(559, 'WET'),
(560, 'Zulu');

-- --------------------------------------------------------

--
-- Structure de la table `ps_warehouse`
--

CREATE TABLE IF NOT EXISTS `ps_warehouse` (
  `id_warehouse` int(11) unsigned NOT NULL AUTO_INCREMENT,
  `id_currency` int(11) unsigned NOT NULL,
  `id_address` int(11) unsigned NOT NULL,
  `id_employee` int(11) unsigned NOT NULL,
  `reference` varchar(32) DEFAULT NULL,
  `name` varchar(45) NOT NULL,
  `management_type` enum('WA','FIFO','LIFO') NOT NULL DEFAULT 'WA',
  `deleted` tinyint(1) unsigned NOT NULL DEFAULT '0',
  PRIMARY KEY (`id_warehouse`)
) ENGINE=InnoDB  DEFAULT CHARSET=utf8 AUTO_INCREMENT=2 ;

--
-- Contenu de la table `ps_warehouse`
--

INSERT INTO `ps_warehouse` (`id_warehouse`, `id_currency`, `id_address`, `id_employee`, `reference`, `name`, `management_type`, `deleted`) VALUES
(1, 1, 5, 1, 'ves', 'Vescemont', 'WA', 0);

-- --------------------------------------------------------

--
-- Structure de la table `ps_warehouse_carrier`
--

CREATE TABLE IF NOT EXISTS `ps_warehouse_carrier` (
  `id_carrier` int(11) unsigned NOT NULL,
  `id_warehouse` int(11) unsigned NOT NULL,
  PRIMARY KEY (`id_warehouse`,`id_carrier`),
  KEY `id_warehouse` (`id_warehouse`),
  KEY `id_carrier` (`id_carrier`)
) ENGINE=InnoDB DEFAULT CHARSET=utf8;

-- --------------------------------------------------------

--
-- Structure de la table `ps_warehouse_product_location`
--

CREATE TABLE IF NOT EXISTS `ps_warehouse_product_location` (
  `id_warehouse_product_location` int(11) unsigned NOT NULL AUTO_INCREMENT,
  `id_product` int(11) unsigned NOT NULL,
  `id_product_attribute` int(11) unsigned NOT NULL,
  `id_warehouse` int(11) unsigned NOT NULL,
  `location` varchar(64) DEFAULT NULL,
  PRIMARY KEY (`id_warehouse_product_location`),
  UNIQUE KEY `id_product` (`id_product`,`id_product_attribute`,`id_warehouse`)
) ENGINE=InnoDB  DEFAULT CHARSET=utf8 AUTO_INCREMENT=25 ;

--
-- Contenu de la table `ps_warehouse_product_location`
--

INSERT INTO `ps_warehouse_product_location` (`id_warehouse_product_location`, `id_product`, `id_product_attribute`, `id_warehouse`, `location`) VALUES
(3, 10, 55, 1, ''),
(4, 10, 56, 1, ''),
(5, 10, 57, 1, ''),
(6, 10, 58, 1, ''),
(7, 10, 59, 1, ''),
(8, 10, 60, 1, ''),
(9, 10, 61, 1, ''),
(10, 10, 62, 1, ''),
(11, 10, 63, 1, ''),
(12, 10, 64, 1, ''),
(13, 10, 65, 1, ''),
(14, 10, 66, 1, ''),
(15, 10, 67, 1, ''),
(16, 11, 0, 1, ''),
(19, 18, 0, 1, ''),
(20, 19, 0, 1, ''),
(21, 23, 0, 1, ''),
(22, 24, 0, 1, ''),
(24, 21, 0, 1, '');

-- --------------------------------------------------------

--
-- Structure de la table `ps_warehouse_shop`
--

CREATE TABLE IF NOT EXISTS `ps_warehouse_shop` (
  `id_shop` int(11) unsigned NOT NULL,
  `id_warehouse` int(11) unsigned NOT NULL,
  PRIMARY KEY (`id_warehouse`,`id_shop`),
  KEY `id_warehouse` (`id_warehouse`),
  KEY `id_shop` (`id_shop`)
) ENGINE=InnoDB DEFAULT CHARSET=utf8;

--
-- Contenu de la table `ps_warehouse_shop`
--

INSERT INTO `ps_warehouse_shop` (`id_shop`, `id_warehouse`) VALUES
(1, 1);

-- --------------------------------------------------------

--
-- Structure de la table `ps_webservice_account`
--

CREATE TABLE IF NOT EXISTS `ps_webservice_account` (
  `id_webservice_account` int(11) NOT NULL AUTO_INCREMENT,
  `key` varchar(32) NOT NULL,
  `description` text,
  `class_name` varchar(64) NOT NULL DEFAULT 'WebserviceRequest',
  `is_module` tinyint(2) NOT NULL DEFAULT '0',
  `module_name` varchar(64) DEFAULT NULL,
  `active` tinyint(2) NOT NULL,
  PRIMARY KEY (`id_webservice_account`),
  KEY `key` (`key`)
) ENGINE=InnoDB DEFAULT CHARSET=utf8 AUTO_INCREMENT=1 ;

-- --------------------------------------------------------

--
-- Structure de la table `ps_webservice_account_shop`
--

CREATE TABLE IF NOT EXISTS `ps_webservice_account_shop` (
  `id_webservice_account` int(11) unsigned NOT NULL,
  `id_shop` int(11) unsigned NOT NULL,
  PRIMARY KEY (`id_webservice_account`,`id_shop`),
  KEY `id_shop` (`id_shop`)
) ENGINE=InnoDB DEFAULT CHARSET=utf8;

-- --------------------------------------------------------

--
-- Structure de la table `ps_webservice_permission`
--

CREATE TABLE IF NOT EXISTS `ps_webservice_permission` (
  `id_webservice_permission` int(11) NOT NULL AUTO_INCREMENT,
  `resource` varchar(50) NOT NULL,
  `method` enum('GET','POST','PUT','DELETE','HEAD') NOT NULL,
  `id_webservice_account` int(11) NOT NULL,
  PRIMARY KEY (`id_webservice_permission`),
  UNIQUE KEY `resource_2` (`resource`,`method`,`id_webservice_account`),
  KEY `resource` (`resource`),
  KEY `method` (`method`),
  KEY `id_webservice_account` (`id_webservice_account`)
) ENGINE=InnoDB DEFAULT CHARSET=utf8 AUTO_INCREMENT=1 ;

-- --------------------------------------------------------

--
-- Structure de la table `ps_web_browser`
--

CREATE TABLE IF NOT EXISTS `ps_web_browser` (
  `id_web_browser` int(10) unsigned NOT NULL AUTO_INCREMENT,
  `name` varchar(64) DEFAULT NULL,
  PRIMARY KEY (`id_web_browser`)
) ENGINE=InnoDB  DEFAULT CHARSET=utf8 AUTO_INCREMENT=11 ;

--
-- Contenu de la table `ps_web_browser`
--

INSERT INTO `ps_web_browser` (`id_web_browser`, `name`) VALUES
(1, 'Safari'),
(2, 'Safari iPad'),
(3, 'Firefox'),
(4, 'Opera'),
(5, 'IE 6'),
(6, 'IE 7'),
(7, 'IE 8'),
(8, 'IE 9'),
(9, 'IE 10'),
(10, 'Chrome');

-- --------------------------------------------------------

--
-- Structure de la table `ps_wishlist`
--

CREATE TABLE IF NOT EXISTS `ps_wishlist` (
  `id_wishlist` int(10) unsigned NOT NULL AUTO_INCREMENT,
  `id_customer` int(10) unsigned NOT NULL,
  `token` varchar(64) NOT NULL,
  `name` varchar(64) NOT NULL,
  `counter` int(10) unsigned DEFAULT NULL,
  `id_shop` int(10) unsigned DEFAULT '1',
  `id_shop_group` int(10) unsigned DEFAULT '1',
  `date_add` datetime NOT NULL,
  `date_upd` datetime NOT NULL,
  PRIMARY KEY (`id_wishlist`)
) ENGINE=InnoDB  DEFAULT CHARSET=utf8 AUTO_INCREMENT=3 ;

--
-- Contenu de la table `ps_wishlist`
--

INSERT INTO `ps_wishlist` (`id_wishlist`, `id_customer`, `token`, `name`, `counter`, `id_shop`, `id_shop_group`, `date_add`, `date_upd`) VALUES
(2, 4, '0DA718DDBEB7FBA1', 'Lettre (Eco pli)', NULL, 2, 1, '2013-05-25 18:37:50', '2013-05-25 18:37:50');

-- --------------------------------------------------------

--
-- Structure de la table `ps_wishlist_email`
--

CREATE TABLE IF NOT EXISTS `ps_wishlist_email` (
  `id_wishlist` int(10) unsigned NOT NULL,
  `email` varchar(128) NOT NULL,
  `date_add` datetime NOT NULL
) ENGINE=InnoDB DEFAULT CHARSET=utf8;

-- --------------------------------------------------------

--
-- Structure de la table `ps_wishlist_product`
--

CREATE TABLE IF NOT EXISTS `ps_wishlist_product` (
  `id_wishlist_product` int(10) NOT NULL AUTO_INCREMENT,
  `id_wishlist` int(10) unsigned NOT NULL,
  `id_product` int(10) unsigned NOT NULL,
  `id_product_attribute` int(10) unsigned NOT NULL,
  `quantity` int(10) unsigned NOT NULL,
  `priority` int(10) unsigned NOT NULL,
  PRIMARY KEY (`id_wishlist_product`)
) ENGINE=InnoDB DEFAULT CHARSET=utf8 AUTO_INCREMENT=1 ;

-- --------------------------------------------------------

--
-- Structure de la table `ps_wishlist_product_cart`
--

CREATE TABLE IF NOT EXISTS `ps_wishlist_product_cart` (
  `id_wishlist_product` int(10) unsigned NOT NULL,
  `id_cart` int(10) unsigned NOT NULL,
  `quantity` int(10) unsigned NOT NULL,
  `date_add` datetime NOT NULL
) ENGINE=InnoDB DEFAULT CHARSET=utf8;

-- --------------------------------------------------------

--
-- Structure de la table `ps_zone`
--

CREATE TABLE IF NOT EXISTS `ps_zone` (
  `id_zone` int(10) unsigned NOT NULL AUTO_INCREMENT,
  `name` varchar(64) NOT NULL,
  `active` tinyint(1) unsigned NOT NULL DEFAULT '0',
  PRIMARY KEY (`id_zone`)
) ENGINE=InnoDB  DEFAULT CHARSET=utf8 AUTO_INCREMENT=14 ;

--
-- Contenu de la table `ps_zone`
--

INSERT INTO `ps_zone` (`id_zone`, `name`, `active`) VALUES
(1, 'Europe', 0),
(2, 'North America', 0),
(3, 'Asia', 0),
(4, 'Africa', 0),
(5, 'Oceania', 0),
(6, 'South America', 0),
(7, 'Europe (out E.U)', 1),
(8, 'Central America/Antilla', 0),
(9, 'France', 1),
(10, 'Zone E1 exapaq', 1),
(11, 'Zone E2 exapaq', 1),
(12, 'Zone E3 Exapaq', 1),
(13, 'Zone E4 Exapaq', 1);

-- --------------------------------------------------------

--
-- Structure de la table `ps_zone_shop`
--

CREATE TABLE IF NOT EXISTS `ps_zone_shop` (
  `id_zone` int(11) unsigned NOT NULL,
  `id_shop` int(11) unsigned NOT NULL,
  PRIMARY KEY (`id_zone`,`id_shop`),
  KEY `id_shop` (`id_shop`)
) ENGINE=InnoDB DEFAULT CHARSET=utf8;

--
-- Contenu de la table `ps_zone_shop`
--

INSERT INTO `ps_zone_shop` (`id_zone`, `id_shop`) VALUES
(1, 1),
(2, 1),
(3, 1),
(4, 1),
(5, 1),
(6, 1),
(7, 1),
(8, 1),
(9, 1),
(10, 1),
(11, 1),
(12, 1),
(13, 1);

