CREATE TABLE IF NOT EXISTS `ps_ebay_category_condition` (
  `id_ebay_category_condition` int(11) NOT NULL AUTO_INCREMENT,
  `id_category_ref` int(11) NOT NULL,
  `id_condition_ref` int(11) NOT NULL,
  `name` varchar(256) NOT NULL,
  PRIMARY KEY (`id_ebay_category_condition`)
) ENGINE=InnoDB  DEFAULT CHARSET=utf8 AUTO_INCREMENT=7 ;

--
-- Contenu de la table `ps_ebay_category_condition`
--

INSERT INTO `ps_ebay_category_condition` (`id_ebay_category_condition`, `id_category_ref`, `id_condition_ref`, `name`) VALUES
(1, 124036, 1000, 'Neuf'),
(2, 124036, 1500, 'Neuf : autre (voir les détails)'),
(3, 124036, 2000, 'Remis à neuf par le fabricant'),
(4, 124036, 2500, 'Remis à neuf par le vendeur'),
(5, 124036, 3000, 'Occasion'),
(6, 124036, 7000, 'Pour pièces détachées/ne fonctionne pas');

-- --------------------------------------------------------

--
-- Structure de la table `ps_ebay_category_condition_configuration`
--

CREATE TABLE IF NOT EXISTS `ps_ebay_category_condition_configuration` (
  `id_ebay_category_condition_configuration` int(11) NOT NULL AUTO_INCREMENT,
  `id_category_ref` int(11) NOT NULL,
  `condition_type` int(11) NOT NULL,
  `id_condition_ref` int(11) NOT NULL,
  PRIMARY KEY (`id_ebay_category_condition_configuration`),
  UNIQUE KEY `id_category_ref` (`id_category_ref`,`condition_type`)
) ENGINE=InnoDB  DEFAULT CHARSET=utf8 AUTO_INCREMENT=4 ;

--
-- Contenu de la table `ps_ebay_category_condition_configuration`
--

INSERT INTO `ps_ebay_category_condition_configuration` (`id_ebay_category_condition_configuration`, `id_category_ref`, `condition_type`, `id_condition_ref`) VALUES
(1, 124036, 1, 1000),
(2, 124036, 2, 1000),
(3, 124036, 3, 1000);

-- --------------------------------------------------------

--
-- Structure de la table `ps_ebay_category_configuration`
--

CREATE TABLE IF NOT EXISTS `ps_ebay_category_configuration` (
  `id_ebay_category_configuration` int(16) NOT NULL AUTO_INCREMENT,
  `id_country` int(16) NOT NULL,
  `id_ebay_category` int(16) NOT NULL,
  `id_category` int(16) NOT NULL,
  `percent` varchar(4) NOT NULL,
  `sync` tinyint(1) NOT NULL,
  `date_add` datetime NOT NULL,
  `date_upd` datetime NOT NULL,
  PRIMARY KEY (`id_ebay_category_configuration`),
  KEY `id_ebay_category` (`id_ebay_category`),
  KEY `id_category` (`id_category`)
) ENGINE=InnoDB  DEFAULT CHARSET=utf8 AUTO_INCREMENT=2 ;

--
-- Contenu de la table `ps_ebay_category_configuration`
--

INSERT INTO `ps_ebay_category_configuration` (`id_ebay_category_configuration`, `id_country`, `id_ebay_category`, `id_category`, `percent`, `sync`, `date_add`, `date_upd`) VALUES
(1, 8, 3191, 9, '', 0, '2013-05-30 15:52:20', '2013-05-30 15:52:20');

-- --------------------------------------------------------

--
-- Structure de la table `ps_ebay_category_specific`
--

CREATE TABLE IF NOT EXISTS `ps_ebay_category_specific` (
  `id_ebay_category_specific` int(11) NOT NULL AUTO_INCREMENT,
  `id_category_ref` int(16) NOT NULL,
  `name` varchar(40) NOT NULL,
  `required` tinyint(1) NOT NULL,
  `can_variation` tinyint(1) NOT NULL,
  `selection_mode` tinyint(1) NOT NULL,
  `id_attribute_group` int(16) DEFAULT NULL,
  `id_feature` int(16) DEFAULT NULL,
  `id_ebay_category_specific_value` int(16) DEFAULT NULL,
  `is_brand` tinyint(1) DEFAULT NULL,
  PRIMARY KEY (`id_ebay_category_specific`),
  UNIQUE KEY `id_category_ref` (`id_category_ref`,`name`)
) ENGINE=InnoDB  DEFAULT CHARSET=utf8 AUTO_INCREMENT=8 ;

--
-- Contenu de la table `ps_ebay_category_specific`
--

INSERT INTO `ps_ebay_category_specific` (`id_ebay_category_specific`, `id_category_ref`, `name`, `required`, `can_variation`, `selection_mode`, `id_attribute_group`, `id_feature`, `id_ebay_category_specific_value`, `is_brand`) VALUES
(1, 124036, 'Type', 0, 0, 0, 0, 0, 0, 0),
(2, 124036, 'Sous-type', 0, 0, 0, 0, 0, 0, 0),
(3, 124036, 'Fête', 0, 1, 0, 0, 0, 0, 0),
(4, 124036, 'Couleur dominante', 0, 1, 0, 0, 0, 0, 0),
(5, 124036, 'Nombre de pièces', 0, 0, 1, 0, 0, 0, 0),
(6, 124036, 'Quantité unitaire', 0, 0, 0, 0, 0, 0, 0),
(7, 124036, 'Unité de mesure', 0, 0, 1, 0, 0, 0, 0);

-- --------------------------------------------------------

--
-- Structure de la table `ps_ebay_category_specific_value`
--

CREATE TABLE IF NOT EXISTS `ps_ebay_category_specific_value` (
  `id_ebay_category_specific_value` int(11) NOT NULL AUTO_INCREMENT,
  `id_ebay_category_specific` int(11) NOT NULL,
  `value` varchar(50) NOT NULL,
  PRIMARY KEY (`id_ebay_category_specific_value`),
  UNIQUE KEY `id_ebay_category_specific` (`id_ebay_category_specific`,`value`)
) ENGINE=InnoDB  DEFAULT CHARSET=utf8 AUTO_INCREMENT=113 ;

--
-- Contenu de la table `ps_ebay_category_specific_value`
--

INSERT INTO `ps_ebay_category_specific_value` (`id_ebay_category_specific_value`, `id_ebay_category_specific`, `value`) VALUES
(2, 1, 'Ballon'),
(3, 1, 'Ballotin, Boîte à dragées'),
(4, 1, 'Bannière, Banderole'),
(5, 1, 'Bougeoir, Photophore'),
(6, 1, 'Bougie'),
(7, 1, 'Boule à suspendre'),
(8, 1, 'Calendrier de l''avent'),
(1, 1, 'Cotillons, Objets festifs'),
(9, 1, 'Coussin'),
(10, 1, 'Crèche'),
(37, 1, 'Décoration à suspendre'),
(38, 1, 'Décoration de fenêtre'),
(39, 1, 'Décoration de gâteau'),
(40, 1, 'Décoration de sapin'),
(41, 1, 'Décoration de table'),
(42, 1, 'Décoration murale'),
(11, 1, 'Dragées'),
(12, 1, 'Figurine animée'),
(13, 1, 'Figurine statique'),
(14, 1, 'Fleur, Pétale'),
(15, 1, 'Gonfleur de ballons'),
(16, 1, 'Guirlande'),
(17, 1, 'Guirlande électrique'),
(18, 1, 'Lampion'),
(43, 1, 'Lot varié'),
(19, 1, 'Maquillage'),
(20, 1, 'Marque-place, Porte-nom'),
(21, 1, 'Nappe'),
(23, 1, 'Panier, Corbeille'),
(24, 1, 'Papeterie : Carte'),
(25, 1, 'Papeterie : Invitation'),
(26, 1, 'Papeterie : Menu'),
(27, 1, 'Papeterie : Papier cadeau'),
(28, 1, 'Porte-photo, Cadre'),
(29, 1, 'Ruban'),
(30, 1, 'Sachet, Pochette'),
(31, 1, 'Sapin artificiel'),
(32, 1, 'Sapin naturel'),
(33, 1, 'Serviette de table'),
(34, 1, 'Teinture pour cheveux'),
(35, 1, 'Tulle'),
(36, 1, 'Vaisselle'),
(22, 1, 'Œuf décoratif'),
(44, 2, 'Aérosols serpentins'),
(45, 2, 'Ange'),
(46, 2, 'Bébé'),
(47, 2, 'Bonhomme de neige'),
(48, 2, 'Chapeaux'),
(49, 2, 'Cloche'),
(51, 2, 'Confettis'),
(52, 2, 'Cotillons, Boules'),
(53, 2, 'Couple'),
(50, 2, 'Cœur'),
(54, 2, 'Diablotin'),
(55, 2, 'Kit'),
(56, 2, 'Lapin'),
(57, 2, 'Nain'),
(58, 2, 'Père Noël'),
(59, 2, 'Poule'),
(60, 2, 'Poupée'),
(61, 2, 'Poussin'),
(62, 2, 'Renne'),
(63, 2, 'Sarbacanes'),
(64, 2, 'Serpentins'),
(65, 2, 'Sifflets, Sans-gêne'),
(66, 3, 'Anniversaire'),
(67, 3, 'Baptême, Communion'),
(68, 3, 'Départ en Retraite'),
(69, 3, 'Halloween'),
(70, 3, 'Mariage'),
(71, 3, 'Naissance'),
(72, 3, 'Noël'),
(73, 3, 'Nouvel an'),
(74, 3, 'Pâques'),
(75, 3, 'Saint Valentin'),
(76, 4, 'Argenté'),
(77, 4, 'Blanc'),
(78, 4, 'Bleu'),
(79, 4, 'Bordeaux'),
(80, 4, 'Bronze'),
(81, 4, 'Doré'),
(82, 4, 'Gris'),
(83, 4, 'Jaune'),
(84, 4, 'Marron'),
(85, 4, 'Multicolore'),
(86, 4, 'Noir'),
(87, 4, 'Orange'),
(88, 4, 'Rose'),
(89, 4, 'Rouge'),
(90, 4, 'Transparent'),
(91, 4, 'Turquoise'),
(92, 4, 'Vert'),
(93, 4, 'Violet'),
(94, 5, '1'),
(95, 5, '2'),
(96, 5, '3'),
(97, 5, '4'),
(98, 5, '5'),
(100, 5, 'De 10 à 19'),
(101, 5, 'De 20 à 30'),
(99, 5, 'De 6 à 9'),
(102, 5, 'Plus de 30'),
(105, 7, '10 g'),
(108, 7, '10 ml'),
(104, 7, '100 g'),
(107, 7, '100 ml'),
(103, 7, 'kg'),
(106, 7, 'L'),
(110, 7, 'm'),
(111, 7, 'm²'),
(109, 7, 'm³'),
(112, 7, 'Unité');

-- --------------------------------------------------------

--
-- Structure de la table `ps_ebay_delivery_time_options`
--

CREATE TABLE IF NOT EXISTS `ps_ebay_delivery_time_options` (
  `id_delivery_time_option` int(11) NOT NULL AUTO_INCREMENT,
  `DispatchTimeMax` varchar(256) NOT NULL,
  `description` varchar(256) NOT NULL,
  PRIMARY KEY (`id_delivery_time_option`)
) ENGINE=InnoDB  DEFAULT CHARSET=utf8 AUTO_INCREMENT=11 ;

--
-- Contenu de la table `ps_ebay_delivery_time_options`
--

INSERT INTO `ps_ebay_delivery_time_options` (`id_delivery_time_option`, `DispatchTimeMax`, `description`) VALUES
(1, '0', '0 Days'),
(2, '1', '1 Day'),
(3, '2', '2 Days'),
(4, '3', '3 Days'),
(5, '4', '4 Days'),
(6, '5', '5 Days'),
(7, '10', '10 Days'),
(8, '15', '15 Days'),
(9, '20', '20 Days'),
(10, '30', '30 Days');

-- --------------------------------------------------------

--
-- Structure de la table `ps_ebay_order`
--

CREATE TABLE IF NOT EXISTS `ps_ebay_order` (
  `id_ebay_order` int(16) NOT NULL AUTO_INCREMENT,
  `id_order_ref` varchar(128) NOT NULL,
  `id_order` int(16) NOT NULL,
  PRIMARY KEY (`id_ebay_order`),
  UNIQUE KEY `id_order_ref` (`id_order_ref`)
) ENGINE=InnoDB  DEFAULT CHARSET=utf8 AUTO_INCREMENT=1788 ;

--
-- Contenu de la table `ps_ebay_order`
--

INSERT INTO `ps_ebay_order` (`id_ebay_order`, `id_order_ref`, `id_order`) VALUES
(1, '310494403862-420400155021', 0),
(2, '280858488722-1140217968018', 0),
(3, '281037122433-1140232393018', 0),
(4, '310307875714-420576102021', 0),
(5, '156348097018', 0),
(6, '310336711480-421377266021', 0),
(7, '310336711480-421523492021', 0),
(8, '281114921893-1141125203018', 0),
(9, '', 0),
(10, '310336711480-421749427021', 0),
(11, '310594627662-421751453021', 0),
(12, '281051377391-1141508860018', 0),
(13, '310638985127-421702872021', 0),
(14, '310638985127-421814650021', 0),
(15, '280754542501-1140426331018', 0),
(16, '281064386724-1141513160018', 0),
(17, '310374838128-422451052021', 0),
(18, '156407396018', 0),
(19, '156892561018', 0),
(20, '281071877254-1142659974018', 0),
(21, '156808707018', 0),
(22, '156808706018', 0),
(23, '156815806019-9999999', 0),
(24, '156797492018', 0),
(25, '156817960018', 0),
(26, '156803941018', 0),
(27, '156944135018', 0),
(28, '156818133018', 0),
(29, '157135980018', 0),
(30, '156973581018', 0),
(31, '280858512164-1144283872018', 0),
(40, '281189298076-1141227423018', 0),
(41, '281189298076-1141493292018', 0),
(42, '310455564875-421149835021', 0),
(43, '280853560236-1140868911018', 0),
(44, '310392507305-421643724021', 0),
(45, '281113563934-1141482544018', 0),
(46, '310677516012-421709912021', 0),
(47, '281014123353-1141607810018', 0),
(48, '310390573506-422517326021', 0),
(49, '310390574297-421819177021', 0),
(50, '280858459467-1141547366018', 0),
(51, '310390574989-421984863021', 0),
(52, '310390583630-422453489021', 0),
(53, '280709253607-1142380429018', 0),
(54, '281013239292-1141585504018', 0),
(55, '280754046036-1141830474018', 0),
(56, '280754046036-1142765518018', 0),
(57, '310357864963-423165217021', 0),
(58, '281055820777-1142678323018', 0),
(59, '310594630592-423475405021', 0),
(60, '280733133506-1143443410018', 0),
(61, '310342657670-423087664021', 0),
(62, '280853559526-1143768711018', 0),
(63, '280853572793-1143769181018', 0),
(64, '280960032332-1143778597018', 0),
(65, '310566510181-423761481021', 0),
(66, '281014123353-1143791967018', 0),
(67, '310392506847-423801712021', 0),
(68, '281189298076-1143831618018', 0),
(69, '280770406090-1142978166018', 0),
(70, '280787554366-1142761118018', 0),
(71, '280812601367-1142004388018', 0),
(72, '280814030982-1141415557018', 0),
(73, '280858523169-1143625211018', 0),
(74, '280858488722-1142509302018', 0),
(75, '280938647233-1143652252018', 0),
(76, '280938647233-1142715728018', 0),
(77, '281014122722-1142599320018', 0),
(78, '280938647233-1142333990018', 0),
(79, '281031137780-1143215520018', 0),
(80, '281046379598-1143534527018', 0),
(81, '281055820777-1141787254018', 0),
(82, '281071877254-1142551122018', 0),
(83, '310198499782-423124649021', 0),
(84, '310198531024-423398864021', 0),
(85, '281113563934-1142662438018', 0),
(86, '310294562616-422476472021', 0),
(87, '310374829839-423026317021', 0),
(88, '310390573979-423398366021', 0),
(89, '310364373402-422210423021', 0),
(90, '310392069985-423616184021', 0),
(91, '310404930872-423483238021', 0),
(92, '310659103499-421868464021', 0),
(93, '310677516012-421978360021', 0),
(94, '310789420062-423619332021', 0),
(95, '310413284899-423077394021', 0),
(96, '310567517151-422755099021', 0),
(97, '310412117886-422681557021', 0),
(98, '310445746879-423397511021', 0),
(99, '280754046036-1142669599018', 0),
(100, '280754046036-1142975043018', 0),
(101, '310321715587-423054206021', 0),
(102, '310319590037-422221162021', 0),
(103, '281230299084-1143133117018', 0),
(104, '310321715587-423597065021', 0),
(105, '310374411917-423243733021', 0),
(106, '280754046036-1143085463018', 0),
(107, '281013239292-1142624409018', 0),
(108, '281189298076-1142678174018', 0),
(109, '310321715587-423120703021', 0),
(110, '280853558802-1143640482018', 0),
(111, '280853570674-1142690711018', 0),
(112, '310390583630-423439419021', 0),
(113, '280754046036-1143350637018', 0),
(114, '281051818783-1143421148018', 0),
(115, '310662896912-423379889021', 0),
(116, '310662896912-423588441021', 0),
(117, '310321715587-423783848021', 0),
(118, '310413284899-423856309021', 0),
(119, '280959999439-1143973917018', 0),
(120, '280938647233-1143997860018', 0),
(121, '310525573564-423948630021', 0),
(122, '310198531024-424048070021', 0),
(123, '280652016155-1144162684018', 0),
(124, '310391368600-424099649021', 0),
(125, '310443395980-424101975021', 0),
(126, '310638999428-424135842021', 0),
(127, '280972024429-1144235388018', 0),
(128, '310203377291-424195888021', 0),
(129, '281113563934-1140116764018', 0),
(130, '310374854257-420729037021', 0),
(131, '280754046036-1140318426018', 0),
(132, '310443395980-420539601021', 0),
(133, '280754046036-1140053216018', 0),
(134, '280858459467-1140352042018', 0),
(135, '310382147201-421014867021', 0),
(136, '310443395980-420902522021', 0),
(166, '310321715587-424230647021', 1),
(167, '280715001642-1144319681018', 2),
(168, '281077371224-1144380153018', 3),
(169, '310392507305-424205340021', 4),
(170, '310535220892-424312525021', 5),
(171, '280963209835-1144413294018', 6),
(172, '310364343026-424353200021', 7),
(173, '310395240870-424352865021', 8),
(174, '157231205018', 9),
(175, '280858488722-1144587104018', 10),
(176, '310392069985-424484650021', 11),
(177, '310525573564-424494600021', 12),
(178, '310342658484-424503602021', 13),
(179, '280853572793-1144725247018', 19),
(180, '281013239292-1144723938018', 20),
(181, '310321715587-424578491021', 21),
(182, '310321715587-424581399021', 22),
(183, '310445746879-424583656021', 23),
(184, '310321715587-424589791021', 24),
(185, '310392506847-424593243021', 25),
(186, '310555205612-424603575021', 26),
(187, '310325958710-424611044021', 27),
(188, '157239754018', 28),
(189, '281051818783-1144780607018', 29),
(190, '280814107454-1144783934018', 30),
(191, '280938647233-1144796712018', 31),
(192, '280963209835-1144823109018', 32),
(193, '280963211003-1144823984018', 33),
(194, '281189298076-1144827122018', 34),
(195, '310321715587-424669207021', 35),
(196, '281031137780-1144846061018', 36),
(197, '280733133506-1142420150018', 37),
(198, '310331086561-424675009021', 38),
(199, '280963209835-1144861836018', 39),
(200, '157299893018', 40),
(201, '281183735497-1144806102018', 41),
(202, '310343893042-424723672021', 42),
(203, '310824980098-424737612021', 43),
(204, '281078329073-1145025332018', 44),
(205, '310321715587-424907470021', 45),
(206, '280834767401-1145135630018', 46),
(207, '157302794018', 47),
(208, '310321715587-424918794021', 48),
(209, '310321715587-424925225021', 49),
(210, '157303679018', 50),
(211, '310390576052-424953588021', 51),
(212, '310391368600-424956893021', 52),
(213, '157303579018', 53),
(214, '280652016155-1144162539018', 54),
(215, '281201583021-1145275655018', 55),
(216, '157387002018', 56),
(217, '280754046036-1145363679018', 57),
(218, '310198500890-425093755021', 58),
(219, '310374838128-425097344021', 59),
(220, '280754046036-1145400193018', 60),
(221, '310392069985-425123445021', 61),
(222, '310321715587-425136428021', 62),
(223, '281071877254-1145257593018', 63),
(224, '280972022031-1145543028018', 64),
(225, '280903289069-1145543744018', 65),
(226, '157303735018', 66),
(227, '281189298076-1145550916018', 67),
(228, '280764682580-1145556359018', 68),
(229, '280855443010-1145566473018', 69),
(230, '310198500890-425267169021', 70),
(231, '310504380936-424730150021', 71),
(232, '310203377291-425275203021', 72),
(233, '281055820777-1145612117018', 73),
(234, '310391368600-425282702021', 74),
(235, '310638985127-425315179021', 75),
(236, '280787558852-1145689328018', 76),
(237, '157448115018', 77),
(238, '310433134828-425347028021', 78),
(239, '281098793662-1145721955018', 81),
(240, '310657308738-425362544021', 82),
(241, '310321715587-425365345021', 83),
(242, '310413284899-425396524021', 92),
(243, '310476099910-425411782021', 93),
(244, '310345071402-425436177021', 95),
(245, '280963697428-1145825110018', 96),
(246, '280853572793-1145838702018', 97),
(247, '310555811189-425468922021', 98),
(248, '310198500890-425469894021', 99),
(249, '281133502096-1145964885018', 101),
(250, '280814107454-1146010506018', 102),
(251, '310203377291-425606739021', 103),
(252, '281046064050-1146076882018', 104),
(253, '280980145409-1144812777018', 112),
(254, '280747700909-1146124076018', 113),
(255, '280733133506-1146087739018', 114),
(256, '280815232396-1146130763018', 115),
(257, '310390583630-425677535021', 116),
(258, '310390586445-425340223021', 117),
(259, '310390573979-425680075021', 118),
(260, '310383116853-425688107021', 119),
(261, '310343892772-425702639021', 120),
(262, '280853572793-1146189695018', 121),
(263, '310348916541-425712209021', 122),
(264, '280853559526-1146208434018', 123),
(265, '280832591985-1146220109018', 124),
(266, '310392069985-425732636021', 125),
(267, '281189298076-1146237252018', 126),
(268, '157528507018', 127),
(269, '310677516012-425784506021', 128),
(270, '280754046036-1146345550018', 129),
(271, '310336711480-425866745021', 135),
(272, '310198500890-425962452021', 136),
(273, '280814107454-1146550600018', 139),
(274, '157387132018', 140),
(275, '157591457018', 141),
(276, '310392069985-426003419021', 142),
(277, '310383243547-426027211021', 143),
(278, '310321715587-426047710021', 144),
(279, '310321715587-426062939021', 145),
(280, '310321715587-426067307021', 146),
(281, '310567517151-426070625021', 147),
(282, '281013239292-1146690126018', 148),
(283, '310321715587-426112787021', 149),
(284, '280960033905-1145139784018', 150),
(285, '310403307498-426127065021', 151),
(286, '280815240298-1146834185018', 152),
(287, '280835369801-1146858145018', 153),
(288, '310321715587-426244548021', 160),
(289, '157642463018', 161),
(290, '157642343018', 162),
(291, '281055820777-1146974985018', 163),
(292, '310445744354-426311562021', 164),
(293, '280832591985-1146995966018', 166),
(294, '310336711480-426326210021', 167),
(295, '280938647233-1147006434018', 168),
(296, '280963209835-1147012542018', 169),
(297, '310364375333-426334138021', 170),
(298, '310374838128-426333331021', 171),
(299, '310677521935-426340935021', 172),
(300, '157667295018', 173),
(301, '310404939070-426360372021', 174),
(302, '280832591985-1147052173018', 175),
(303, '280960033905-1147056106018', 176),
(304, '280853570674-1147082853018', 177),
(305, '310390573506-426400065021', 178),
(306, '310494381072-426399890021', 179),
(307, '310429632624-426401825021', 180),
(308, '310454149290-426407167021', 181),
(309, '310413284899-426407994021', 182),
(310, '310342658484-426420631021', 183),
(311, '281077363974-1147159825018', 184),
(312, '280754046036-1147189802018', 185),
(313, '157642414018', 186),
(314, '157642377018', 187),
(315, '280768624933-1146328027018', 188),
(316, '280754046036-1146807338018', 189),
(317, '280754542501-1146844057018', 190),
(318, '310392496225-426628032021', 197),
(319, '310677516012-426627337021', 198),
(320, '280832591985-1147380426018', 199),
(321, '310535220892-426630616021', 200),
(322, '157729133018', 201),
(323, '280709252386-1147521767018', 205),
(324, '281055820777-1147529759018', 206),
(325, '310432031755-426739082021', 207),
(326, '281173654970-1147538232018', 208),
(327, '310403307939-426759153021', 209),
(328, '310203377291-426741590021', 210),
(329, '310392496225-426741898021', 211),
(330, '280816192668-1147576479018', 212),
(331, '280853565861-1147600027018', 213),
(332, '280768624933-1147482106018', 214),
(333, '280627237768-1147667495018', 215),
(334, '310763860984-426835007021', 216),
(335, '310555811189-426848302021', 217),
(336, '310392069985-426943223021', 219),
(337, '310321715587-426963425021', 220),
(338, '157779831018', 221),
(339, '281051377391-1147839650018', 222),
(340, '310390574989-426989274021', 226),
(341, '310403307939-427000289021', 227),
(342, '280938647233-1147861565018', 228),
(343, '280914940432-1147920151018', 229),
(344, '310388366854-427042672021', 230),
(345, '310548579571-427066624021', 231),
(346, '281046063530-1147959094018', 232),
(347, '310392506847-427084494021', 233),
(348, '310555811198-427085292021', 234),
(349, '281014123353-1148042450018', 235),
(350, '280853570674-1148084459018', 236),
(351, '310432031755-427174647021', 237),
(352, '280908927003-1148106898018', 238),
(353, '310392504264-427227016021', 248),
(354, '157842575018', 249),
(355, '157865218018', 250),
(356, '310412119538-427323607021', 251),
(357, '280853565861-1148283870018', 252),
(358, '157865379018', 253),
(359, '157874132018', 254),
(360, '280832591985-1148335322018', 255),
(361, '310321715587-427390928021', 256),
(362, '310335808618-427406057021', 257),
(363, '281113563934-1148485868018', 260),
(364, '310657308738-427479439021', 261),
(365, '281071877254-1148690482018', 262),
(366, '310657308738-427715473021', 263),
(367, '280853569206-1148837078018', 264),
(368, '310198531024-427741793021', 265),
(369, '310198500890-427748635021', 266),
(370, '280779065440-1148859538018', 267),
(371, '157948112018', 268),
(372, '280859018838-1148934678018', 269),
(373, '310321715587-427823088021', 270),
(374, '280938647233-1149030106018', 271),
(375, '157972620018', 272),
(376, '310363785203-427910229021', 273),
(377, '280812946704-1149193820018', 274),
(378, '310342658484-428003298021', 275),
(379, '281209881176-1149273524018', 276),
(380, '281202507887-1148483415018', 277),
(381, '310390574297-427738665021', 278),
(382, '310403307498-428074443021', 279),
(383, '310525573564-428079602021', 280),
(384, '310198500890-428081137021', 281),
(385, '310198500890-428098153021', 288),
(386, '280858488722-1149364217018', 289),
(387, '158013268018', 291),
(388, '310198531024-428115818021', 292),
(389, '310198531024-428117757021', 293),
(390, '310321715587-428125001021', 294),
(391, '280709252386-1149407767018', 295),
(392, '280858459467-1149488949018', 296),
(393, '281014123353-1149529153018', 297),
(394, '158048428018', 298),
(395, '310789421099-428244097021', 299),
(396, '310208781764-428109467021', 305),
(397, '281014123353-1149783426018', 306),
(398, '310390574989-428411039021', 307),
(399, '157865505018', 308),
(400, '280714592840-1149632668018', 309),
(401, '310294562616-428429399021', 310),
(402, '280754542501-1149623058018', 311),
(403, '158101555018', 312),
(404, '280791890244-1149838564018', 313),
(405, '280793140193-1149839102018', 314),
(406, '281081897028-1149874571018', 315),
(407, '310331088718-428475356021', 316),
(408, '280812946704-1149901129018', 317),
(409, '310677516012-428497186021', 318),
(410, '310432031755-428502583021', 319),
(411, '280733158952-1149933248018', 320),
(412, '310403313753-428521543021', 321),
(413, '280806499128-1149986865018', 322),
(414, '280914406654-1149991420018', 323),
(415, '281068733766-1149992183018', 324),
(416, '310334835691-428558318021', 325),
(417, '310198531024-428575964021', 326),
(418, '310321715587-428609100021', 335),
(419, '310392507305-428640364021', 337),
(420, '310356277746-427334466021', 338),
(421, '310356277746-427515156021', 339),
(422, '280754542501-1150126323018', 340),
(423, '280960871851-1150109467018', 341),
(424, '281051377391-1150240748018', 342),
(425, '158179421018', 343),
(426, '281098795789-1150243577018', 344),
(427, '281031137780-1150261369018', 345),
(428, '281071897636-1150272876018', 346),
(429, '310392069985-428796768021', 347),
(430, '310638985127-428818255021', 348),
(431, '281051376632-1150317183018', 349),
(432, '281013239292-1150364148018', 350),
(433, '310321715587-428853630021', 351),
(434, '280754046036-1150365462018', 352),
(435, '280938647233-1150369572018', 353),
(436, '310525573564-428864073021', 354),
(437, '281055820777-1150379062018', 355),
(438, '280754046036-1150434910018', 356),
(439, '158224735018', 357),
(440, '310379418664-428969168021', 358),
(441, '310198500890-429019163021', 367),
(442, '158229725018', 368),
(443, '158230040018', 369),
(444, '280814107454-1150659033018', 370),
(445, '158254392018', 371),
(446, '310413284899-429113982021', 372),
(447, '158256649018', 373),
(448, '158048667018', 374),
(449, '158229704018', 375),
(450, '280960028576-1150708398018', 376),
(451, '281051818783-1150708879018', 377),
(452, '280963209835-1149225176018', 378),
(453, '310789420062-429142530021', 379),
(454, '310638985127-429144807021', 380),
(455, '158049335018', 381),
(456, '158230008018', 382),
(457, '280853570674-1150758958018', 383),
(458, '158229660018', 384),
(459, '281081919042-1150787548018', 385),
(460, '281081897028-1150806873018', 386),
(461, '310357864963-429225946021', 391),
(462, '310677516012-429328279021', 392),
(463, '310465158189-429123362021', 395),
(464, '158301738018', 396),
(465, '158281993018', 397),
(466, '310555811189-429441554021', 398),
(467, '280816192668-1151095404018', 399),
(468, '281081897028-1151101314018', 400),
(469, '280754046036-1151103034018', 401),
(470, '310321715587-429468637021', 403),
(471, '310321715587-429473012021', 404),
(472, '310445746879-429499087021', 405),
(473, '281098795789-1151186499018', 406),
(474, '281038082192-1151192630018', 407),
(475, '158344363018', 408),
(476, '280714592840-1151196890018', 409),
(477, '310331801455-429560115021', 410),
(478, '310321715587-429592581021', 411),
(479, '281046059009-1151295026018', 412),
(480, '281081897028-1151319692018', 413),
(481, '281051374576-1151495538018', 416),
(482, '310374838990-429798273021', 417),
(483, '310494403862-429800371021', 418),
(484, '310340535480-429820080021', 419),
(485, '310390574989-429819947021', 420),
(486, '280764682580-1151589195018', 421),
(487, '158411420018', 422),
(488, '280853572793-1151617519018', 423),
(489, '280787558852-1151619364018', 424),
(490, '310432672312-429854253021', 425),
(491, '281071897614-1151623896018', 426),
(492, '310294500942-429883729021', 428),
(493, '310321715587-429891480021', 429),
(494, '281055820752-1151774338018', 430),
(495, '281113563934-1151776330018', 431),
(496, '158435150018', 432),
(497, '310392504264-430087159021', 433),
(498, '310358998721-430100891021', 434),
(499, '310465156681-430109462021', 435),
(500, '310198531024-430129627021', 436),
(501, '310392520599-430139383021', 438),
(502, '281051376632-1151993493018', 441),
(503, '310677516012-430179771021', 442),
(504, '310413284899-430214517021', 443),
(505, '280812946704-1152371189018', 444),
(506, '310340536664-430426364021', 445),
(507, '310321715587-430452321021', 448),
(508, '310201217649-430451842021', 449),
(509, '158518804018', 450),
(510, '310321715587-430461649021', 451),
(511, '280963190640-1152443128018', 452),
(512, '310403308166-430480022021', 453),
(513, '310432615367-430489541021', 454),
(514, '310677521935-430495296021', 455),
(515, '310198531024-430508024021', 456),
(516, '281097055355-1152555183018', 457),
(517, '280754046036-1152657646018', 458),
(518, '281014123353-1152701020018', 459),
(519, '280768624933-1152780158018', 460),
(520, '158571582018', 461),
(521, '310392069985-430735983021', 462),
(522, '310358945873-430738511021', 463),
(523, '281173654970-1152954068018', 464),
(524, '310321715587-430854567021', 465),
(525, '281189298076-1153000294018', 470),
(526, '280963211003-1153014160018', 471),
(527, '280785964149-1153032597018', 472),
(528, '310403308166-430894102021', 473),
(529, '310390583630-430896257021', 474),
(530, '310345071402-430898275021', 475),
(531, '310392520065-430905152021', 476),
(532, '281051375737-1153064268018', 477),
(533, '310382147201-430914738021', 478),
(534, '281098795789-1153105315018', 479),
(535, '310555931912-430940337021', 481),
(536, '158640413018', 483),
(537, '281031137780-1153208002018', 484),
(538, '310321715587-431029572021', 485),
(539, '281013239292-1153226071018', 486),
(540, '310390574297-431044124021', 487),
(541, '158616527018', 488),
(542, '310356476673-430590232021', 489),
(543, '310374847862-431069166021', 490),
(544, '310198500890-431090823021', 492),
(545, '281051818783-1153448950018', 497),
(546, '310319590037-431213541021', 502),
(547, '281098795789-1153482448018', 503),
(548, '158699918018', 504),
(549, '310321715587-431257730021', 505),
(550, '281051818783-1153700515018', 506),
(551, '281051818783-1153704693018', 507),
(552, '158737036018', 508),
(553, '280779096541-1153715583018', 520),
(554, '281202507887-1153759780018', 521),
(555, '310662896912-431312894021', 522),
(556, '280812946418-1153862257018', 523),
(557, '280835369801-1153868849018', 524),
(558, '310321715587-431537769021', 525),
(559, '310321715587-431554849021', 526),
(560, '310662896912-431586698021', 527),
(561, '310480679097-431588482021', 528),
(562, '310390574989-431591794021', 529),
(563, '310114075158-431593976021', 530),
(564, '310555840102-431609334021', 535),
(565, '310390573979-431589275021', 536),
(566, '310321715587-431621571021', 537),
(567, '310390584210-431648856021', 538),
(568, '310392506847-431662358021', 540),
(569, '280858459467-1154098662018', 541),
(570, '281031137780-1154105257018', 542),
(571, '310555830864-431742555021', 543),
(572, '281081897028-1154176305018', 544),
(573, '310494403862-431851856021', 547),
(574, '280764682580-1154289310018', 548),
(575, '281055820777-1154294820018', 549),
(576, '310330318587-431869497021', 550),
(577, '280793153825-1154327965018', 551),
(578, '310321715587-431881343021', 552),
(579, '310390574989-431904295021', 553),
(580, '281031137780-1154356690018', 554),
(581, '310363786307-431931103021', 555),
(582, '310356277746-431932817021', 556),
(583, '310390573506-431935201021', 557),
(584, '280881994226-1154403223018', 558),
(585, '310392520259-431975653021', 564),
(586, '158229912018', 565),
(587, '310677516012-431986387021', 566),
(588, '310657311871-431985541021', 567),
(589, '280816192668-1154477928018', 568),
(590, '280858968784-1154478719018', 569),
(591, '310392520259-432047514021', 570),
(592, '158858280018', 571),
(593, '281051818783-1154706967018', 572),
(594, '158858514018', 573),
(595, '158858456018', 574),
(596, '280938647233-1154777109018', 575),
(597, '280754046036-1154799761018', 576),
(598, '281189298076-1154811638018', 577),
(599, '310677516012-431605651021', 578),
(600, '281057572346-1154825471018', 580),
(601, '310390583630-432266570021', 581),
(602, '310392069985-432284219021', 582),
(603, '310525573564-432282788021', 583),
(604, '310389448140-431474463021', 584),
(605, '280905688506-1153803292018', 585),
(606, '310409143483-431472344021', 586),
(607, '158922338018', 587),
(608, '310677516012-432299815021', 588),
(609, '310203377291-432333436021', 589),
(610, '158930647018', 590),
(611, '281055820777-1154952495018', 591),
(612, '310662896912-432381239021', 595),
(613, '281055820752-1155036240018', 596),
(614, '281051818783-1155142573018', 597),
(615, '158938035018', 598),
(616, '310321715587-432501359021', 599),
(617, '280768624933-1155171140018', 600),
(618, '280754046036-1155221543018', 601),
(619, '280812946704-1155298882018', 602),
(620, '280853569206-1155305786018', 603),
(621, '310321715587-432602064021', 604),
(622, '310403307939-432627668021', 605),
(623, '158984626018', 606),
(624, '310198524844-432642225021', 607),
(625, '310434590168-432707747021', 608),
(626, '159004767018', 609),
(627, '310321715587-432736808021', 611),
(628, '280963209835-1155629511018', 612),
(629, '310403313753-432848238021', 613),
(630, '280814138189-1155655717018', 614),
(631, '310465156681-432877989021', 615),
(632, '310353943479-432904270021', 616),
(633, '310208781764-432913873021', 617),
(634, '281098795789-1155762376018', 618),
(635, '310330318587-432924722021', 619),
(636, '310321715587-432927787021', 620),
(637, '310390574989-432933147021', 621),
(638, '310567518621-432943192021', 622),
(639, '310494381072-432945905021', 624),
(640, '280858451386-1155855503018', 625),
(641, '280853560236-1155957249018', 626),
(642, '310407098296-433043854021', 627),
(643, '310432615367-433060557021', 628),
(644, '281014123353-1155987742018', 629),
(645, '281183137819-1155994826018', 630),
(646, '280754046036-1156009432018', 631),
(647, '310494403856-433110360021', 632),
(648, '280733133506-1156102252018', 633),
(649, '310525500194-433232677021', 641),
(650, '281051818783-1156250298018', 642),
(651, '280858459467-1156250604018', 643),
(652, '159128623018', 644),
(653, '310455565224-433282492021', 645),
(654, '310321715587-433282916021', 646),
(655, '310377648613-433294439021', 647),
(656, '280900424367-1156298906018', 648),
(657, '310321715587-433295994021', 649),
(658, '281051374576-1156302449018', 650),
(659, '280758394903-1156326740018', 651),
(660, '281031137780-1156351436018', 652),
(661, '281098795789-1156378173018', 653),
(662, '310321715587-433367116021', 654),
(663, '281071877254-1156411464018', 655),
(664, '159163090018', 656),
(665, '310392506847-433377712021', 657),
(666, '159164611018', 658),
(667, '310321715587-433388249021', 659),
(668, '281071877254-1156442928018', 660),
(669, '310348389971-433400382021', 661),
(670, '310294562616-433411422021', 662),
(671, '280785899023-1156547205018', 663),
(672, '280960033905-1156679890018', 664),
(673, '280938647233-1156688156018', 665),
(674, '280853559526-1156715948018', 676),
(675, '281098793662-1156718480018', 677),
(676, '159214484018', 678),
(677, '310392507305-433618642021', 679),
(678, '280709365838-1156735378018', 680),
(679, '159213585018', 681),
(680, '280733156103-1156743524018', 682),
(681, '159213819018', 683),
(682, '280653121872-1156792746018', 684),
(683, '281051377391-1156793689018', 685),
(684, '310321715587-433668871021', 686),
(685, '280816192668-1156850415018', 687),
(686, '310357865550-433701779021', 688),
(687, '159238376018', 689),
(688, '310374838128-433705955021', 690),
(689, '310703224345-433710267021', 691),
(690, '310321715587-433709932021', 692),
(691, '281201564666-1156869409018', 693),
(692, '310432615367-433714955021', 694),
(693, '310566510181-433720225021', 695),
(694, '310787986129-433596508021', 698),
(695, '310390574297-433596615021', 699),
(696, '310348728809-433490287021', 700),
(697, '280900424367-1156910064018', 701),
(698, '281055820788-1156911886018', 702),
(699, '280853572793-1156911146018', 703),
(700, '310348587718-433747591021', 704),
(701, '310404935722-433749219021', 705),
(702, '280787474184-1156928130018', 706),
(703, '310555827869-433772046021', 707),
(704, '280754046036-1156692475018', 0),
(705, 'old-old159214510018old-old', 0),
(706, '280853572793-1157129952018', 708),
(707, '281055820777-1157147041018', 709),
(708, '280853560236-1157153785018', 710),
(709, '281077371224-1157163884018', 711),
(710, '281051818783-1157187229018', 712),
(711, '280858488722-1157188865018', 713),
(712, '280858488722-1157188422018', 714),
(713, '159299247018', 715),
(714, '281051376632-1157222106018', 716),
(715, '310391368600-433994460021', 717),
(716, '310390574297-433999770021', 718),
(717, '280987489060-1157259380018', 723),
(718, '280938647233-1157271242018', 726),
(719, '310494403862-434050375021', 727),
(720, '310677516012-434055960021', 728),
(721, '310434592176-434068144021', 729),
(722, '159237273018', 730),
(723, '310321715587-434105837021', 731),
(724, '159308538018', 732),
(725, '280750204675-1157403177018', 733),
(726, '310555931912-434146799021', 737),
(727, '281046059009-1157472282018', 738),
(728, '280773134283-1157197740018', 740),
(729, '310198531024-434259911021', 741),
(730, '159296639018', 742),
(731, '310419833465-434269409021', 743),
(732, '310342657670-434284642021', 744),
(733, '310330318587-434328644021', 745),
(734, '281031137780-1157687904018', 746),
(735, '281211040672-1157690233018', 747),
(736, '310321715587-434340858021', 748),
(737, '159374098018', 749),
(738, '310392069985-434343717021', 750),
(739, '280754046036-1157697704018', 751),
(740, '281155727105-1157707922018', 752),
(741, '280853560236-1157719574018', 753),
(742, '310342658484-434388149021', 754),
(743, '310321715587-434408531021', 766),
(744, '310321715587-434409852021', 767),
(745, '280754046036-1157799794018', 768),
(746, '310662896912-434470137021', 769),
(747, '280816192668-1157878886018', 770),
(748, '281055820777-1157664978018', 771),
(749, '310390576052-434554467021', 772),
(750, '310321715587-434566050021', 773),
(751, '280853572793-1157979461018', 774),
(752, '280754046036-1157995675018', 778),
(753, '280858459467-1157996482018', 779),
(754, '159417206018', 780),
(755, '159426079018', 781),
(756, '310198500890-434594622021', 782),
(757, '310321715587-434651966021', 783),
(758, '310403308166-434731870021', 784),
(759, '280733098130-1158238595018', 785),
(760, '310445744354-434824597021', 786),
(761, '159474924018', 787),
(762, '310435606779-434882475021', 788),
(763, '310203377291-434887820021', 789),
(764, '281055820777-1158417642018', 790),
(765, '280733065713-1158431569018', 791),
(766, '281201583001-1158442158018', 792),
(767, '159481618018', 793),
(768, '281211040672-1158455787018', 794),
(769, '280938647233-1158478816018', 795),
(770, '310391382296-434928476021', 796),
(771, '310662896912-434960178021', 797),
(772, '159497225018', 798),
(773, '281241950265-1158618807018', 799),
(774, '310336711480-435026010021', 800),
(775, '310391368600-435058410021', 801),
(776, '310476099910-435066941021', 802),
(777, '159517319018', 803),
(778, '280858459467-1158724710018', 804),
(779, '310695665862-435197402021', 805),
(780, '280754542501-1158878054018', 806),
(781, '310342672158-435205364021', 807),
(782, '310391369111-435206194021', 808),
(783, '310321715587-435213001021', 809),
(784, '310198499782-434226535021', 810),
(785, '310321715587-435238351021', 811),
(786, '280855453967-1158990478018', 812),
(787, '280733133506-1158995897018', 813),
(788, '159559655018', 814),
(789, '310392506847-435294542021', 815),
(790, '280754046036-1159104567018', 816),
(791, '310229058527-435376373021', 817),
(792, '159583709018', 818),
(793, '310321715587-435474034021', 829),
(794, '310555826430-435505704021', 830),
(795, '310413281029-435533223021', 831),
(796, '310434592155-434714641021', 832),
(797, '310494381072-435621153021', 833),
(798, '281113563934-1159499531018', 836),
(799, '281098790120-1159502397018', 837),
(800, '310321715587-435627746021', 838),
(801, '281189298076-1159503838018', 839),
(802, '281189298076-1159516494018', 840),
(803, '310321715587-435636784021', 841),
(804, '159638986018', 842),
(805, '310321715587-435642786021', 843),
(806, '280754046036-1159532168018', 844),
(807, '310321715587-435652204021', 845),
(808, '280709253607-1159547728018', 846),
(809, '310555931912-435665179021', 847),
(810, '310390576052-435706078021', 848),
(811, '310321715587-435734217021', 849),
(812, '281051818783-1159718331018', 850),
(813, '281098795789-1159729180018', 851),
(814, '310319590037-435799237021', 852),
(815, '159693255018', 853),
(816, '159717219018', 859),
(817, '310409418828-435939612021', 860),
(818, '310208781764-435628957021', 861),
(819, '310466905266-435953865021', 862),
(820, '310321715587-435959758021', 863),
(821, '310321715587-435964344021', 864),
(822, '310388366854-435969609021', 865),
(823, '310321715587-435974338021', 866),
(824, '310321715587-435975987021', 867),
(825, '310789420062-435979696021', 868),
(826, '281051374576-1160001510018', 869),
(827, '310321715587-435991099021', 870),
(828, '280855453967-1160020049018', 871),
(829, '310360415967-436014900021', 872),
(830, '310198500890-436027293021', 873),
(831, '281071877254-1160086797018', 874),
(832, '310321715587-436039227021', 875),
(833, '310403307939-436039105021', 876),
(834, '310392507305-436057880021', 877),
(835, '159755313018', 878),
(836, '310203377291-436103606021', 879),
(837, '310419833465-436108995021', 880),
(838, '310535220892-436139058021', 881),
(839, '310390576052-436171836021', 882),
(840, '159666168018', 883),
(841, '310390574989-436268768021', 884),
(842, '281071877254-1160373308018', 885),
(843, '280816192668-1160373986018', 886),
(844, '280754046036-1160426428018', 895),
(845, '159796180018', 896),
(846, '310494381072-436310229021', 897),
(847, '310374829839-436323960021', 898),
(848, '281031137780-1160468364018', 899),
(849, '310346490863-436353156021', 900),
(850, '159815800018', 901),
(851, '310555827869-436389192021', 904),
(852, '310319590037-436378969021', 905),
(853, '159308442018', 906),
(854, '280812506494-1160601930018', 907),
(855, '310413284899-436462747021', 908),
(856, '310392496225-436480538021', 909),
(857, '310677516041-436501899021', 912),
(858, '280754046036-1160709994018', 913),
(859, '159870207018', 916),
(860, '310390574297-436641888021', 917),
(861, '310566510181-436670130021', 918),
(862, '280858488722-1156666712018', 919),
(863, '310476099910-436688086021', 920),
(864, '281055820752-1160956262018', 921),
(865, '310392506847-436732954021', 926),
(866, '280712823316-1161012951018', 927),
(867, '310390574297-436754752021', 928),
(868, '310392069985-436782997021', 929),
(869, '280812516815-1160921026018', 930),
(870, '281051818783-1160921350018', 931),
(871, '310555811189-436850772021', 932),
(872, '310555811189-436859728021', 933),
(873, '310404936608-436454294021', 936),
(874, '280853569206-1161266429018', 937),
(875, '159935171018', 938),
(876, '281051376632-1161284985018', 939),
(877, '310403307939-436944690021', 940),
(878, '159796132018', 941),
(879, '159931750018', 942),
(880, '310494381072-436970519021', 943),
(881, '310413284899-436983318021', 944),
(882, '159948403018', 945),
(883, '310321715587-437050023021', 948),
(884, '310390586445-437050472021', 949),
(885, '310390574989-437064762021', 950),
(886, '310404939070-437096036021', 951),
(887, '280754542501-1161566258018', 952),
(888, '159931836018', 953),
(889, '280816192668-1161761342018', 954),
(890, '310555811189-437301424021', 955),
(891, '310358996129-437315706021', 956),
(892, '310348911813-437350722021', 957),
(893, '310390574989-437392705021', 958),
(894, '280733158952-1161939431018', 959),
(895, '280858512164-1162000384018', 960),
(896, '310321715587-437571073021', 961),
(897, '281031137780-1162194854018', 962),
(898, '159956650018', 967),
(899, '281055820777-1162252171018', 968),
(900, '280733158283-1161730106018', 970),
(901, '310198529472-437670153021', 972),
(902, '310390574297-437704632021', 973),
(903, '310638985127-437706660021', 974),
(904, '310321715587-437354367021', 975),
(905, '281201567610-1161866375018', 976),
(906, '310321715587-437738451021', 977),
(907, '310321715587-437744149021', 978),
(908, '310432031755-437749226021', 979),
(909, '280832424620-1162512086018', 980),
(910, '310432615367-437796626021', 981),
(911, '281014123353-1162529195018', 982),
(912, '310321715587-437818818021', 983),
(913, '280787558852-1162601848018', 984),
(914, '281031137780-1162631182018', 985),
(915, '281031137780-1162641477018', 986),
(916, '281051818783-1162649411018', 987),
(917, '280735964452-1162684113018', 988),
(918, '281051818783-1162797481018', 989),
(919, '280816192668-1162808938018', 990),
(920, '310638985127-438005210021', 991),
(921, '310404930872-438006245021', 992),
(922, '281031137780-1162816814018', 993),
(923, '160175527018', 994),
(924, '281051377391-1162824978018', 995),
(925, '310403313559-438018635021', 996),
(926, '281098793662-1162848703018', 997),
(927, '280853565861-1162861628018', 998),
(928, '160183893018', 999),
(929, '310348916541-438043051021', 1000),
(930, '310391382296-438044634021', 1001),
(931, '280754046036-1162910221018', 1002),
(932, '280754046036-1162910749018', 1003),
(933, '280963209835-1162915292018', 1004),
(934, '310435576499-438082937021', 1005),
(935, '310391384808-438091302021', 1006),
(936, '310363786307-438094124021', 1007),
(937, '280858523169-1162982924018', 1008),
(938, '280938647233-1162987200018', 1009),
(939, '310198531024-438131103021', 1010),
(940, '310321715587-438131848021', 1011),
(941, '280765849215-1163013583018', 1012),
(942, '310321715587-438204696021', 1013),
(943, '310198500890-438206176021', 1014),
(944, '310403308915-438251411021', 1021),
(945, '160237183018', 1022),
(946, '160236698018', 1023),
(947, '280754542501-1163290017018', 1025),
(948, '310662896912-438356617021', 1026),
(949, '310323844464-438359295021', 1027),
(950, '280747678167-1163311477018', 1028),
(951, '281046059009-1163315874018', 1029),
(952, '160272965018', 1030),
(953, '280765849215-1163345067018', 1031),
(954, '281081918020-1163347667018', 1032),
(955, '310321715587-438409100021', 1033),
(956, '310525573564-438466795021', 1034),
(957, '280853572793-1163502712018', 1040),
(958, '160237985018', 1041),
(959, '281078329073-1163524560018', 1042),
(960, '281038082192-1163525464018', 1043),
(961, '310321715587-438352796021', 1044),
(962, '310555811198-438534058021', 1045),
(963, '310555811198-438538040021', 1046),
(964, '159796307018', 1047),
(965, '280754046036-1163672274018', 1048),
(966, '281055820777-1163687192018', 1049),
(967, '310693298494-438677769021', 1050),
(968, '310677516012-438683741021', 1051),
(969, '310390573506-438684621021', 1052),
(970, '310494381072-438684714021', 1053),
(971, '310345071402-438514042021', 1055),
(972, '310198531024-438701534021', 1058),
(973, '160238149018', 1059),
(974, '281051818783-1163785162018', 1060),
(975, '310392069985-438720137021', 1061),
(976, '310353135784-438723234021', 1062),
(977, '280785899023-1163817545018', 1063),
(978, '310390574297-438754685021', 1064),
(979, '310198524844-438760418021', 1065),
(980, '160358686018', 1066),
(981, '281211040672-1163894699018', 1067),
(982, '281211040672-1163918488018', 1069),
(983, '310432031755-438812975021', 1070),
(984, '310321715587-438816560021', 1071),
(985, '310787986129-438882392021', 1072),
(986, '310404939070-438912218021', 1073),
(987, '310409372933-438998307021', 1074),
(988, '280719882005-1164184018018', 1075),
(989, '310321715587-439025121021', 1079),
(990, '280768624933-1164222245018', 1080),
(991, '280816192668-1164229015018', 1081),
(992, '310340536664-439053817021', 1082),
(993, '310403307939-439054945021', 1083),
(994, '310321715587-439056063021', 1084),
(995, '281031906875-1164263146018', 1085),
(996, '280853570674-1164275162018', 1086),
(997, '310321715587-439071154021', 1087),
(998, '310361437373-439107415021', 1090),
(999, '281051818783-1164345681018', 1091),
(1000, '310566510181-439143802021', 1092),
(1001, '310321715587-439147241021', 1093),
(1002, '310321715587-439162124021', 1094),
(1003, '281081897028-1164448693018', 1095),
(1004, '280754046036-1164498408018', 1096),
(1005, '280963211003-1164633346018', 1097),
(1006, '310334835591-439360922021', 1103),
(1007, '280900440701-1164687326018', 1104),
(1008, '310391368600-439414523021', 1105),
(1009, '280757929495-1164746633018', 1106),
(1010, '310321715587-436665771021', 1107),
(1011, '281031137780-1164805634018', 1109),
(1012, '280853565861-1164807637018', 1110),
(1013, '310413284899-439542357021', 1111),
(1014, '310432615367-439684777021', 1112),
(1015, '281060904471-1165112563018', 1113),
(1016, '280754046036-1165120465018', 1114),
(1017, '281133498513-1165123755018', 1115),
(1018, '160498074018', 1116),
(1019, '280718010504-1165158871018', 1117),
(1020, '310321715587-439740841021', 1118),
(1021, '310340536664-439788229021', 1119),
(1022, '159931947018', 1120),
(1023, '310342652602-440003900021', 1121),
(1024, '310392507305-440005836021', 1122),
(1025, '280785895993-1165574516018', 1123),
(1026, '280853559526-1165590299018', 1124),
(1027, '310693322013-440035699021', 1130),
(1028, '280822120948-1165638360018', 1131),
(1029, '310662896912-440050103021', 1132),
(1030, '280714592840-1165652416018', 1133),
(1031, '280853572793-1165657388018', 1134),
(1032, '310403313753-440085163021', 1135),
(1033, '310494381072-440109855021', 1136),
(1034, '310465158189-440124530021', 1137),
(1035, '310321715587-440142165021', 1138),
(1036, '280857821745-1164380648018', 1139),
(1037, '310330318587-440271605021', 1140),
(1038, '310330318587-440272717021', 1141),
(1039, '281051375737-1166114087018', 1142),
(1040, '280938647233-1165858532018', 1143),
(1041, '281014123353-1166154931018', 1144),
(1042, '310363786307-440409647021', 1147),
(1044, '310374829839-439493791021', 1149),
(1045, '160720200018', 1150),
(1046, '280960874443-1166199042018', 1151),
(1047, '310392069985-440431056021', 1152),
(1048, '280816192668-1166203124018', 1153),
(1049, '310325958226-440448260021', 1154),
(1050, '160730022018', 1155),
(1051, '310330318587-440450007021', 1156),
(1052, '310409418828-440450839021', 1157),
(1053, '310360415967-440456702021', 1158),
(1054, '310349341679-440459168021', 1159),
(1055, '281189298076-1166255046018', 1160),
(1056, '310321715587-440499467021', 1165),
(1057, '280960094565-1166320000018', 1166),
(1058, '310390574297-440530325021', 1167),
(1059, '160720300018', 1168),
(1060, '280814030982-1166362192018', 1169),
(1061, '281051818783-1166375862018', 1170),
(1062, '280709252386-1166414631018', 1171),
(1063, '310555811189-440590802021', 1172),
(1064, '310677517408-440536942021', 1173),
(1065, '310555840102-440605854021', 1174),
(1066, '310321715587-440637337021', 1175),
(1067, '280754046036-1166515461018', 1176),
(1068, '310198499782-440761010021', 1177),
(1069, '310342657670-440771514021', 1180),
(1070, '281035278365-1166660007018', 1181),
(1071, '310321715587-440777844021', 1182),
(1072, '310321715587-440778873021', 1183),
(1073, '280754542501-1166712622018', 1184),
(1074, '310198531024-440812185021', 1185),
(1075, '280779096541-1166722824018', 1186),
(1076, '310413284899-440825197021', 1187),
(1077, '280853569206-1166756746018', 1188),
(1078, '310763860984-440836988021', 1189),
(1079, '310392508609-440851316021', 1190),
(1080, '310321715587-440885196021', 1191),
(1081, '280785895993-1166838738018', 1192),
(1082, '280814030982-1166884898018', 1197),
(1083, '310321715587-440949928021', 1198),
(1084, '160852224018', 1199),
(1085, '310419833465-440971333021', 1200),
(1086, '310412119538-440977513021', 1201),
(1087, '310403307939-441037220021', 1202),
(1088, '160852105018', 1203),
(1089, '160852270018', 1204),
(1090, '310390584210-441148513021', 1207),
(1091, '280812946704-1167179330018', 1208),
(1092, '280715677133-1167192554018', 1209),
(1093, '160852345018', 1210),
(1094, '160851957018', 1211),
(1095, '310198500890-441176887021', 1212),
(1096, '310342658484-441216424021', 1213),
(1097, '160917810018', 1214),
(1098, '280853558802-1167324785018', 1215),
(1099, '280754046036-1167351418018', 1216),
(1100, '310348916360-441301695021', 1217),
(1101, '310330318587-441318662021', 1224),
(1102, '281201564666-1167410952018', 1225),
(1103, '281068733766-1167420455018', 1226),
(1104, '310374838128-438925115021', 1227),
(1105, '280627237768-1167421189018', 1228),
(1106, '280733133506-1167527773018', 1229),
(1107, '310360415967-441437506021', 1230),
(1108, '280754046036-1167213097018', 1231),
(1109, '310555205612-441458513021', 1236),
(1110, '160969035018', 1237),
(1111, '160970720018', 1238),
(1112, '310434590168-441544687021', 1239),
(1113, '281071897636-1167735371018', 1240),
(1114, '160994157018', 1241),
(1115, '310321715587-441620411021', 1242),
(1116, '281071877254-1167804512018', 1243),
(1117, '310348728809-441638080021', 1244),
(1118, '310321715587-441664148021', 1245),
(1119, '310465278804-441717420021', 1246),
(1120, '310392069985-441767493021', 1247),
(1121, '281056079579-1168005374018', 1251),
(1122, '280853572793-1168008092018', 1255),
(1123, '310343892144-441810519021', 1256),
(1124, '310419833465-441847330021', 1257),
(1125, '161049891018', 1258),
(1126, '280754046036-1168155685018', 1259),
(1127, '280785899023-1168165971018', 1260),
(1128, '280785904184-1168167817018', 1261),
(1129, '310638985127-441896268021', 1262),
(1130, '310677517408-441902244021', 1263),
(1131, '280768624933-1168207926018', 1264),
(1132, '280853572793-1168239791018', 1265),
(1133, '310294560093-442001151021', 1266),
(1134, '161092167018', 1267),
(1135, '310413284899-442094163021', 1268),
(1136, '310413284899-442102368021', 1269),
(1137, '310208781764-442103838021', 1270),
(1138, '310321715587-442113847021', 1271),
(1139, '280963209835-1168470355018', 1272),
(1140, '310321715587-442135881021', 1273),
(1141, '280963191938-1168515820018', 1274),
(1142, '310390573979-442219150021', 1275),
(1143, '310434592176-442250867021', 1276),
(1144, '310789496458-442255816021', 1277),
(1145, '310390574989-442437688021', 1278),
(1146, '310348911813-442437860021', 1279),
(1147, '310348728809-442438168021', 1280),
(1148, '161176644018', 1281),
(1149, '161185443018', 1282),
(1150, '281098793662-1169296905018', 1283),
(1151, '310677516012-442701796021', 1284),
(1152, '310390574989-442748213021', 1285),
(1153, '280853560236-1169408485018', 1286),
(1154, '280768620523-1168157189018', 1294),
(1155, '310321715587-442853390021', 1295),
(1156, '161269108018', 1296),
(1157, '310390573506-442862814021', 1297),
(1158, '310444956601-442868920021', 1298),
(1159, '281013239292-1169568158018', 1299),
(1160, '310377648613-442875584021', 1300),
(1161, '310321715587-442876893021', 1301),
(1162, '310331088718-442877190021', 1302),
(1163, '310594627662-442878684021', 1303),
(1164, '310345071402-442885410021', 1304),
(1165, '310799627073-442894075021', 1305),
(1166, '310596651362-442901116021', 1306),
(1167, '161286304018', 1307),
(1168, '281051818783-1169652262018', 1308),
(1169, '310321715587-442932927021', 1309),
(1170, '281189298076-1169655960018', 1310),
(1171, '310360416622-442938099021', 1311),
(1172, '281071877254-1169675528018', 1312),
(1173, '281022482186-1169714698018', 1313),
(1174, '280754046036-1169723024018', 1319),
(1175, '310203377291-443016888021', 1320),
(1176, '161325975018', 1321),
(1177, '280787484486-1169855402018', 1322),
(1178, '161331338018', 1323),
(1179, '310395057642-443103690021', 1324),
(1180, '280887309387-1169881949018', 1325),
(1181, '310465158189-443212306021', 1326),
(1182, '161357256018', 1327),
(1183, '310390574989-443226700021', 1328),
(1184, '310321715587-443238811021', 1329),
(1185, '161355211018', 1330),
(1186, '281055820777-1168167733018', 1331),
(1187, '161357338018', 1332),
(1188, '310392520599-443252404021', 1333),
(1189, '310476099910-442111180021', 1334),
(1190, '281098793694-1170070229018', 1335),
(1191, '161366068018', 1336),
(1192, '281051818783-1170111779018', 1337),
(1193, '280900428476-1170128790018', 1338),
(1194, '310390574297-443298935021', 1339),
(1195, '280963920249-1170148989018', 1340),
(1196, '310390586445-443340649021', 1341),
(1197, '161399151018', 1349),
(1198, '161402420018', 1350),
(1199, '310566510181-443541831021', 1351),
(1200, '310374411917-443549782021', 1352),
(1201, '310321715587-443552188021', 1353),
(1202, '281155727091-1170482372018', 1354),
(1203, '310321715587-443578615021', 1355),
(1204, '310208781764-443580299021', 1356),
(1205, '280642389095-1170520204018', 1357),
(1206, '310321715587-443597467021', 1358),
(1207, '310494381072-443598373021', 1359),
(1208, '310321715587-443639474021', 1360),
(1209, '310662896912-443646480021', 1361),
(1210, '310392506847-443648764021', 1362),
(1211, '310404938042-443424023021', 1363),
(1212, '310374838128-443723680021', 1369),
(1213, '281211040672-1170716100018', 1370),
(1214, '310390574989-443778100021', 1371),
(1215, '310392506847-443786482021', 1372),
(1216, '280714592840-1170794348018', 1373),
(1217, '281051818783-1170787692018', 1374),
(1218, '310419833465-443803369021', 1375),
(1219, '310434590168-443904426021', 1376),
(1220, '310432031755-443923618021', 1380),
(1221, '280754046036-1170965892018', 1381),
(1222, '310343893210-443925042021', 1382),
(1223, '310445746879-443927703021', 1383),
(1224, '310390574989-443930865021', 1384),
(1225, '310494381072-443942991021', 1385),
(1226, '161357366018', 1386),
(1227, '310390584210-443977907021', 1387),
(1228, '161508194018', 1388),
(1229, '310392520599-443996209021', 1389),
(1230, '281274886406-1171072397018', 1390),
(1231, '310382147201-444005411021', 1391),
(1232, '281098795789-1171173849018', 1396),
(1233, '280858496849-1171193014018', 1397),
(1234, '310677516012-444107058021', 1398),
(1235, '161554907018', 1399),
(1236, '310325958710-444130238021', 1400),
(1237, '310198500890-444132929021', 1401),
(1238, '310392506847-444152116021', 1402),
(1239, '310390584210-444241552021', 1403),
(1240, '281133498513-1171447635018', 1406),
(1241, '310434590168-444299861021', 1407),
(1242, '310638985127-444308888021', 1408),
(1243, '280627244188-1171492483018', 1409),
(1244, '310392482422-444310935021', 1410),
(1245, '310374854257-444349115021', 1411),
(1246, '281046377234-1168808033018', 1415),
(1247, '310392878720-444381406021', 1416),
(1248, '281055820777-1171724298018', 1417),
(1249, '310321715587-444567531021', 1418),
(1250, '310364373402-444572977021', 1419),
(1251, '310334321595-444589856021', 1420),
(1252, '310413284899-444597803021', 1421),
(1253, '310525573564-444622814021', 1422),
(1254, '280938647233-1171925328018', 1423),
(1255, '310548542480-444651032021', 1425),
(1257, '281113563934-1171967465018', 1426),
(1259, '281055820788-1171981183018', 1429),
(1261, '310789472118-444688874021', 1430),
(1263, '280963209835-1172054392018', 1432),
(1265, '280754542501-1171620273018', 1435),
(1267, '310198531024-444772640021', 1436),
(1269, '281077363974-1172358232018', 1438),
(1270, '280960874443-1172370679018', 1439),
(1271, '280938647233-1172384901018', 1440),
(1272, '310330318587-444961600021', 1441),
(1273, '310412117886-444979666021', 1442),
(1274, '280714592840-1172466629018', 1443),
(1275, '310390574989-445013956021', 1444),
(1276, '310198531024-445044170021', 1445),
(1277, '281189298076-1172457610018', 1446),
(1278, '280785899023-1172563098018', 1447),
(1279, '280832424620-1172568715018', 1448),
(1280, '280859018838-1172570679018', 1449),
(1281, '310391368600-445139381021', 1461),
(1282, '310789420062-445225785021', 1462),
(1283, '310321715587-445363548021', 1463),
(1284, '280853570674-1172987823018', 1464),
(1285, '281189298076-1172948701018', 1467),
(1288, '281046379598-1172370472018', 1471),
(1291, '310356277746-444458304021', 1474),
(1298, '161825287018', 1480),
(1299, '310534340473-445374846021', 1481),
(1300, '280779126343-1173012983018', 1482),
(1301, '280859018838-1173026596018', 1483),
(1302, '280938647233-1173039827018', 1484),
(1303, '310321715587-445404881021', 1485),
(1304, '281097063317-1173051718018', 1486),
(1305, '310321715587-445415053021', 1487),
(1306, '310494381072-445429613021', 1488),
(1307, '280938647233-1173089687018', 1489),
(1308, '310198531024-445434531021', 1490),
(1309, '280963920249-1173114948018', 1491),
(1310, '280963209835-1173145886018', 1492),
(1311, '310358995498-444823390021', 1493),
(1312, '280887322066-1173049202018', 1494),
(1313, '310555811189-445500835021', 1495),
(1314, '310392496225-445523970021', 1496),
(1315, '310198531024-445548745021', 1497),
(1316, '161878481018', 1498),
(1317, '310321715587-445580868021', 1499),
(1318, '161880235018', 1500),
(1319, '310555811189-445600860021', 1501),
(1320, '310345071402-445724729021', 1502),
(1321, '281035201599-1173480759018', 1515),
(1322, '310321715587-445738697021', 1516),
(1323, '161910431018', 1517),
(1324, '310321715587-445763574021', 1518),
(1325, '161923274018', 1519),
(1326, '310390574989-445783872021', 1520),
(1327, '281031137780-1173562008018', 1521),
(1328, '161927841018', 1522),
(1329, '310321715587-445777901021', 1523),
(1330, '161910389018', 1524),
(1331, '310887707044-445827555021', 1525),
(1332, '310494381072-445835330021', 1526),
(1333, '310203377291-445841371021', 1527),
(1334, '280814030982-1173664281018', 1528),
(1335, '280853570674-1173667313018', 1529),
(1336, '310321715587-445892927021', 1530),
(1337, '310392069985-445894822021', 1531),
(1338, '161931236018', 1532),
(1339, '281071877254-1173788362018', 1533),
(1340, '310392507305-445968710021', 1534),
(1341, '310614132012-445970987021', 1535),
(1342, '280858523169-1173855265018', 1536),
(1343, '310391368600-446063231021', 1537),
(1344, '280963209835-1173928687018', 1538),
(1345, '310390584210-446084972021', 1542),
(1346, '281051377391-1173954687018', 1543),
(1347, '310476077075-446096288021', 1544),
(1348, '310434525352-446098802021', 1545),
(1349, '280858459467-1173984197018', 1546),
(1350, '310566510181-446110518021', 1547),
(1351, '310662896912-446136556021', 1548),
(1352, '281038082192-1174065371018', 1549),
(1353, '280768620523-1174095564018', 1550),
(1354, '280814107454-1174102422018', 1554),
(1355, '162011742018', 1555),
(1356, '162010111018', 1556),
(1357, '280765849215-1174108876018', 1557),
(1358, '310392506847-446201002021', 1558),
(1359, '162010084018', 1559),
(1360, '280754046036-1174136378018', 1560),
(1361, '310321715587-446225358021', 1561),
(1362, '280853560236-1174156450018', 1562),
(1363, '310382147201-446251083021', 1563),
(1364, '162029616018', 1564),
(1365, '281071877254-1174244329018', 1565),
(1366, '310208781764-446310370021', 1566),
(1367, '162037275018', 1567);
INSERT INTO `ps_ebay_order` (`id_ebay_order`, `id_order_ref`, `id_order`) VALUES
(1368, '280649065171-1174409804018', 1568),
(1369, '280853560236-1174416137018', 1569),
(1370, '310391368600-446450652021', 1575),
(1371, '310403313559-446450944021', 1576),
(1372, '310392508609-446465964021', 1577),
(1373, '280853572793-1174465395018', 1578),
(1374, '162061718018', 1579),
(1375, '310494381072-446468119021', 1580),
(1376, '310390573506-446468213021', 1581),
(1377, '310596651362-446470490021', 1582),
(1378, '310733229385-446488182021', 1583),
(1379, '310412119538-446520775021', 1584),
(1380, '280963209835-1174556439018', 1585),
(1381, '280938647233-1174588556018', 1586),
(1382, '310390583630-446607675021', 1587),
(1383, '310321715587-446618563021', 1588),
(1384, '280987489060-1174837558018', 1589),
(1385, '280814030982-1174864941018', 1593),
(1386, '310321715587-446781268021', 1594),
(1387, '310677516012-446800081021', 1595),
(1388, '162146182018', 1596),
(1389, '161986037018', 1597),
(1390, '281098795798-1175069831018', 1598),
(1391, '310321715587-446977068021', 1599),
(1392, '310303944412-447157371021', 1600),
(1393, '281031137780-1175400650018', 1601),
(1394, '310321715587-447089793021', 1602),
(1395, '310374571882-447276573021', 1603),
(1396, '310390576052-447284146021', 1604),
(1397, '310392506847-447309741021', 1605),
(1398, '280764682580-1175748899018', 1606),
(1399, '280858496849-1175851843018', 1607),
(1400, '280972022031-1175863573018', 1608),
(1401, '310348916541-447499442021', 1609),
(1402, '310195752291-447530975021', 1610),
(1403, '310361437373-447544104021', 1611),
(1404, '280908927003-1175951595018', 1612),
(1405, '280938647233-1175966306018', 1613),
(1406, '310579942852-447513205021', 1614),
(1407, '310445744354-447563313021', 1615),
(1408, '280858459467-1176012868018', 1616),
(1409, '310321715587-447611501021', 1617),
(1410, '310363785203-447694701021', 1618),
(1411, '310321715587-447702106021', 1619),
(1412, '162321032018', 1620),
(1413, '280770406090-1176256409018', 1621),
(1414, '310555827869-447768114021', 1622),
(1415, '310392506847-447777730021', 1623),
(1416, '281051818783-1176323389018', 1624),
(1417, '162302148018', 1625),
(1418, '310358993631-447833201021', 1626),
(1419, '280816192668-1176352705018', 1627),
(1420, '310403308599-447840312021', 1628),
(1421, '310390584210-447842086021', 1629),
(1422, '310677516041-446929485021', 1652),
(1423, '310345071402-447853014021', 1653),
(1424, '281046059009-1176376891018', 1654),
(1425, '310321715587-447862254021', 1655),
(1426, '310321715587-447864593021', 1656),
(1427, '310391384808-447867068021', 1657),
(1428, '310403313753-447869879021', 1658),
(1429, '162302369018', 1659),
(1430, '281155727105-1176425018018', 1660),
(1431, '310392069985-447896235021', 1661),
(1432, '280938647233-1176393003018', 1662),
(1433, '310198524844-447865778021', 1663),
(1434, '310321715587-447902583021', 1664),
(1435, '280963211003-1176446912018', 1665),
(1436, '281031137780-1176456885018', 1666),
(1437, '281031137780-1176531470018', 1671),
(1438, '281055820752-1176782678018', 1672),
(1439, '280853565861-1176861443018', 1676),
(1440, '162446343018', 1677),
(1441, '162446344018', 1678),
(1442, '310321715587-448225771021', 1679),
(1443, '310403313753-448225894021', 1680),
(1444, '280709252386-1176891490018', 1681),
(1445, '280960094565-1176904624018', 1682),
(1446, '281031137780-1176918165018', 1683),
(1447, '162457147018', 1684),
(1448, '281098795789-1176939272018', 1685),
(1449, '281038413400-1176948312018', 1686),
(1450, '281013239292-1177006920018', 1694),
(1451, '310799627073-448421230021', 1695),
(1452, '280754542501-1177134958018', 1696),
(1453, '280785899023-1177188457018', 1697),
(1454, '310662896912-448511121021', 1698),
(1455, '310887707044-448547782021', 1700),
(1456, '281051818783-1177286489018', 1701),
(1457, '310330318587-448549118021', 1702),
(1458, '280816192668-1177305746018', 1703),
(1459, '310203377291-448577640021', 1704),
(1460, '281097501698-1177404007018', 1705),
(1461, '281211040672-1177411066018', 1706),
(1462, '280754046036-1177419639018', 1708),
(1463, '310321715587-448677675021', 1709),
(1464, '281055820777-1177494585018', 1710),
(1465, '280938647233-1177499425018', 1711),
(1466, '162515839018', 1712),
(1467, '280812601367-1177570185018', 1713),
(1468, '310677516041-448776313021', 1714),
(1469, '310208781764-448788413021', 1715),
(1470, '310799627073-448794249021', 1716),
(1471, '162577477018', 1717),
(1472, '310390583630-448601771021', 1718),
(1473, '310677516012-448883096021', 1719),
(1474, '281051818783-1177727411018', 1720),
(1475, '280853565861-1177728935018', 1724),
(1476, '280858459467-1177499334018', 1725),
(1477, '310319590037-448910715021', 1726),
(1478, '310390574989-448920337021', 1727),
(1479, '280938647233-1177806219018', 1728),
(1480, '310390574989-448949547021', 1730),
(1481, '281098793694-1177850673018', 1737),
(1482, '280765849215-1177948952018', 1738),
(1483, '310198531024-449052291021', 1739),
(1484, '281055820777-1178000170018', 1740),
(1485, '310465158189-449092886021', 1741),
(1486, '281155727105-1178181953018', 1744),
(1487, '281031137780-1178212118018', 1745),
(1488, '280963203063-1178224112018', 1746),
(1489, '310494381072-448563232021', 1747),
(1490, '280642389095-1177311274018', 1748),
(1491, '162662858018', 1749),
(1492, '162670097018', 1752),
(1493, '310390574297-449317614021', 1753),
(1494, '162515565018', 1754),
(1495, '310677516012-449427900021', 1755),
(1496, '310392506847-449428374021', 1756),
(1497, '281051818783-1178560931018', 1757),
(1498, '162708321018', 1758),
(1499, '310321715587-449523928021', 1759),
(1500, '281071877254-1178558573018', 1760),
(1501, '280812601367-1178717971018', 1761),
(1502, '281133493610-1178733838018', 1762),
(1503, '310413284899-449660701021', 1763),
(1504, '310525573564-449679208021', 1764),
(1505, '310391368600-449727455021', 1765),
(1506, '280714592840-1178898240018', 1766),
(1507, '310392506847-449749061021', 1767),
(1508, '281078329073-1178903085018', 1768),
(1509, '310403307939-449837246021', 1769),
(1510, '310330318587-449849408021', 1770),
(1511, '310333480997-449874528021', 1771),
(1512, '310321715587-449902451021', 1772),
(1513, '280754542501-1179127419018', 1773),
(1514, '310342658484-449952020021', 1774),
(1515, '281097501698-1179195467018', 1775),
(1516, '280651502262-1179459084018', 1776),
(1517, '310677517508-450148968021', 1777),
(1518, '162841995018', 1778),
(1519, '310198500890-450275442021', 1779),
(1520, '280858488722-1179658206018', 1780),
(1521, '310321715587-450307082021', 1795),
(1522, '281113563934-1178377027018', 1796),
(1523, '162885925018', 1797),
(1524, '310390574989-450309413021', 1798),
(1525, '310390583630-450309601021', 1799),
(1526, '310412117886-450309510021', 1800),
(1527, '310392504264-450317219021', 1801),
(1528, '162881956018', 1802),
(1529, '162880478018', 1803),
(1530, '162901027018', 1804),
(1531, '310321715587-450363804021', 1805),
(1532, '281155728518-1179805225018', 1806),
(1533, '162914319018', 1811),
(1534, '280853559526-1179838860018', 1812),
(1535, '281022246857-1179851917018', 1813),
(1536, '281055820777-1179863162018', 1814),
(1537, '280960028576-1179891297018', 1815),
(1538, '281051376632-1179917623018', 1816),
(1539, '280816192668-1179928252018', 1817),
(1540, '280816192668-1179954460018', 1818),
(1541, '280709252386-1179970173018', 1819),
(1542, '310579942852-450521005021', 1820),
(1543, '310348911813-450521469021', 1821),
(1544, '280816192668-1180026976018', 1822),
(1545, '280858967812-1174402610018', 1823),
(1546, '281042938812-1180115401018', 1824),
(1547, '310198529472-450637114021', 1825),
(1548, '310638985127-450648513021', 1826),
(1549, '280773136924-1180139306018', 1831),
(1550, '281113563934-1180167127018', 1832),
(1551, '162967037018', 1833),
(1552, '310413284899-450678532021', 1834),
(1553, '310321715587-450693991021', 1835),
(1554, '162965786018', 1836),
(1555, '310342657670-450713345021', 1837),
(1556, '310392508609-450716405021', 1838),
(1557, '310434590168-450757734021', 1839),
(1558, '281046059009-1180309834018', 1840),
(1559, '310392520065-450758915021', 1841),
(1560, '281097062274-1180322955018', 1844),
(1561, '162914504018', 1845),
(1562, '280754542501-1180352128018', 1846),
(1563, '310356277963-450824640021', 1847),
(1564, '310390584210-450831543021', 1848),
(1565, '310390574989-450848694021', 1849),
(1566, '310321715587-450862602021', 1850),
(1567, '280747697365-1180220816018', 1851),
(1568, '281031137780-1180499212018', 1852),
(1569, '280764682580-1180582788018', 1853),
(1570, '310321715587-450980733021', 1854),
(1571, '310677517508-450983707021', 1855),
(1572, '280754542501-1180619889018', 1858),
(1573, '163045091018', 1859),
(1574, '310321715587-451064081021', 1860),
(1575, '310198531024-451097298021', 1867),
(1576, '310638985127-451099498021', 1868),
(1577, '310356029753-451101849021', 1869),
(1578, '163065791018', 1870),
(1579, '310566510181-450482354021', 1871),
(1580, '310404936608-451135735021', 1872),
(1581, '310321715587-451147982021', 1873),
(1582, '310638999428-451172615021', 1874),
(1583, '280754542501-1181075856018', 1881),
(1584, '280979194986-1181084837018', 1882),
(1585, '310454155415-451348231021', 1883),
(1586, '310390583630-451350141021', 1884),
(1587, '310787986129-451368564021', 1885),
(1588, '310494403875-451376412021', 1886),
(1589, '280853558802-1181144845018', 1887),
(1590, '310445746879-451402775021', 1888),
(1591, '310395057500-451413672021', 1889),
(1592, '280765849215-1181200547018', 1890),
(1593, '310638985127-451438729021', 1891),
(1594, '310321715587-451439747021', 1892),
(1595, '163125644018', 1893),
(1596, '281051818783-1181267314018', 1894),
(1597, '310392504264-451486625021', 1895),
(1598, '310342658484-451500211021', 1896),
(1599, '310392520065-451501028021', 1897),
(1600, '281097501698-1181315318018', 1898),
(1601, '310321715587-451529345021', 1899),
(1602, '310432631067-451547279021', 1900),
(1603, '163063392018', 1901),
(1604, '310465145672-451633888021', 1902),
(1605, '310356476673-451647002021', 1903),
(1606, '310677517508-451652159021', 1904),
(1607, '310321715587-451653670021', 1905),
(1608, '280853569206-1181516450018', 1910),
(1609, '310363786307-451674136021', 1911),
(1610, '310566498557-451673804021', 1912),
(1611, '310392069985-451680015021', 1913),
(1612, '310410168524-451680486021', 1914),
(1613, '310677516041-451680566021', 1915),
(1614, '310567518545-451687598021', 1916),
(1615, '310392507305-451689978021', 1917),
(1616, '280747697365-1181564323018', 1918),
(1617, '280765849215-1181569034018', 1919),
(1618, '280972024429-1181627781018', 1923),
(1619, '163191672018', 1924),
(1620, '281056079890-1181672925018', 1925),
(1621, '281071877254-1181687944018', 1926),
(1622, '310390583630-451816455021', 1927),
(1623, '310407098296-451817115021', 1928),
(1624, '281071877254-1181719544018', 1929),
(1625, '280858459467-1181759469018', 1930),
(1626, '310403313753-451943639021', 1931),
(1627, '281183732342-1181992029018', 1932),
(1628, '280858459467-1182059381018', 1933),
(1629, '163255628018', 1934),
(1630, '310555840102-452188806021', 1935),
(1631, '310525573564-452256920021', 1936),
(1632, '281071877254-1182374498018', 1937),
(1633, '310476099910-452304259021', 1938),
(1634, '310321715587-452373074021', 1939),
(1635, '310389448140-452378550021', 1940),
(1636, '310229058527-452386078021', 1941),
(1637, '281037963302-1182575959018', 1942),
(1638, '280816192668-1182573982018', 1943),
(1639, '310566510181-452404775021', 1944),
(1640, '281051818783-1181991666018', 1945),
(1641, '280980145409-1182670195018', 1946),
(1642, '281013239292-1182657281018', 1947),
(1643, '281031907528-1182672129018', 1948),
(1644, '310525573564-452474968021', 1949),
(1645, '310434592176-451756208021', 1950),
(1646, '310561775803-452528435021', 1951),
(1647, '280733120229-1182800508018', 1952),
(1648, '310390574989-452556006021', 1953),
(1649, '163360371018', 1954),
(1650, '281014123353-1182829817018', 1955),
(1651, '310321715587-452581377021', 1956),
(1652, '310390574989-452728290021', 1957),
(1653, '280812601367-1183051076018', 1958),
(1654, '310321715587-452746927021', 1967),
(1655, '310409143483-452338486021', 1968),
(1656, '310321715587-452753696021', 1969),
(1657, '281051818783-1183090586018', 1970),
(1658, '280859018838-1183092637018', 1971),
(1659, '310342652602-452787473021', 1972),
(1660, '280858488722-1183104359018', 1973),
(1661, '280963209835-1183142853018', 1974),
(1662, '281051375737-1183148695018', 1975),
(1663, '280754046036-1183159479018', 1976),
(1664, '281055820777-1183159934018', 1977),
(1665, '310321715587-452814770021', 1978),
(1666, '310321715587-452847753021', 1979),
(1667, '280652478407-1183241964018', 1980),
(1668, '310659109748-452880129021', 1981),
(1669, '310392507305-452900562021', 1982),
(1670, '163412382018', 1983),
(1671, '281031137780-1183530890018', 1984),
(1672, '280716182076-1182189933018', 1989),
(1673, '310198501142-453071486021', 1990),
(1674, '163503710018', 1991),
(1675, '310392069985-453096742021', 1992),
(1676, '310383243547-453097774021', 1993),
(1677, '280938647233-1183543093018', 1994),
(1678, '310763860984-453124015021', 1995),
(1679, '310443395980-453124714021', 1996),
(1680, '163191454018', 1997),
(1681, '310403313753-453137081021', 1998),
(1682, '310208781764-453148104021', 1999),
(1683, '280762730148-1183632522018', 2000),
(1684, '310390583630-453156816021', 2001),
(1685, '280754046036-1183664615018', 2002),
(1686, '280754046036-1183665171018', 2003),
(1687, '281071897636-1183663256018', 2004),
(1688, '310391368600-453195003021', 2005),
(1689, '310321715587-453213350021', 2012),
(1690, '163537082018', 2013),
(1691, '310391382296-453269663021', 2014),
(1692, '310445744354-453289850021', 2015),
(1693, '281055820777-1183870868018', 2016),
(1694, '280754046036-1183875642018', 2017),
(1695, '310677516012-453395443021', 2018),
(1696, '281071877254-1183990504018', 2019),
(1697, '280814138189-1184056683018', 2024),
(1698, '281071877254-1184067990018', 2025),
(1699, '281057572346-1184149146018', 2028),
(1700, '310388366854-453152822021', 2029),
(1701, '163608272018', 2030),
(1702, '280627237768-1184309598018', 2031),
(1703, '310343887948-453665828021', 2032),
(1704, '280816192668-1184325066018', 2033),
(1705, '281034409422-1184456897018', 2034),
(1706, '163608477018', 2038),
(1707, '310525573564-453167527021', 2039),
(1708, '310434590168-453782093021', 2040),
(1709, '310390583630-453626388021', 2041),
(1710, '310677516012-453789876021', 2042),
(1711, '281114898855-1180234097018', 2043),
(1712, '310342658484-453816460021', 2044),
(1713, '280653121872-1184535845018', 2045),
(1714, '310677516041-453852150021', 2046),
(1715, '281013239292-1184598558018', 2047),
(1716, '310391368600-453805785021', 2048),
(1717, '163678355018', 2049),
(1718, '163125744018', 2050),
(1719, '280715002909-1184712045018', 2051),
(1720, '310677516012-453964472021', 2052),
(1721, '280754542501-1184744782018', 2053),
(1722, '163724847018', 2054),
(1723, '280715005151-1184914771018', 2055),
(1724, '163724736018', 2061),
(1725, '280858459467-1184615156018', 2062),
(1726, '163729400018', 2069),
(1727, '310303944412-454154555021', 2070),
(1728, '280938647233-1184972966018', 2071),
(1729, '281031137780-1185024273018', 2072),
(1730, '310321715587-454210172021', 2073),
(1731, '280972022031-1185124378018', 2074),
(1732, '280733133506-1185125442018', 2075),
(1733, '281071877254-1185136894018', 2076),
(1734, '281097063317-1185324978018', 2077),
(1735, '280963209835-1185362086018', 2078),
(1736, '281071877254-1185068600018', 2079),
(1737, '310321715587-454459954021', 2080),
(1738, '310390574989-454461209021', 2081),
(1739, '310390586445-454461467021', 2082),
(1740, '310198500890-454466281021', 2083),
(1741, '280903289069-1185414406018', 2084),
(1742, '310390574297-454588123021', 2085),
(1743, '281071877254-1185604743018', 2086),
(1744, '280814030982-1185799135018', 2087),
(1745, '280858525199-1185828173018', 2088),
(1746, '280754046036-1185970875018', 2089),
(1747, '281056079579-1185987215018', 2090),
(1748, '280858525199-1186000007018', 2091),
(1749, '280787474184-1186004207018', 2092),
(1750, '280650973223-1185800505018', 2093),
(1751, '280816192668-1185799945018', 2094),
(1752, '280853560236-1186080206018', 2095),
(1753, '310208781764-454951204021', 2096),
(1754, '310576952589-454954214021', 2097),
(1755, '310321715587-454993069021', 2098),
(1756, '310638985127-455013724021', 2099),
(1757, '310321715587-455050477021', 2100),
(1758, '310391368600-455155852021', 2101),
(1759, '310638985127-455174338021', 2102),
(1760, '310431144272-454826109021', 2103),
(1761, '310321715587-451967714021', 2109),
(1762, '310390583630-455186598021', 2110),
(1763, '281165374425-1185355055018', 2111),
(1764, '163953674018', 2112),
(1765, '163953959018', 2114),
(1766, '163962006018', 2115),
(1767, '310662896912-455214256021', 2116),
(1768, '310494381072-455215261021', 2117),
(1769, '281211040672-1186469369018', 2118),
(1770, '280814138189-1186470107018', 2119),
(1771, '310445744354-455225071021', 2120),
(1772, '281071877254-1186479246018', 2121),
(1773, '310358996129-455238682021', 2122),
(1774, '310435606779-455243202021', 2123),
(1775, '310321715587-455270871021', 2128),
(1776, '310363785203-455288862021', 2129),
(1777, '310321715587-455291207021', 2130),
(1778, '310321715587-455299390021', 2131),
(1779, '280853560236-1186602551018', 2132),
(1780, '310392069985-454611957021', 2133),
(1781, '280853572793-1186635474018', 2134),
(1782, '280785899023-1186667184018', 2135),
(1783, '281081918020-1186724251018', 2136),
(1784, '163953021018', 2137),
(1785, '310303944412-455490026021', 2138),
(1786, '310321715587-455524786021', 2139),
(1787, '310321715587-455536173021', 2142);

-- --------------------------------------------------------

--
-- Structure de la table `ps_ebay_product`
--

CREATE TABLE IF NOT EXISTS `ps_ebay_product` (
  `id_ebay_product` int(16) NOT NULL AUTO_INCREMENT,
  `id_country` int(16) NOT NULL,
  `id_product` int(16) NOT NULL,
  `id_attribute` int(16) NOT NULL,
  `id_product_ref` varchar(32) NOT NULL,
  `date_add` datetime NOT NULL,
  `date_upd` datetime NOT NULL,
  PRIMARY KEY (`id_ebay_product`),
  UNIQUE KEY `id_product_ref` (`id_product_ref`),
  KEY `id_product` (`id_product`)
) ENGINE=InnoDB  DEFAULT CHARSET=utf8 AUTO_INCREMENT=4 ;

--
-- Contenu de la table `ps_ebay_product`
--

INSERT INTO `ps_ebay_product` (`id_ebay_product`, `id_country`, `id_product`, `id_attribute`, `id_product_ref`, `date_add`, `date_upd`) VALUES
(1, 8, 18, 0, '281071877254', '2013-05-26 00:02:44', '2013-05-26 00:04:50'),
(2, 8, 13, 291, '281113563934 ', '0000-00-00 00:00:00', '0000-00-00 00:00:00'),
(3, 8, 13, 294, '280858513094', '2013-05-28 00:02:44', '2013-05-26 00:04:50');

-- --------------------------------------------------------

--
-- Structure de la table `ps_ebay_product_configuration`
--

CREATE TABLE IF NOT EXISTS `ps_ebay_product_configuration` (
  `id_ebay_product_configuration` int(11) NOT NULL AUTO_INCREMENT,
  `id_product` int(16) DEFAULT NULL,
  `blacklisted` tinyint(1) NOT NULL,
  `extra_images` int(4) NOT NULL,
  PRIMARY KEY (`id_ebay_product_configuration`),
  UNIQUE KEY `id_product` (`id_product`)
) ENGINE=InnoDB DEFAULT CHARSET=utf8 AUTO_INCREMENT=1 ;

-- --------------------------------------------------------

--
-- Structure de la table `ps_ebay_product_image`
--

CREATE TABLE IF NOT EXISTS `ps_ebay_product_image` (
  `id_ebay_product_image` int(11) NOT NULL AUTO_INCREMENT,
  `ps_image_url` varchar(255) DEFAULT NULL,
  `ebay_image_url` varchar(255) DEFAULT NULL,
  PRIMARY KEY (`id_ebay_product_image`),
  UNIQUE KEY `ps_image_url` (`ps_image_url`)
) ENGINE=InnoDB DEFAULT CHARSET=utf8 AUTO_INCREMENT=1 ;

-- --------------------------------------------------------

--
-- Structure de la table `ps_ebay_returns_policy`
--

CREATE TABLE IF NOT EXISTS `ps_ebay_returns_policy` (
  `id_return_policy` int(11) NOT NULL AUTO_INCREMENT,
  `value` varchar(256) NOT NULL,
  `description` varchar(256) NOT NULL,
  PRIMARY KEY (`id_return_policy`)
) ENGINE=InnoDB  DEFAULT CHARSET=utf8 AUTO_INCREMENT=5 ;

--
-- Contenu de la table `ps_ebay_returns_policy`
--

INSERT INTO `ps_ebay_returns_policy` (`id_return_policy`, `value`, `description`) VALUES
(1, 'ReturnsAccepted', 'Retours acceptés'),
(2, 'ReturnsNotAccepted', 'Retours refusés'),
(3, 'ReturnsAccepted', 'Retours acceptés'),
(4, 'ReturnsNotAccepted', 'Retours refusés');

-- --------------------------------------------------------

--
-- Structure de la table `ps_ebay_shipping`
--

CREATE TABLE IF NOT EXISTS `ps_ebay_shipping` (
  `id_ebay_shipping` int(11) NOT NULL AUTO_INCREMENT,
  `ebay_carrier` varchar(256) NOT NULL,
  `ps_carrier` int(11) NOT NULL,
  `extra_fee` float(8,2) DEFAULT NULL,
  `international` int(4) NOT NULL,
  PRIMARY KEY (`id_ebay_shipping`)
) ENGINE=InnoDB  DEFAULT CHARSET=utf8 AUTO_INCREMENT=7 ;

--
-- Contenu de la table `ps_ebay_shipping`
--

INSERT INTO `ps_ebay_shipping` (`id_ebay_shipping`, `ebay_carrier`, `ps_carrier`, `extra_fee`, `international`) VALUES
(1, 'FR_Ecopli', 62, 0.00, 0),
(2, 'FR_PostOfficeLetter', 61, 0.00, 0),
(3, 'FR_PostOfficeLetterFollowed', 63, 0.00, 0),
(4, 'FR_ColiposteColissimo', 72, 0.00, 0),
(5, 'FR_Autre', 71, 0.00, 0),
(6, 'FR_AuteModeDenvoiDeColis', 71, 0.00, 0);

-- --------------------------------------------------------

--
-- Structure de la table `ps_ebay_shipping_international_zone`
--

CREATE TABLE IF NOT EXISTS `ps_ebay_shipping_international_zone` (
  `id_ebay_shipping` int(11) NOT NULL,
  `id_ebay_zone` varchar(256) NOT NULL
) ENGINE=InnoDB DEFAULT CHARSET=utf8;

-- --------------------------------------------------------

--
-- Structure de la table `ps_ebay_shipping_location`
--

CREATE TABLE IF NOT EXISTS `ps_ebay_shipping_location` (
  `id_ebay_location` int(11) NOT NULL AUTO_INCREMENT,
  `location` varchar(256) NOT NULL,
  `description` varchar(256) NOT NULL,
  PRIMARY KEY (`id_ebay_location`)
) ENGINE=InnoDB  DEFAULT CHARSET=utf8 AUTO_INCREMENT=14 ;

--
-- Contenu de la table `ps_ebay_shipping_location`
--

INSERT INTO `ps_ebay_shipping_location` (`id_ebay_location`, `location`, `description`) VALUES
(1, 'BE', 'Belgique'),
(2, 'Americas', 'Amérique'),
(3, 'Asia', 'Asie'),
(4, 'AU', 'Australie'),
(5, 'CA', 'Canada'),
(6, 'EuropeanUnion', 'Union européenne'),
(7, 'US', 'États-Unis'),
(8, 'Worldwide', 'Monde entier'),
(9, 'DE', 'Allemagne'),
(10, 'Europe', 'Europe'),
(11, 'GB', 'Royaume-Uni'),
(12, 'JP', 'Japon'),
(13, 'None', 'Aucun lieu');

-- --------------------------------------------------------

--
-- Structure de la table `ps_ebay_shipping_service`
--

CREATE TABLE IF NOT EXISTS `ps_ebay_shipping_service` (
  `id_shipping_service` int(11) NOT NULL AUTO_INCREMENT,
  `description` varchar(256) NOT NULL,
  `shippingService` varchar(256) NOT NULL,
  `shippingServiceID` varchar(256) NOT NULL,
  `InternationalService` varchar(256) NOT NULL,
  `ServiceType` varchar(256) NOT NULL,
  PRIMARY KEY (`id_shipping_service`)
) ENGINE=InnoDB  DEFAULT CHARSET=utf8 AUTO_INCREMENT=43 ;

--
-- Contenu de la table `ps_ebay_shipping_service`
--

INSERT INTO `ps_ebay_shipping_service` (`id_shipping_service`, `description`, `shippingService`, `shippingServiceID`, `InternationalService`, `ServiceType`) VALUES
(1, 'La Poste - Courrier International Prioritaire', 'FR_LaPosteInternationalPriorityCourier', '57104', 'true', 'Flat'),
(2, 'Lettre verte/Ecopli', 'FR_Ecopli', '7112', '', 'Flat'),
(3, 'La Poste - Courrier International Economique', 'FR_LaPosteInternationalEconomyCourier', '57105', 'true', 'Flat'),
(4, 'Lettre prioritaire', 'FR_PostOfficeLetter', '7101', '', 'Flat'),
(5, 'Lettre avec suivi', 'FR_PostOfficeLetterFollowed', '7102', '', 'Flat'),
(6, 'La Poste - Colissimo International', 'FR_LaPosteColissimoInternational', '57106', 'true', 'Flat'),
(7, 'Lettre recommandée', 'FR_PostOfficeLetterRecommended', '7103', '', 'Flat'),
(8, 'La Poste - Colis Economique International', 'FR_LaPosteColisEconomiqueInternational', '57107', 'true', 'Flat'),
(9, 'Lettre Max', 'FR_LaPosteLetterMax', '7121', '', 'Flat'),
(10, 'La Poste - Colissimo Emballage International', 'FR_LaPosteColissimoEmballageInternational', '57108', 'true', 'Flat'),
(11, 'Coliéco', 'FR_Colieco', '7113', '', 'Flat'),
(12, 'Colissimo', 'FR_ColiposteColissimo', '7104', '', 'Flat'),
(13, 'Chronopost Express International', 'FR_ChronopostExpressInternational', '57114', 'true', 'Flat'),
(14, 'Colissimo Recommandé', 'FR_ColiposteColissimoRecommended', '7106', '', 'Flat'),
(15, 'Chronopost Classic International', 'FR_ChronopostClassicInternational', '57109', 'true', 'Flat'),
(16, 'Chronopost - Chrono Relais', 'FR_ChronopostChronoRelais', '7117', '', 'Flat'),
(17, 'Chronopost Premium International', 'FR_ChronopostPremiumInternational', '57110', 'true', 'Flat'),
(18, 'Chronopost', 'FR_Chronopost', '7116', '', 'Flat'),
(19, 'Chrono 10', 'FR_Chrono10', '7118', '', 'Flat'),
(20, 'Chrono 13', 'FR_Chrono13', '7119', '', 'Flat'),
(21, 'Chrono 18', 'FR_Chrono18', '7120', '', 'Flat'),
(22, 'Livraison en Relais Kiala', 'FR_KIALA_DELIVERY', '7126', '', 'Flat'),
(23, 'Autre mode d''envoi', 'FR_Autre', '7111', '', 'Flat'),
(24, 'UPS Standard', 'FR_UPSStandardInternational', '57111', 'true', 'Flat'),
(25, 'Autre livraison en 48 h', 'FR_AuteModeDenvoiDeColis', '7114', '', 'Flat'),
(26, 'UPS Express', 'FR_UPSExpressInternational', '57112', 'true', 'Flat'),
(27, 'DHL', 'FR_DHLInternational', '57113', 'true', 'Flat'),
(28, 'Contre remboursement', 'FR_UPSStandardAgainstRefund', '7110', '', 'Flat'),
(29, 'Frais de livraison internationale fixes', 'FR_StandardInternational', '57101', 'true', 'Flat'),
(30, 'Remise en mains propres', 'FR_RemiseEnMainPropre', '7115', '', 'Flat'),
(31, 'Frais fixes pour livraison internationale express', 'FR_ExpeditedInternational', '57102', 'true', 'Flat'),
(32, 'Livraison économique à partir de l''étranger', 'FR_EconomyDeliveryFromAbroad', '7122', '', 'Flat'),
(33, 'Livraison standard à partir de l''étranger', 'FR_StandardDeliveryFromAbroad', '7123', '', 'Flat'),
(34, 'Autres livraisons internationales (voir description)', 'FR_OtherInternational', '57103', 'true', 'Flat'),
(35, 'Livraison express à partir de l''étranger', 'FR_ExpressDeliveryFromAbroad', '7124', '', 'Flat'),
(36, 'Livraison à partir de l''étranger avec suivi de commande', 'FR_TrackedDeliveryFromAbroad', '7125', '', 'Flat'),
(37, 'Coliposte - Colissimo Direct', 'FR_ColiposteColissimoDirect', '7105', '', 'Flat'),
(38, 'Promotion sur les frais de livraison', 'PromotionalShippingMethod', '57199', 'true', 'Flat'),
(39, 'UPS - Standard', 'FR_UPSStandard', '7109', '', 'Flat'),
(40, 'DHL - Express Europack', 'FR_DHLExpressEuropack', '7108', '', 'Flat'),
(41, 'Chronoposte - Chrono Classic International', 'FR_ChronoposteInternationalClassic', '7107', '', 'Flat'),
(42, 'Promotion sur les frais de livraison', 'PromotionalShippingMethod', '7199', '', 'Flat');

-- --------------------------------------------------------

--
-- Structure de la table `ps_ebay_shipping_zone_excluded`
--

CREATE TABLE IF NOT EXISTS `ps_ebay_shipping_zone_excluded` (
  `id_ebay_zone_excluded` int(11) NOT NULL AUTO_INCREMENT,
  `region` varchar(255) NOT NULL,
  `location` varchar(255) NOT NULL,
  `description` varchar(255) NOT NULL,
  `excluded` int(2) NOT NULL,
  PRIMARY KEY (`id_ebay_zone_excluded`)
) ENGINE=InnoDB  DEFAULT CHARSET=utf8 AUTO_INCREMENT=230 ;

--
-- Contenu de la table `ps_ebay_shipping_zone_excluded`
--

INSERT INTO `ps_ebay_shipping_zone_excluded` (`id_ebay_zone_excluded`, `region`, `location`, `description`, `excluded`) VALUES
(1, 'Additional Locations', 'PO Box', 'PO Box', 0),
(2, 'Worldwide', 'Africa', 'Afrique', 0),
(3, 'Africa', 'ZA', 'Afrique du Sud', 0),
(4, 'Africa', 'DZ', 'Algérie', 0),
(5, 'Africa', 'AO', 'Angola', 0),
(6, 'Africa', 'BW', 'Botswana', 0),
(7, 'Africa', 'BF', 'Burkina Faso', 0),
(8, 'Africa', 'BI', 'Burundi', 0),
(9, 'Africa', 'BJ', 'Bénin', 0),
(10, 'Africa', 'CM', 'Cameroun', 0),
(11, 'Africa', 'KM', 'Comores', 0),
(12, 'Africa', 'CG', 'Congo', 0),
(13, 'Africa', 'CD', 'Congo, République démocratique du', 0),
(14, 'Africa', 'CI', 'Côte d''Ivoire', 0),
(15, 'Africa', 'DJ', 'Djibouti', 0),
(16, 'Africa', 'GA', 'Gabon', 0),
(17, 'Africa', 'GM', 'Gambie', 0),
(18, 'Africa', 'GH', 'Ghana', 0),
(19, 'Africa', 'GN', 'Guinée', 0),
(20, 'Africa', 'GQ', 'Guinée Equatoriale', 0),
(21, 'Africa', 'GW', 'Guinée-Bissau', 0),
(22, 'Africa', 'KE', 'Kenya', 0),
(23, 'Africa', 'LS', 'Lesotho', 0),
(24, 'Africa', 'LR', 'Liberia', 0),
(25, 'Africa', 'LY', 'Libya', 0),
(26, 'Africa', 'MG', 'Madagascar', 0),
(27, 'Africa', 'MW', 'Malawi', 0),
(28, 'Africa', 'ML', 'Mali', 0),
(29, 'Africa', 'MA', 'Maroc', 0),
(30, 'Africa', 'MU', 'Maurice (île)', 0),
(31, 'Africa', 'MR', 'Mauritanie', 0),
(32, 'Africa', 'YT', 'Mayotte', 0),
(33, 'Africa', 'MZ', 'Mozambique', 0),
(34, 'Africa', 'NA', 'Namibie', 0),
(35, 'Africa', 'NE', 'Niger', 0),
(36, 'Africa', 'NG', 'Nigeria', 0),
(37, 'Africa', 'UG', 'Ouganda', 0),
(38, 'Africa', 'RW', 'Rwanda', 0),
(39, 'Africa', 'CF', 'République centrafricaine', 0),
(40, 'Africa', 'RE', 'Réunion', 0),
(41, 'Africa', 'EH', 'Sahara-Occidental', 0),
(42, 'Africa', 'SH', 'Sainte Hélène', 0),
(43, 'Africa', 'SC', 'Seychelles', 0),
(44, 'Africa', 'SL', 'Sierra Leone', 0),
(45, 'Africa', 'SO', 'Somalie', 0),
(46, 'Africa', 'SZ', 'Souaziland', 0),
(47, 'Africa', 'SN', 'Sénégal', 0),
(48, 'Africa', 'TZ', 'Tanzanie', 0),
(49, 'Africa', 'TD', 'Tchad', 0),
(50, 'Africa', 'TG', 'Togo', 0),
(51, 'Africa', 'TN', 'Tunisie', 0),
(52, 'Africa', 'ZM', 'Zambie', 0),
(53, 'Africa', 'ZW', 'Zimbabwe', 0),
(54, 'Africa', 'EG', 'Égypte', 0),
(55, 'Africa', 'ER', 'Érythrée', 0),
(56, 'Africa', 'ET', 'Éthiopie', 0),
(57, 'Africa', 'CV', 'Îles du Cap Vert', 0),
(58, 'Worldwide', 'Asia', 'Asie', 0),
(59, 'Asia', 'AF', 'Afghanistan', 0),
(60, 'Asia', 'AM', 'Arménie', 0),
(61, 'Asia', 'BD', 'Bangladesh', 0),
(62, 'Asia', 'BT', 'Bhoutan', 0),
(63, 'Asia', 'CN', 'Chine', 0),
(64, 'Asia', 'KR', 'Corée du Sud', 0),
(65, 'Asia', 'GE', 'Géorgie', 0),
(66, 'Asia', 'IN', 'Inde', 0),
(67, 'Asia', 'JP', 'Japon', 0),
(68, 'Asia', 'KZ', 'Kazakhstan', 0),
(69, 'Asia', 'KG', 'Kirgizistan', 0),
(70, 'Asia', 'MV', 'Maldives (îles)', 0),
(71, 'Asia', 'MN', 'Mongolie', 0),
(72, 'Asia', 'NP', 'Népal', 0),
(73, 'Asia', 'UZ', 'Ouzbékistan', 0),
(74, 'Asia', 'PK', 'Pakistan', 0),
(75, 'Asia', 'RU', 'Russie', 0),
(76, 'Asia', 'AZ', 'République d''Azerbaïdjan', 0),
(77, 'Asia', 'LK', 'Sri Lanka', 0),
(78, 'Asia', 'TJ', 'Tajikistan', 0),
(79, 'Asia', 'TM', 'Turkménistan', 0),
(80, 'Worldwide', 'Central America and Caribbean', 'Amérique Centrale et Caraïbes', 0),
(81, 'Central America and Caribbean', 'AI', 'Anguilla', 0),
(82, 'Central America and Caribbean', 'AG', 'Antigua-et-Barbuda', 0),
(83, 'Central America and Caribbean', 'AN', 'Antilles néerlandaises', 0),
(84, 'Central America and Caribbean', 'AW', 'Aruba', 0),
(85, 'Central America and Caribbean', 'BS', 'Bahamas', 0),
(86, 'Central America and Caribbean', 'BB', 'Barbade (la)', 0),
(87, 'Central America and Caribbean', 'BZ', 'Belize', 0),
(88, 'Central America and Caribbean', 'CR', 'Costa Rica', 0),
(89, 'Central America and Caribbean', 'DM', 'Dominique', 0),
(90, 'Central America and Caribbean', 'GD', 'Grenade', 0),
(91, 'Central America and Caribbean', 'GP', 'Guadeloupe', 0),
(92, 'Central America and Caribbean', 'GT', 'Guatemala', 0),
(93, 'Central America and Caribbean', 'HT', 'Haïti', 0),
(94, 'Central America and Caribbean', 'HN', 'Honduras', 0),
(95, 'Central America and Caribbean', 'JM', 'Jamaïque', 0),
(96, 'Central America and Caribbean', 'MQ', 'Martinique', 0),
(97, 'Central America and Caribbean', 'MS', 'Montserrat', 0),
(98, 'Central America and Caribbean', 'NI', 'Nicaragua', 0),
(99, 'Central America and Caribbean', 'PA', 'Panama', 0),
(100, 'Central America and Caribbean', 'PR', 'Porto Rico', 0),
(101, 'Central America and Caribbean', 'DO', 'République dominicaine', 0),
(102, 'Central America and Caribbean', 'KN', 'Saint Kitts-Nevis', 0),
(103, 'Central America and Caribbean', 'VC', 'Saint Vincent et Grenadines', 0),
(104, 'Central America and Caribbean', 'LC', 'Sainte Lucie', 0),
(105, 'Central America and Caribbean', 'SV', 'Salvador', 0),
(106, 'Central America and Caribbean', 'TT', 'Trinité-et-Tobago', 0),
(107, 'Central America and Caribbean', 'KY', 'Îles Cayman', 0),
(108, 'Central America and Caribbean', 'TC', 'Îles Turques et Caïques', 0),
(109, 'Central America and Caribbean', 'VI', 'Îles Vierges américaines', 0),
(110, 'Central America and Caribbean', 'VG', 'Îles Vierges britanniques', 0),
(111, 'Worldwide', 'Europe', 'Europe', 0),
(112, 'Europe', 'AL', 'Albanie', 0),
(113, 'Europe', 'DE', 'Allemagne', 0),
(114, 'Europe', 'AD', 'Andorre', 0),
(115, 'Europe', 'AT', 'Autriche', 0),
(116, 'Europe', 'BE', 'Belgique', 0),
(117, 'Europe', 'BY', 'Biélorussie', 0),
(118, 'Europe', 'BA', 'Bosnie-Herzégovine', 0),
(119, 'Europe', 'BG', 'Bulgarie', 0),
(120, 'Europe', 'CY', 'Chypre', 0),
(121, 'Europe', 'HR', 'Croatie', 0),
(122, 'Europe', 'DK', 'Danemark', 0),
(123, 'Europe', 'ES', 'Espagne', 0),
(124, 'Europe', 'EE', 'Estonie', 0),
(125, 'Europe', 'FI', 'Finlande', 0),
(126, 'Europe', 'GI', 'Gibraltar', 0),
(127, 'Europe', 'GR', 'Grèce', 0),
(128, 'Europe', 'GG', 'Guernesey', 0),
(129, 'Europe', 'HU', 'Hongrie', 0),
(130, 'Europe', 'IE', 'Irlande (Eire)', 0),
(131, 'Europe', 'IS', 'Islande', 0),
(132, 'Europe', 'IT', 'Italie', 0),
(133, 'Europe', 'JE', 'Jersey', 0),
(134, 'Europe', 'LV', 'Lettonie', 0),
(135, 'Europe', 'LI', 'Liechtenstein', 0),
(136, 'Europe', 'LT', 'Lituanie', 0),
(137, 'Europe', 'LU', 'Luxembourg', 0),
(138, 'Europe', 'MK', 'Macédoine', 0),
(139, 'Europe', 'MT', 'Malte', 0),
(140, 'Europe', 'MD', 'Moldavie', 0),
(141, 'Europe', 'MC', 'Monaco', 0),
(142, 'Europe', 'ME', 'Monténégro', 0),
(143, 'Europe', 'NO', 'Norvège', 0),
(144, 'Europe', 'NL', 'Pays-Bas', 0),
(145, 'Europe', 'PL', 'Pologne', 0),
(146, 'Europe', 'PT', 'Portugal', 0),
(147, 'Europe', 'RO', 'Roumanie', 0),
(148, 'Europe', 'GB', 'Royaume-Uni', 0),
(149, 'Asia', 'RU', 'Russie', 0),
(150, 'Europe', 'CZ', 'République tchèque', 0),
(151, 'Europe', 'SM', 'Saint Marin', 0),
(152, 'Europe', 'RS', 'Serbie', 0),
(153, 'Europe', 'SK', 'Slovaquie', 0),
(154, 'Europe', 'SI', 'Slovénie', 0),
(155, 'Europe', 'CH', 'Suisse', 0),
(156, 'Europe', 'SE', 'Suède', 0),
(157, 'Europe', 'SJ', 'Svalbard and Jan Mayen', 0),
(158, 'Europe', 'UA', 'Ukraine', 0),
(159, 'Europe', 'VA', 'Vatican', 0),
(160, 'Asia', 'Middle East', 'Moyen-Orient', 0),
(161, 'Middle East', 'SA', 'Arabie Saoudite', 0),
(162, 'Middle East', 'BH', 'Bahreïn', 0),
(163, 'Middle East', 'IQ', 'Iraq', 0),
(164, 'Middle East', 'IL', 'Israël', 0),
(165, 'Middle East', 'JO', 'Jordanie', 0),
(166, 'Middle East', 'KW', 'Koweït', 0),
(167, 'Middle East', 'LB', 'Liban', 0),
(168, 'Middle East', 'OM', 'Oman', 0),
(169, 'Middle East', 'QA', 'Qatar', 0),
(170, 'Middle East', 'TR', 'Turquie', 0),
(171, 'Middle East', 'YE', 'Yémen', 0),
(172, 'Middle East', 'AE', 'Émirats arabes unis', 0),
(173, 'Worldwide', 'North America', 'Amérique du Nord', 0),
(174, 'North America', 'BM', 'Bermudes', 0),
(175, 'North America', 'CA', 'Canada', 0),
(176, 'North America', 'GL', 'Groenland', 0),
(177, 'North America', 'MX', 'Mexique', 0),
(178, 'North America', 'PM', 'Saint Pierre et Miquelon', 0),
(179, 'North America', 'US', 'États-Unis', 0),
(180, 'Worldwide', 'Oceania', 'Océanie', 0),
(181, 'Oceania', 'AU', 'Australie', 0),
(182, 'Oceania', 'FJ', 'Fidji', 0),
(183, 'Oceania', 'GU', 'Guam', 0),
(184, 'Oceania', 'KI', 'Kiribati', 0),
(185, 'Oceania', 'FM', 'Micronesia', 0),
(186, 'Oceania', 'NR', 'Nauru', 0),
(187, 'Oceania', 'NU', 'Niue', 0),
(188, 'Oceania', 'NC', 'Nouvelle Calédonie', 0),
(189, 'Oceania', 'NZ', 'Nouvelle Zélande', 0),
(190, 'Oceania', 'PW', 'Palau', 0),
(191, 'Oceania', 'PG', 'Papouasie Nouvelle-Guinée', 0),
(192, 'Oceania', 'PF', 'Polynésie française', 0),
(193, 'Oceania', 'AS', 'Samoa américaines', 0),
(194, 'Oceania', 'WS', 'Samoa occidentales', 0),
(195, 'Oceania', 'TO', 'Tonga', 0),
(196, 'Oceania', 'TV', 'Tuvalu', 0),
(197, 'Oceania', 'VU', 'Vanuatu', 0),
(198, 'Oceania', 'WF', 'Wallis et Futuna', 0),
(199, 'Oceania', 'CK', 'Îles Cook', 0),
(200, 'Oceania', 'MH', 'Îles Marshall', 0),
(201, 'Oceania', 'SB', 'Îles Salomon', 0),
(202, 'Asia', 'Southeast Asia', 'Asie du Sud-Est', 0),
(203, 'Southeast Asia', 'BN', 'Brunei', 0),
(204, 'Southeast Asia', 'KH', 'Cambodge', 0),
(205, 'Southeast Asia', 'HK', 'Hong Kong', 0),
(206, 'Southeast Asia', 'ID', 'Indonésie', 0),
(207, 'Southeast Asia', 'LA', 'Laos', 0),
(208, 'Southeast Asia', 'MO', 'Macao', 0),
(209, 'Southeast Asia', 'MY', 'Malaisie', 0),
(210, 'Southeast Asia', 'PH', 'Philippines', 0),
(211, 'Southeast Asia', 'SG', 'Singapour', 0),
(212, 'Southeast Asia', 'TW', 'Taiwan', 0),
(213, 'Southeast Asia', 'TH', 'Thailande', 0),
(214, 'Southeast Asia', 'VN', 'Vietnam', 0),
(215, 'Worldwide', 'South America', 'Amérique du Sud', 0),
(216, 'South America', 'AR', 'Argentine', 0),
(217, 'South America', 'BO', 'Bolivie', 0),
(218, 'South America', 'BR', 'Brésil', 0),
(219, 'South America', 'CL', 'Chili', 0),
(220, 'South America', 'CO', 'Colombie', 0),
(221, 'South America', 'GY', 'Guyane', 0),
(222, 'South America', 'GF', 'Guyane', 0),
(223, 'South America', 'PY', 'Paraguay', 0),
(224, 'South America', 'PE', 'Pérou', 0),
(225, 'South America', 'SR', 'Suriname', 0),
(226, 'South America', 'UY', 'Uruguay', 0),
(227, 'South America', 'VE', 'Vénézuela', 0),
(228, 'South America', 'EC', 'Équateur', 0),
(229, 'South America', 'FK', 'Îles Falkland (Îles Malvinas)', 0);

-- --------------------------------------------------------

--
-- Structure de la table `ps_ebay_sync_history`
--

CREATE TABLE IF NOT EXISTS `ps_ebay_sync_history` (
  `id_ebay_sync_history` int(16) NOT NULL AUTO_INCREMENT,
  `is_manual` tinyint(1) NOT NULL,
  `datetime` datetime NOT NULL,
  PRIMARY KEY (`id_ebay_sync_history`)
) ENGINE=InnoDB DEFAULT CHARSET=utf8 AUTO_INCREMENT=1 ;

-- --------------------------------------------------------

--
-- Structure de la table `ps_ebay_sync_history_product`
--

CREATE TABLE IF NOT EXISTS `ps_ebay_sync_history_product` (
  `id_ebay_sync_history_product` int(16) NOT NULL AUTO_INCREMENT,
  `id_ebay_sync_history` int(16) DEFAULT NULL,
  `id_product` int(16) DEFAULT NULL,
  PRIMARY KEY (`id_ebay_sync_history_product`),
  KEY `id_ebay_sync_history` (`id_ebay_sync_history`)
) ENGINE=InnoDB DEFAULT CHARSET=utf8 AUTO_INCREMENT=1 ;

-- --------------------------------------------------------

--
-- Structure de la table `ps_editorial`
--

CREATE TABLE IF NOT EXISTS `ps_editorial` (
  `id_editorial` int(10) unsigned NOT NULL AUTO_INCREMENT,
  `id_shop` int(10) unsigned NOT NULL,
  `body_home_logo_link` varchar(255) NOT NULL,
  PRIMARY KEY (`id_editorial`)
) ENGINE=InnoDB  DEFAULT CHARSET=utf8 AUTO_INCREMENT=2 ;

--
-- Contenu de la table `ps_editorial`
--

INSERT INTO `ps_editorial` (`id_editorial`, `id_shop`, `body_home_logo_link`) VALUES
(1, 1, 'http://www.prestashop.com');

-- --------------------------------------------------------

--
-- Structure de la table `ps_editorial_lang`
--

CREATE TABLE IF NOT EXISTS `ps_editorial_lang` (
  `id_editorial` int(10) unsigned NOT NULL,
  `id_lang` int(10) unsigned NOT NULL,
  `body_title` varchar(255) NOT NULL,
  `body_subheading` varchar(255) NOT NULL,
  `body_paragraph` text NOT NULL,
  `body_logo_subheading` varchar(255) NOT NULL,
  PRIMARY KEY (`id_editorial`,`id_lang`)
) ENGINE=InnoDB DEFAULT CHARSET=utf8;

--
-- Contenu de la table `ps_editorial_lang`
--

INSERT INTO `ps_editorial_lang` (`id_editorial`, `id_lang`, `body_title`, `body_subheading`, `body_paragraph`, `body_logo_subheading`) VALUES
(1, 1, 'Lorem ipsum dolor sit amet', 'Excepteur sint occaecat cupidatat non proident', '<p>Lorem ipsum dolor sit amet, consectetur adipisicing elit, sed do eiusmod tempor incididunt ut labore et dolore magna aliqua. Ut enim ad minim veniam, quis nostrud exercitation ullamco laboris nisi ut aliquip ex ea commodo consequat. Duis aute irure dolor in reprehenderit in voluptate velit esse cillum dolore eu fugiat nulla pariatur. Excepteur sint occaecat cupidatat non proident, sunt in culpa qui officia deserunt mollit anim id est laborum</p>', 'Lorem ipsum presta shop amet');

-- --------------------------------------------------------

--
-- Structure de la table `ps_emc_orders_errors`
--

CREATE TABLE IF NOT EXISTS `ps_emc_orders_errors` (
  `ps_orders_id_order` int(10) unsigned NOT NULL,
  `errors_eoe` text NOT NULL,
  PRIMARY KEY (`ps_orders_id_order`)
) ENGINE=InnoDB DEFAULT CHARSET=utf8;

-- --------------------------------------------------------

--
-- Structure de la table `ps_emc_orders_parcels`
--

CREATE TABLE IF NOT EXISTS `ps_emc_orders_parcels` (
  `ps_orders_id_order` int(10) unsigned NOT NULL,
  `number_eop` int(10) unsigned NOT NULL,
  `weight_eop` decimal(5,2) NOT NULL,
  `length_eop` int(3) NOT NULL,
  `width_eop` int(3) NOT NULL,
  `height_eop` int(3) NOT NULL,
  PRIMARY KEY (`ps_orders_id_order`,`number_eop`)
) ENGINE=InnoDB DEFAULT CHARSET=utf8;

-- --------------------------------------------------------

--
-- Structure de la table `ps_emc_orders_plannings`
--

CREATE TABLE IF NOT EXISTS `ps_emc_orders_plannings` (
  `id_eopl` int(10) unsigned NOT NULL AUTO_INCREMENT,
  `orders_eopl` text NOT NULL,
  `stats_eopl` varchar(500) NOT NULL,
  `errors_eopl` text NOT NULL,
  `date_eopl` datetime NOT NULL,
  `type_eopl` int(1) NOT NULL,
  PRIMARY KEY (`id_eopl`)
) ENGINE=InnoDB DEFAULT CHARSET=utf8 AUTO_INCREMENT=1 ;

-- --------------------------------------------------------

--
-- Structure de la table `ps_emc_orders_post`
--

CREATE TABLE IF NOT EXISTS `ps_emc_orders_post` (
  `ps_orders_id_order` int(10) unsigned NOT NULL,
  `data_eopo` text NOT NULL,
  `date_eopo` datetime NOT NULL,
  PRIMARY KEY (`ps_orders_id_order`)
) ENGINE=InnoDB DEFAULT CHARSET=utf8;

-- --------------------------------------------------------

--
-- Structure de la table `ps_employee`
--

CREATE TABLE IF NOT EXISTS `ps_employee` (
  `id_employee` int(10) unsigned NOT NULL AUTO_INCREMENT,
  `id_profile` int(10) unsigned NOT NULL,
  `id_lang` int(10) unsigned NOT NULL DEFAULT '0',
  `lastname` varchar(32) NOT NULL,
  `firstname` varchar(32) NOT NULL,
  `email` varchar(128) NOT NULL,
  `passwd` varchar(32) NOT NULL,
  `last_passwd_gen` timestamp NOT NULL DEFAULT CURRENT_TIMESTAMP,
  `stats_date_from` date DEFAULT NULL,
  `stats_date_to` date DEFAULT NULL,
  `bo_color` varchar(32) DEFAULT NULL,
  `bo_theme` varchar(32) DEFAULT NULL,
  `default_tab` int(10) unsigned NOT NULL DEFAULT '0',
  `bo_width` int(10) unsigned NOT NULL DEFAULT '0',
  `bo_show_screencast` tinyint(1) NOT NULL DEFAULT '1',
  `active` tinyint(1) unsigned NOT NULL DEFAULT '0',
  `id_last_order` int(10) unsigned NOT NULL DEFAULT '0',
  `id_last_customer_message` int(10) unsigned NOT NULL DEFAULT '0',
  `id_last_customer` int(10) unsigned NOT NULL DEFAULT '0',
  PRIMARY KEY (`id_employee`),
  KEY `employee_login` (`email`,`passwd`),
  KEY `id_employee_passwd` (`id_employee`,`passwd`),
  KEY `id_profile` (`id_profile`)
) ENGINE=InnoDB  DEFAULT CHARSET=utf8 AUTO_INCREMENT=7 ;

--
-- Contenu de la table `ps_employee`
--

INSERT INTO `ps_employee` (`id_employee`, `id_profile`, `id_lang`, `lastname`, `firstname`, `email`, `passwd`, `last_passwd_gen`, `stats_date_from`, `stats_date_to`, `bo_color`, `bo_theme`, `default_tab`, `bo_width`, `bo_show_screencast`, `active`, `id_last_order`, `id_last_customer_message`, `id_last_customer`) VALUES
(1, 1, 1, 'JOUGUET', 'Grégory', 'g.jouguet@cbj.eu.com', '9525c15f1fa5f9507f4516936ea69a2c', '2013-05-16 12:35:43', '2014-01-01', '2014-12-31', '', 'default', 31, 0, 0, 1, 2143, 47, 1728),
(2, 1, 1, 'Bot', 'NetEven', 'neteven@newquest.fr', '$&-$&-$&-$&', '2013-12-10 04:16:17', '2013-12-10', '2013-12-10', '', '', 0, 0, 0, 0, 0, 0, 0),
(3, 3, 1, 'FOLTZER', 'Nicolas	', 'nicolasfoltzer@sfr.fr', 'e679378c6fbb446e8160e11c5a2c0407', '2013-12-12 12:55:30', '2013-12-12', '2013-12-12', '', 'default', 1, 0, 0, 0, 105, 0, 0),
(4, 1, 1, 'quentin', 'rouxel', 'quentin.rouxel@exapaq.com', 'b024baa32ebebdb8d58b342786dde3ce', '2014-01-02 07:14:20', '2014-01-02', '2014-01-02', '', 'default', 1, 0, 0, 1, 0, 0, 0),
(5, 2, 1, 'codeur', 'codeur', 'site@codeur.com', '38d69f77603f1a175f36dd200189c59c', '2014-01-03 02:08:45', '2014-01-03', '2014-01-03', '', 'default', 1, 0, 0, 0, 0, 0, 0),
(6, 2, 1, 'phpnet.org', 'support', 'support@phpnet.org', '22b2a15c24df88825a2fe99d7ab2e3ad', '2014-02-28 04:19:41', '2014-01-28', '2014-02-28', '', 'default', 1, 0, 0, 0, 0, 0, 0);

-- --------------------------------------------------------

--
-- Structure de la table `ps_employee_shop`
--

CREATE TABLE IF NOT EXISTS `ps_employee_shop` (
  `id_employee` int(11) unsigned NOT NULL,
  `id_shop` int(11) unsigned NOT NULL,
  PRIMARY KEY (`id_employee`,`id_shop`),
  KEY `id_shop` (`id_shop`)
) ENGINE=InnoDB DEFAULT CHARSET=utf8;

--
-- Contenu de la table `ps_employee_shop`
--

INSERT INTO `ps_employee_shop` (`id_employee`, `id_shop`) VALUES
(1, 1),
(2, 1),
(3, 1),
(4, 1),
(5, 1),
(6, 1);

-- --------------------------------------------------------

--
-- Structure de la table `ps_exapredict_selected`
--

CREATE TABLE IF NOT EXISTS `ps_exapredict_selected` (
  `id_customer` int(10) unsigned DEFAULT NULL,
  `id_cart` int(10) unsigned DEFAULT NULL,
  `gsm_dest` varchar(10) DEFAULT NULL
) ENGINE=MyISAM DEFAULT CHARSET=utf8;

-- --------------------------------------------------------

--
-- Structure de la table `ps_favorite_product`
--

CREATE TABLE IF NOT EXISTS `ps_favorite_product` (
  `id_favorite_product` int(10) unsigned NOT NULL AUTO_INCREMENT,
  `id_product` int(10) unsigned NOT NULL,
  `id_customer` int(10) unsigned NOT NULL,
  `id_shop` int(10) unsigned NOT NULL,
  `date_add` datetime NOT NULL,
  `date_upd` datetime NOT NULL,
  PRIMARY KEY (`id_favorite_product`)
) ENGINE=InnoDB DEFAULT CHARSET=utf8 AUTO_INCREMENT=1 ;

-- --------------------------------------------------------

--
-- Structure de la table `ps_feature`
--

CREATE TABLE IF NOT EXISTS `ps_feature` (
  `id_feature` int(10) unsigned NOT NULL AUTO_INCREMENT,
  `position` int(10) unsigned NOT NULL DEFAULT '0',
  PRIMARY KEY (`id_feature`)
) ENGINE=InnoDB  DEFAULT CHARSET=utf8 AUTO_INCREMENT=16 ;

--
-- Contenu de la table `ps_feature`
--

INSERT INTO `ps_feature` (`id_feature`, `position`) VALUES
(1, 2),
(2, 3),
(3, 4),
(4, 5),
(5, 6),
(6, 7),
(7, 0),
(8, 8),
(9, 9),
(10, 10),
(11, 11),
(12, 12),
(13, 13),
(14, 14),
(15, 15);

-- --------------------------------------------------------

--
-- Structure de la table `ps_feature_lang`
--

CREATE TABLE IF NOT EXISTS `ps_feature_lang` (
  `id_feature` int(10) unsigned NOT NULL,
  `id_lang` int(10) unsigned NOT NULL,
  `name` varchar(128) DEFAULT NULL,
  PRIMARY KEY (`id_feature`,`id_lang`),
  KEY `id_lang` (`id_lang`,`name`)
) ENGINE=InnoDB DEFAULT CHARSET=utf8;

--
-- Contenu de la table `ps_feature_lang`
--

INSERT INTO `ps_feature_lang` (`id_feature`, `id_lang`, `name`) VALUES
(8, 1, 'Conditionné par'),
(12, 1, 'couleur'),
(13, 1, 'Diamètre'),
(14, 1, 'Dimensions'),
(1, 1, 'Hauteur'),
(2, 1, 'Largeur'),
(7, 1, 'Longueur'),
(11, 1, 'Mètres Linéaire'),
(4, 1, 'Poids'),
(3, 1, 'Profondeur'),
(10, 1, 'Qualité'),
(15, 1, 'taille'),
(9, 1, 'Trou de suspension'),
(5, 1, 'Utilisation'),
(6, 1, 'vendu par');

-- --------------------------------------------------------

--
-- Structure de la table `ps_feature_product`
--

CREATE TABLE IF NOT EXISTS `ps_feature_product` (
  `id_feature` int(10) unsigned NOT NULL,
  `id_product` int(10) unsigned NOT NULL,
  `id_feature_value` int(10) unsigned NOT NULL,
  PRIMARY KEY (`id_feature`,`id_product`),
  KEY `id_feature_value` (`id_feature_value`),
  KEY `id_product` (`id_product`)
) ENGINE=InnoDB DEFAULT CHARSET=utf8;

--
-- Contenu de la table `ps_feature_product`
--

INSERT INTO `ps_feature_product` (`id_feature`, `id_product`, `id_feature_value`) VALUES
(5, 868, 1),
(5, 869, 1),
(5, 877, 1),
(5, 878, 1),
(5, 905, 1),
(5, 911, 1),
(5, 1686, 1),
(5, 20000, 1),
(5, 9900267, 1),
(5, 9900268, 1),
(5, 9900269, 1),
(5, 9900270, 1),
(5, 9900560, 1),
(5, 9900567, 1),
(5, 9900606, 1),
(5, 9900650, 1),
(5, 9900713, 1),
(5, 9900741, 1),
(5, 9900743, 1),
(6, 9, 15),
(6, 777, 15),
(6, 9900792, 15),
(9, 14, 71),
(9, 15, 71),
(9, 16, 71),
(9, 17, 71),
(9, 18, 71),
(9, 688, 71),
(9, 757, 71),
(9, 758, 71),
(9, 771, 71),
(9, 773, 71),
(9, 776, 71),
(9, 9900344, 71),
(9, 9900346, 71),
(10, 14, 72),
(10, 15, 72),
(10, 16, 72),
(10, 17, 72),
(10, 18, 72),
(10, 757, 72),
(10, 758, 72),
(10, 771, 72),
(10, 773, 72),
(10, 776, 72),
(8, 14, 95),
(8, 15, 95),
(8, 16, 95),
(8, 17, 95),
(8, 18, 95),
(8, 688, 95),
(8, 757, 95),
(8, 758, 95),
(8, 771, 95),
(8, 773, 95),
(8, 776, 95),
(8, 9900344, 95),
(2, 18, 244),
(1, 18, 245),
(11, 23, 256),
(11, 24, 257),
(11, 128, 259),
(11, 9900158, 259),
(2, 17, 279),
(1, 17, 280),
(1, 24, 337),
(7, 24, 338),
(4, 24, 339),
(6, 24, 340),
(4, 21, 382),
(6, 21, 383),
(7, 21, 384),
(1, 20, 385),
(6, 20, 386),
(1, 23, 387),
(4, 23, 388),
(6, 23, 389),
(7, 23, 390),
(1, 16, 395),
(2, 16, 396),
(12, 20000, 408),
(12, 9900547, 408),
(12, 9900579, 408),
(12, 9900585, 408),
(12, 9900644, 408),
(12, 9900726, 408),
(12, 164, 411),
(12, 588, 411),
(12, 668, 411),
(12, 746, 411),
(12, 9900493, 411),
(12, 9900678, 411),
(1, 128, 412),
(13, 126, 415),
(13, 127, 415),
(13, 9900116, 415),
(13, 9900137, 415),
(13, 9900139, 415),
(13, 9900157, 415),
(13, 9900158, 415),
(13, 9900751, 415),
(13, 9900752, 415),
(13, 9900753, 415),
(1, 9900137, 416),
(7, 9900137, 417),
(12, 9900633, 443),
(12, 9900573, 444),
(12, 9900561, 446),
(12, 9900567, 447),
(12, 9900741, 447),
(2, 9900548, 448),
(2, 9900554, 448),
(2, 9900560, 448),
(2, 9900561, 448),
(2, 9900567, 448),
(2, 9900573, 448),
(2, 9900579, 448),
(2, 9900585, 448),
(2, 9900726, 448),
(2, 9900728, 448),
(7, 9900548, 449),
(7, 9900554, 449),
(7, 9900560, 449),
(7, 9900567, 449),
(7, 9900579, 449),
(7, 9900585, 449),
(7, 9900726, 449),
(7, 9900728, 449),
(12, 119, 451),
(12, 571, 451),
(12, 688, 451),
(12, 757, 451),
(12, 776, 451),
(12, 868, 451),
(12, 869, 451),
(12, 877, 451),
(12, 878, 451),
(12, 905, 451),
(12, 9900139, 451),
(12, 9900344, 451),
(12, 9900546, 451),
(12, 9900548, 451),
(12, 9900554, 451),
(12, 9900728, 451),
(10, 9900546, 452),
(10, 9900547, 452),
(10, 9900585, 452),
(10, 9900728, 452),
(10, 9900554, 453),
(10, 9900561, 453),
(10, 9900573, 453),
(10, 9900726, 453),
(10, 9900548, 454),
(10, 9900579, 454),
(10, 9900560, 455),
(10, 9900567, 455),
(2, 9900546, 462),
(7, 9900546, 463),
(8, 9900546, 464),
(4, 9900554, 466),
(7, 9900573, 472),
(2, 9900586, 473),
(7, 9900586, 474),
(10, 9900586, 475),
(12, 9900586, 476),
(2, 9900592, 477),
(7, 9900592, 478),
(10, 9900592, 479),
(12, 9900592, 480),
(7, 9900561, 481),
(4, 9900567, 483),
(4, 9900585, 484),
(4, 9900579, 489),
(4, 9900726, 491),
(4, 9900728, 499),
(8, 9900644, 518),
(10, 9900644, 519),
(13, 9900644, 520),
(2, 432, 571),
(4, 432, 572),
(7, 432, 573),
(10, 432, 574),
(12, 432, 575),
(7, 869, 588),
(2, 869, 589),
(1, 869, 590),
(7, 868, 628),
(2, 868, 629),
(1, 868, 630),
(1, 878, 633),
(6, 878, 634),
(13, 878, 635),
(7, 1686, 648),
(2, 1686, 649),
(1, 1686, 650),
(8, 1686, 651),
(7, 9900267, 668),
(2, 9900267, 669),
(1, 9900267, 670),
(6, 9900267, 671),
(7, 9900268, 672),
(2, 9900268, 673),
(1, 9900268, 674),
(10, 9900268, 675),
(7, 9900269, 676),
(2, 9900269, 677),
(1, 9900269, 678),
(6, 9900269, 679),
(7, 9900741, 702),
(2, 9900741, 703),
(7, 9900606, 725),
(2, 9900606, 726),
(1, 9900606, 727),
(2, 9900743, 736),
(1, 9900743, 737),
(6, 9900743, 738),
(12, 9900743, 739),
(1, 164, 745),
(2, 164, 746),
(6, 164, 747),
(6, 27, 752),
(1, 911, 753),
(7, 911, 754),
(1, 9900158, 763),
(1, 9900751, 767),
(7, 9900751, 768),
(11, 9900751, 769),
(1, 9900752, 770),
(7, 9900752, 771),
(11, 9900752, 772),
(1, 9900753, 784),
(7, 9900753, 785),
(11, 9900753, 786),
(1, 9900754, 796),
(10, 9900650, 798),
(4, 9900548, 799),
(1, 9900116, 800),
(6, 9900116, 801),
(8, 9900116, 802),
(11, 9900116, 803),
(2, 9900493, 804),
(10, 9900493, 805),
(11, 9900493, 806),
(15, 805, 815),
(8, 805, 818),
(10, 805, 819),
(2, 9900713, 830),
(8, 9900713, 831),
(10, 9900713, 832),
(11, 9900713, 833),
(7, 9900377, 842),
(10, 9900377, 843),
(12, 9900377, 844),
(13, 9900377, 845),
(1, 9900261, 848),
(7, 9900261, 849),
(7, 551, 850),
(12, 551, 851),
(13, 551, 852),
(1, 126, 853),
(11, 126, 854),
(7, 9900683, 869),
(1, 9900344, 924),
(2, 9900344, 925),
(5, 9900344, 926),
(10, 9900344, 927),
(1, 905, 939),
(7, 905, 940),
(10, 905, 941),
(2, 565, 957),
(7, 565, 958),
(12, 565, 959),
(2, 571, 963),
(7, 571, 964),
(2, 566, 965),
(7, 566, 966),
(12, 566, 967),
(2, 576, 977),
(7, 576, 978),
(10, 576, 979),
(2, 577, 980),
(7, 577, 981),
(10, 577, 982),
(2, 574, 983),
(7, 574, 984),
(10, 574, 985),
(2, 588, 989),
(5, 588, 990),
(7, 588, 991),
(10, 588, 992),
(1, 776, 1006),
(2, 776, 1007),
(5, 776, 1008),
(7, 9900141, 1011),
(1, 9900141, 1012),
(1, 9900157, 1013),
(11, 9900157, 1014),
(1, 15, 1017),
(2, 15, 1018),
(5, 15, 1019),
(1, 758, 1022),
(2, 758, 1023),
(5, 758, 1024),
(1, 14, 1025),
(2, 14, 1026),
(1, 771, 1027),
(2, 771, 1028),
(8, 9900633, 1031),
(10, 9900633, 1032),
(6, 26, 1033),
(7, 9900547, 1034),
(2, 9900547, 1035),
(4, 9900547, 1036),
(8, 9900547, 1037),
(10, 9900643, 1038),
(12, 9900643, 1039),
(13, 9900643, 1040),
(7, 10, 1043),
(2, 10, 1044),
(8, 10, 1045),
(7, 757, 1046),
(1, 757, 1047),
(6, 830, 1048),
(7, 476, 1049),
(1, 476, 1050),
(2, 476, 1051),
(10, 476, 1052),
(13, 20000, 1053),
(4, 161, 1063),
(1, 688, 1064),
(2, 688, 1065),
(10, 688, 1066),
(1, 9900346, 1067),
(2, 9900346, 1068),
(5, 9900346, 1069),
(8, 9900346, 1070),
(10, 9900346, 1071),
(7, 332, 1072),
(1, 332, 1073),
(2, 332, 1074),
(10, 332, 1075),
(12, 332, 1076),
(1, 877, 1080),
(13, 877, 1081),
(4, 898, 1082),
(12, 898, 1083),
(6, 746, 1086),
(10, 746, 1087),
(13, 128, 1088),
(7, 9900270, 1092),
(1, 9900270, 1093),
(2, 9900270, 1094),
(6, 9900270, 1095),
(1, 773, 1101),
(2, 773, 1102),
(5, 773, 1103),
(7, 127, 1104),
(1, 127, 1105),
(11, 127, 1106),
(7, 9900678, 1107),
(1, 9900678, 1108),
(2, 9900678, 1109),
(7, 9900682, 1110),
(1, 9900682, 1111),
(2, 9900682, 1112),
(6, 9900682, 1113),
(10, 9900682, 1114),
(1, 119, 1118),
(2, 119, 1119),
(10, 119, 1120),
(7, 9900139, 1121),
(1, 9900139, 1122);

-- --------------------------------------------------------

--
-- Structure de la table `ps_feature_shop`
--

CREATE TABLE IF NOT EXISTS `ps_feature_shop` (
  `id_feature` int(11) unsigned NOT NULL,
  `id_shop` int(11) unsigned NOT NULL,
  PRIMARY KEY (`id_feature`,`id_shop`),
  KEY `id_shop` (`id_shop`)
) ENGINE=InnoDB DEFAULT CHARSET=utf8;

--
-- Contenu de la table `ps_feature_shop`
--

INSERT INTO `ps_feature_shop` (`id_feature`, `id_shop`) VALUES
(1, 1),
(2, 1),
(3, 1),
(4, 1),
(5, 1),
(6, 1),
(7, 1),
(8, 1),
(9, 1),
(10, 1),
(11, 1),
(12, 1),
(13, 1),
(14, 1),
(15, 1);

-- --------------------------------------------------------

--
-- Structure de la table `ps_feature_value`
--

CREATE TABLE IF NOT EXISTS `ps_feature_value` (
  `id_feature_value` int(10) unsigned NOT NULL AUTO_INCREMENT,
  `id_feature` int(10) unsigned NOT NULL,
  `custom` tinyint(3) unsigned DEFAULT NULL,
  PRIMARY KEY (`id_feature_value`),
  KEY `feature` (`id_feature`)
) ENGINE=InnoDB  DEFAULT CHARSET=utf8 AUTO_INCREMENT=1123 ;

--
-- Contenu de la table `ps_feature_value`
--

INSERT INTO `ps_feature_value` (`id_feature_value`, `id_feature`, `custom`) VALUES
(1, 5, 0),
(3, 1, 1),
(4, 2, 1),
(5, 4, 1),
(6, 3, 1),
(7, 1, 1),
(8, 2, 1),
(9, 4, 1),
(10, 3, 1),
(11, 1, 1),
(12, 2, 1),
(13, 4, 1),
(14, 3, 1),
(15, 6, 0),
(16, 6, 0),
(17, 6, 0),
(18, 6, 0),
(19, 6, 0),
(20, 6, 0),
(21, 6, 0),
(71, 9, 0),
(72, 10, 0),
(95, 8, 0),
(244, 2, 1),
(245, 1, 1),
(256, 11, 0),
(257, 11, 0),
(258, 11, 0),
(259, 11, 0),
(260, 11, 0),
(261, 11, 0),
(262, 11, 0),
(263, 11, 0),
(279, 2, 1),
(280, 1, 1),
(337, 1, 1),
(338, 7, 1),
(339, 4, 1),
(340, 6, 1),
(382, 4, 1),
(383, 6, 1),
(384, 7, 1),
(385, 1, 1),
(386, 6, 1),
(387, 1, 1),
(388, 4, 1),
(389, 6, 1),
(390, 7, 1),
(395, 1, 1),
(396, 2, 1),
(408, 12, 0),
(411, 12, 0),
(412, 1, 0),
(415, 13, 0),
(416, 1, 1),
(417, 7, 1),
(443, 12, 0),
(444, 12, 0),
(445, 12, 0),
(446, 12, 0),
(447, 12, 0),
(448, 2, 0),
(449, 7, 0),
(450, 1, 0),
(451, 12, 0),
(452, 10, 0),
(453, 10, 0),
(454, 10, 0),
(455, 10, 0),
(462, 2, 1),
(463, 7, 1),
(464, 8, 1),
(466, 4, 1),
(472, 7, 1),
(473, 2, 1),
(474, 7, 1),
(475, 10, 1),
(476, 12, 1),
(477, 2, 1),
(478, 7, 1),
(479, 10, 1),
(480, 12, 1),
(481, 7, 1),
(483, 4, 1),
(484, 4, 1),
(489, 4, 1),
(491, 4, 1),
(499, 4, 1),
(518, 8, 1),
(519, 10, 1),
(520, 13, 1),
(554, 12, 0),
(571, 2, 1),
(572, 4, 1),
(573, 7, 1),
(574, 10, 1),
(575, 12, 1),
(588, 7, 1),
(589, 2, 1),
(590, 1, 1),
(628, 7, 1),
(629, 2, 1),
(630, 1, 1),
(633, 1, 1),
(634, 6, 1),
(635, 13, 1),
(648, 7, 1),
(649, 2, 1),
(650, 1, 1),
(651, 8, 1),
(668, 7, 1),
(669, 2, 1),
(670, 1, 1),
(671, 6, 1),
(672, 7, 1),
(673, 2, 1),
(674, 1, 1),
(675, 10, 1),
(676, 7, 1),
(677, 2, 1),
(678, 1, 1),
(679, 6, 1),
(702, 7, 1),
(703, 2, 1),
(725, 7, 1),
(726, 2, 1),
(727, 1, 1),
(736, 2, 1),
(737, 1, 1),
(738, 6, 1),
(739, 12, 1),
(745, 1, 1),
(746, 2, 1),
(747, 6, 1),
(749, 6, 1),
(752, 6, 1),
(753, 1, 1),
(754, 7, 1),
(763, 1, 1),
(767, 1, 1),
(768, 7, 1),
(769, 11, 1),
(770, 1, 1),
(771, 7, 1),
(772, 11, 1),
(784, 1, 1),
(785, 7, 1),
(786, 11, 1),
(796, 1, 1),
(798, 10, 1),
(799, 4, 1),
(800, 1, 1),
(801, 6, 1),
(802, 8, 1),
(803, 11, 1),
(804, 2, 1),
(805, 10, 1),
(806, 11, 1),
(812, 13, 0),
(813, 15, 0),
(814, 15, 0),
(815, 15, 0),
(818, 8, 1),
(819, 10, 1),
(830, 2, 1),
(831, 8, 1),
(832, 10, 1),
(833, 11, 1),
(842, 7, 1),
(843, 10, 1),
(844, 12, 1),
(845, 13, 1),
(848, 1, 1),
(849, 7, 1),
(850, 7, 1),
(851, 12, 1),
(852, 13, 1),
(853, 1, 1),
(854, 11, 1),
(869, 7, 1),
(884, 10, 1),
(890, 12, 1),
(900, 8, 1),
(906, 10, 1),
(924, 1, 1),
(925, 2, 1),
(926, 5, 1),
(927, 10, 1),
(939, 1, 1),
(940, 7, 1),
(941, 10, 1),
(957, 2, 1),
(958, 7, 1),
(959, 12, 1),
(963, 2, 1),
(964, 7, 1),
(965, 2, 1),
(966, 7, 1),
(967, 12, 1),
(977, 2, 1),
(978, 7, 1),
(979, 10, 1),
(980, 2, 1),
(981, 7, 1),
(982, 10, 1),
(983, 2, 1),
(984, 7, 1),
(985, 10, 1),
(986, 7, 0),
(987, 7, 0),
(988, 10, 0),
(989, 2, 1),
(990, 5, 1),
(991, 7, 1),
(992, 10, 1),
(1006, 1, 1),
(1007, 2, 1),
(1008, 5, 1),
(1011, 7, 1),
(1012, 1, 1),
(1013, 1, 1),
(1014, 11, 1),
(1017, 1, 1),
(1018, 2, 1),
(1019, 5, 1),
(1022, 1, 1),
(1023, 2, 1),
(1024, 5, 1),
(1025, 1, 1),
(1026, 2, 1),
(1027, 1, 1),
(1028, 2, 1),
(1031, 8, 1),
(1032, 10, 1),
(1033, 6, 1),
(1034, 7, 1),
(1035, 2, 1),
(1036, 4, 1),
(1037, 8, 1),
(1038, 10, 1),
(1039, 12, 1),
(1040, 13, 1),
(1043, 7, 1),
(1044, 2, 1),
(1045, 8, 1),
(1046, 7, 1),
(1047, 1, 1),
(1048, 6, 0),
(1049, 7, 1),
(1050, 1, 1),
(1051, 2, 1),
(1052, 10, 1),
(1053, 13, 1),
(1063, 4, 1),
(1064, 1, 1),
(1065, 2, 1),
(1066, 10, 1),
(1067, 1, 1),
(1068, 2, 1),
(1069, 5, 1),
(1070, 8, 1),
(1071, 10, 1),
(1072, 7, 1),
(1073, 1, 1),
(1074, 2, 1),
(1075, 10, 1),
(1076, 12, 1),
(1080, 1, 1),
(1081, 13, 1),
(1082, 4, 1),
(1083, 12, 1),
(1086, 6, 1),
(1087, 10, 1),
(1088, 13, 1),
(1092, 7, 1),
(1093, 1, 1),
(1094, 2, 1),
(1095, 6, 1),
(1101, 1, 1),
(1102, 2, 1),
(1103, 5, 1),
(1104, 7, 1),
(1105, 1, 1),
(1106, 11, 1),
(1107, 7, 1),
(1108, 1, 1),
(1109, 2, 1),
(1110, 7, 1),
(1111, 1, 1),
(1112, 2, 1),
(1113, 6, 1),
(1114, 10, 1),
(1118, 1, 1),
(1119, 2, 1),
(1120, 10, 1),
(1121, 7, 1),
(1122, 1, 1);

-- --------------------------------------------------------

--
-- Structure de la table `ps_feature_value_lang`
--

CREATE TABLE IF NOT EXISTS `ps_feature_value_lang` (
  `id_feature_value` int(10) unsigned NOT NULL,
  `id_lang` int(10) unsigned NOT NULL,
  `value` varchar(255) DEFAULT NULL,
  PRIMARY KEY (`id_feature_value`,`id_lang`)
) ENGINE=InnoDB DEFAULT CHARSET=utf8;

--
-- Contenu de la table `ps_feature_value_lang`
--

INSERT INTO `ps_feature_value_lang` (`id_feature_value`, `id_lang`, `value`) VALUES
(1, 1, 'ALIMENTAIRE'),
(3, 1, '69,8 mm'),
(4, 1, '52,3 mm'),
(5, 1, '49,2 g'),
(6, 1, '6,5 mm'),
(7, 1, '27,3 mm'),
(8, 1, '41,2 mm'),
(9, 1, '15,5 g'),
(10, 1, '10,5 mm (clip compris)'),
(11, 1, '110 mm'),
(12, 1, '70 mm'),
(13, 1, '120g'),
(14, 1, '8 mm'),
(15, 1, '100'),
(16, 1, '200'),
(17, 1, '300'),
(18, 1, '500'),
(19, 1, '1000'),
(20, 1, '2000'),
(21, 1, '5000'),
(71, 1, 'Oui 8 mm'),
(72, 1, '50 µ'),
(95, 1, 'sachet de 100'),
(244, 1, '10 cm'),
(245, 1, '15 cm'),
(256, 1, '150'),
(257, 1, '100'),
(258, 1, '75'),
(259, 1, '50'),
(260, 1, '25'),
(261, 1, '15'),
(262, 1, '10'),
(263, 1, '1'),
(279, 1, '10 cm'),
(280, 1, '10 cm'),
(337, 1, '100 cm'),
(338, 1, '100 Ml'),
(339, 1, '5.7 Kg'),
(340, 1, '1 rouleau'),
(382, 1, '0.171'),
(383, 1, 'à l''unité ou par carton'),
(384, 1, '66 M'),
(385, 1, '100 cm'),
(386, 1, 'Rouleau vendu à l''unité.'),
(387, 1, '100 cm'),
(388, 1, '8.55 Kg'),
(389, 1, '1 rouleau'),
(390, 1, '150 Ml'),
(395, 1, '10 cm'),
(396, 1, '7 cm'),
(408, 1, 'Noir'),
(411, 1, 'Blanc'),
(412, 1, '50 cm'),
(415, 1, '10 mm (bulle)'),
(416, 1, '50 cm'),
(417, 1, '10 Mètre Linaire'),
(443, 1, 'Vert'),
(444, 1, 'Jaune'),
(445, 1, 'Rouge'),
(446, 1, 'Bleu'),
(447, 1, 'Bleu Clair'),
(448, 1, '450 mm'),
(449, 1, '300 M'),
(450, 1, '270 M'),
(451, 1, 'Transparent'),
(452, 1, '23 µ'),
(453, 1, '20 µ'),
(454, 1, '17 µ'),
(455, 1, '15 µ'),
(462, 1, '100 mm'),
(463, 1, '150 m'),
(464, 1, '10'),
(466, 1, '2720 Poids brut bobine (g)'),
(472, 1, '270 M'),
(473, 1, '450 mm'),
(474, 1, '270 m'),
(475, 1, '20µ'),
(476, 1, 'Rouge'),
(477, 1, '450 mm'),
(478, 1, '270 m'),
(479, 1, '23 µ'),
(480, 1, 'Vert'),
(481, 1, '270 M'),
(483, 1, '2110 Poids brut bobine (g)	'),
(484, 1, '3097 Poids brut bobine (g)'),
(489, 1, '2351 Poids brut bobine (g)'),
(491, 1, '2724 Poids brut bobine (g)'),
(499, 1, '2351 g (brute de la bobine)'),
(518, 1, '2'),
(519, 1, 'EMBOUTS PLASTIQUE'),
(520, 1, '50 mm'),
(554, 1, 'Multicolor'),
(571, 1, '75 cm'),
(572, 1, '3,2 kg'),
(573, 1, '50 cm'),
(574, 1, '18 g/m²'),
(575, 1, '10 COULEURS'),
(588, 1, '183 mm'),
(589, 1, '139 mm'),
(590, 1, '53 mm'),
(628, 1, '183 mm'),
(629, 1, '139 mm'),
(630, 1, '67 mm'),
(633, 1, '95 mm'),
(634, 1, '20'),
(635, 1, '175 mm'),
(648, 1, '27'),
(649, 1, '16'),
(650, 1, '7'),
(651, 1, '200'),
(668, 1, '26'),
(669, 1, '26'),
(670, 1, '3,5'),
(671, 1, '100'),
(672, 1, '29'),
(673, 1, '29'),
(674, 1, '3,5'),
(675, 1, '100'),
(676, 1, '31'),
(677, 1, '31'),
(678, 1, '3,5'),
(679, 1, '100'),
(702, 1, '15'),
(703, 1, '15'),
(725, 1, '23'),
(726, 1, '18'),
(727, 1, '3,5'),
(736, 1, '480 mm'),
(737, 1, '500 mm'),
(738, 1, '10 sac'),
(739, 1, 'BANQUISE'),
(745, 1, '260 mm'),
(746, 1, '180 mm'),
(747, 1, 'minimum par 10'),
(749, 1, 'Sac de 500 L / 0.5m3'),
(752, 1, 'Sac de 500 L / 0.5m3'),
(753, 1, '50'),
(754, 1, '50'),
(763, 1, '100 cm'),
(767, 1, '1 M'),
(768, 1, '1M\r\n'),
(769, 1, 'au choix'),
(770, 1, '1 M'),
(771, 1, '1M\r\n'),
(772, 1, 'au choix'),
(784, 1, '1 M'),
(785, 1, '1M\r\n'),
(786, 1, 'au choix'),
(796, 1, '100 cm'),
(798, 1, 'POLYSTHYRÈNE'),
(799, 1, '2351 g (brute de la bobine)'),
(800, 1, '1 M'),
(801, 1, 'Rouleau'),
(802, 1, '10 Metre'),
(803, 1, '10 Ml'),
(804, 1, '48'),
(805, 1, 'PP'),
(806, 1, '100'),
(812, 1, '32 mm (bulle)'),
(813, 1, '6/7'),
(814, 1, '7/8'),
(815, 1, '8/9'),
(818, 1, 'boite de 100'),
(819, 1, 'Vinyle'),
(830, 1, '33 cm'),
(831, 1, 'rouleau'),
(832, 1, '11µ'),
(833, 1, '200 m'),
(842, 1, '100 mètres de long'),
(843, 1, '30µ  Quantité PE'),
(844, 1, 'Rouge et Blanc'),
(845, 1, '50 mm'),
(848, 1, '80 cm'),
(849, 1, '30 Mètre Linéaire'),
(850, 1, '43 cm'),
(851, 1, 'Brun'),
(852, 1, '60 mm'),
(853, 1, '50 cm'),
(854, 1, '150 ml'),
(869, 1, '20 m'),
(884, 1, 'Double Canelure'),
(890, 1, 'Ecru'),
(900, 1, 'Sachet de 50'),
(906, 1, '60 µ'),
(924, 1, '150 mm'),
(925, 1, '100 mm'),
(926, 1, 'PHOTO'),
(927, 1, '60 µ'),
(939, 1, '275'),
(940, 1, '120'),
(941, 1, '35 µ'),
(957, 1, '48'),
(958, 1, '100 m'),
(959, 1, 'Havane / Brun'),
(963, 1, '50'),
(964, 1, '66 M'),
(965, 1, '48'),
(966, 1, '66 m'),
(967, 1, 'Havane / Brun'),
(977, 1, '25 mm'),
(978, 1, '50 m'),
(979, 1, '128 µ'),
(980, 1, '50 mm'),
(981, 1, '50 m'),
(982, 1, '128 µ'),
(983, 1, '19 mm'),
(984, 1, '50 m'),
(985, 1, '118 µ'),
(986, 1, '100 M'),
(987, 1, '66 M'),
(988, 1, '28 µ'),
(989, 1, '48 mm'),
(990, 1, 'BANDE DE GARANTIE'),
(991, 1, '100 m'),
(992, 1, '28µ'),
(1006, 1, '100 mm'),
(1007, 1, '70 mm'),
(1008, 1, 'BIJOUTERIE'),
(1011, 1, '50 m'),
(1012, 1, '0.50 m'),
(1013, 1, '100 cm'),
(1014, 1, '100 Ml'),
(1017, 1, '8 cm'),
(1018, 1, '6 cm'),
(1019, 1, 'BIJOUTERIE'),
(1022, 1, '150 mm'),
(1023, 1, '100 mm'),
(1024, 1, 'PHOTO'),
(1025, 1, '7 cm'),
(1026, 1, '5 cm'),
(1027, 1, '6 cm'),
(1028, 1, '4 cm'),
(1031, 1, 'sac de 500 L / 0.5 m'),
(1032, 1, 'BIO'),
(1033, 1, 'Sac de 500 L / 0.5m3'),
(1034, 1, '150 m'),
(1035, 1, '100 mm'),
(1036, 1, '0,4 kg'),
(1037, 1, '10'),
(1038, 1, 'POIGNÉES PLASTIQUE'),
(1039, 1, 'selon arrivage'),
(1040, 1, '50 mm'),
(1043, 1, '500 m'),
(1044, 1, '7 mm'),
(1045, 1, '1'),
(1046, 1, '100 mm'),
(1047, 1, '100 mm'),
(1048, 1, '250'),
(1049, 1, '200 mm'),
(1050, 1, '150 mm'),
(1051, 1, '150 mm'),
(1052, 1, 'Simple Cannelure'),
(1053, 1, '35 cm'),
(1063, 1, '1.950 Kg'),
(1064, 1, '120 mm'),
(1065, 1, '80 mm'),
(1066, 1, '60 µ'),
(1067, 1, '180 mm'),
(1068, 1, '120 mm'),
(1069, 1, 'EDITION'),
(1070, 1, 'Sachet de 50'),
(1071, 1, '60 µ'),
(1072, 1, '300 mm'),
(1073, 1, '300 mm'),
(1074, 1, '300 mm'),
(1075, 1, 'Double Canelure'),
(1076, 1, 'Ecru'),
(1080, 1, '85 mm'),
(1081, 1, '155 mm'),
(1082, 1, '5 g boite'),
(1083, 1, 'ecru'),
(1086, 1, 'par paquet de 100'),
(1087, 1, '11 µ'),
(1088, 1, '32 mm (bulle)'),
(1092, 1, '33'),
(1093, 1, '3,5'),
(1094, 1, '33'),
(1095, 1, '100'),
(1101, 1, '70 mm'),
(1102, 1, '50 mm'),
(1103, 1, 'BIJOUTERIE'),
(1104, 1, '75 Metre'),
(1105, 1, '50 cm'),
(1106, 1, '75 Ml'),
(1107, 1, '600 mm'),
(1108, 1, '3 mm'),
(1109, 1, '800 mm'),
(1110, 1, '1200 mm'),
(1111, 1, '200 mm'),
(1112, 1, '800 mm '),
(1113, 1, '1'),
(1114, 1, 'sapin'),
(1118, 1, '150 mm'),
(1119, 1, '200 mm'),
(1120, 1, '80 µ'),
(1121, 1, '50 M'),
(1122, 1, '50 cm');

-- --------------------------------------------------------

--
-- Structure de la table `ps_gender`
--

CREATE TABLE IF NOT EXISTS `ps_gender` (
  `id_gender` int(11) NOT NULL AUTO_INCREMENT,
  `type` tinyint(1) NOT NULL,
  PRIMARY KEY (`id_gender`)
) ENGINE=InnoDB  DEFAULT CHARSET=utf8 AUTO_INCREMENT=4 ;

--
-- Contenu de la table `ps_gender`
--

INSERT INTO `ps_gender` (`id_gender`, `type`) VALUES
(1, 0),
(2, 1),
(3, 1);

-- --------------------------------------------------------

--
-- Structure de la table `ps_gender_lang`
--

CREATE TABLE IF NOT EXISTS `ps_gender_lang` (
  `id_gender` int(10) unsigned NOT NULL,
  `id_lang` int(10) unsigned NOT NULL,
  `name` varchar(20) NOT NULL,
  PRIMARY KEY (`id_gender`,`id_lang`),
  KEY `id_gender` (`id_gender`)
) ENGINE=InnoDB DEFAULT CHARSET=utf8;

--
-- Contenu de la table `ps_gender_lang`
--

INSERT INTO `ps_gender_lang` (`id_gender`, `id_lang`, `name`) VALUES
(1, 1, 'M.'),
(2, 1, 'Mme'),
(3, 1, 'Mlle');

-- --------------------------------------------------------

--
-- Structure de la table `ps_group`
--

CREATE TABLE IF NOT EXISTS `ps_group` (
  `id_group` int(10) unsigned NOT NULL AUTO_INCREMENT,
  `reduction` decimal(17,2) NOT NULL DEFAULT '0.00',
  `price_display_method` tinyint(4) NOT NULL DEFAULT '0',
  `show_prices` tinyint(1) unsigned NOT NULL DEFAULT '1',
  `date_add` datetime NOT NULL,
  `date_upd` datetime NOT NULL,
  PRIMARY KEY (`id_group`)
) ENGINE=InnoDB  DEFAULT CHARSET=utf8 AUTO_INCREMENT=5 ;

--
-- Contenu de la table `ps_group`
--

INSERT INTO `ps_group` (`id_group`, `reduction`, `price_display_method`, `show_prices`, `date_add`, `date_upd`) VALUES
(1, 0.00, 0, 1, '2013-05-16 20:35:41', '2013-05-16 20:35:41'),
(2, 0.00, 0, 1, '2013-05-16 20:35:41', '2013-05-16 20:35:41'),
(3, 0.00, 0, 1, '2013-05-16 20:35:41', '2013-05-16 20:35:41'),
(4, 0.00, 0, 0, '2014-02-13 16:54:17', '2014-02-13 16:54:17');

-- --------------------------------------------------------

--
-- Structure de la table `ps_group_lang`
--

CREATE TABLE IF NOT EXISTS `ps_group_lang` (
  `id_group` int(10) unsigned NOT NULL,
  `id_lang` int(10) unsigned NOT NULL,
  `name` varchar(32) NOT NULL,
  PRIMARY KEY (`id_group`,`id_lang`)
) ENGINE=InnoDB DEFAULT CHARSET=utf8;

--
-- Contenu de la table `ps_group_lang`
--

INSERT INTO `ps_group_lang` (`id_group`, `id_lang`, `name`) VALUES
(1, 1, 'Visiteur'),
(2, 1, 'Invité'),
(3, 1, 'Client'),
(4, 1, 'Client Bloqué');

-- --------------------------------------------------------

--
-- Structure de la table `ps_group_reduction`
--

CREATE TABLE IF NOT EXISTS `ps_group_reduction` (
  `id_group_reduction` mediumint(8) unsigned NOT NULL AUTO_INCREMENT,
  `id_group` int(10) unsigned NOT NULL,
  `id_category` int(10) unsigned NOT NULL,
  `reduction` decimal(4,4) NOT NULL,
  PRIMARY KEY (`id_group_reduction`),
  UNIQUE KEY `id_group` (`id_group`,`id_category`)
) ENGINE=InnoDB DEFAULT CHARSET=utf8 AUTO_INCREMENT=1 ;

-- --------------------------------------------------------

--
-- Structure de la table `ps_group_shop`
--

CREATE TABLE IF NOT EXISTS `ps_group_shop` (
  `id_group` int(11) unsigned NOT NULL,
  `id_shop` int(11) unsigned NOT NULL,
  PRIMARY KEY (`id_group`,`id_shop`),
  KEY `id_shop` (`id_shop`)
) ENGINE=InnoDB DEFAULT CHARSET=utf8;

--
-- Contenu de la table `ps_group_shop`
--

INSERT INTO `ps_group_shop` (`id_group`, `id_shop`) VALUES
(1, 1),
(2, 1),
(3, 1),
(4, 1);

-- --------------------------------------------------------

--
-- Structure de la table `ps_gsitemap_sitemap`
--

CREATE TABLE IF NOT EXISTS `ps_gsitemap_sitemap` (
  `link` varchar(255) DEFAULT NULL,
  `id_shop` int(11) DEFAULT '0'
) ENGINE=InnoDB DEFAULT CHARSET=utf8;

--
-- Contenu de la table `ps_gsitemap_sitemap`
--

INSERT INTO `ps_gsitemap_sitemap` (`link`, `id_shop`) VALUES
('1_fr_0_sitemap.xml', 1);

-- --------------------------------------------------------

--
-- Structure de la table `ps_guest`
--

CREATE TABLE IF NOT EXISTS `ps_guest` (
  `id_guest` int(10) unsigned NOT NULL AUTO_INCREMENT,
  `id_operating_system` int(10) unsigned DEFAULT NULL,
  `id_web_browser` int(10) unsigned DEFAULT NULL,
  `id_customer` int(10) unsigned DEFAULT NULL,
  `javascript` tinyint(1) DEFAULT '0',
  `screen_resolution_x` smallint(5) unsigned DEFAULT NULL,
  `screen_resolution_y` smallint(5) unsigned DEFAULT NULL,
  `screen_color` tinyint(3) unsigned DEFAULT NULL,
  `sun_java` tinyint(1) DEFAULT NULL,
  `adobe_flash` tinyint(1) DEFAULT NULL,
  `adobe_director` tinyint(1) DEFAULT NULL,
  `apple_quicktime` tinyint(1) DEFAULT NULL,
  `real_player` tinyint(1) DEFAULT NULL,
  `windows_media` tinyint(1) DEFAULT NULL,
  `accept_language` varchar(8) DEFAULT NULL,
  `mobile_theme` tinyint(1) NOT NULL DEFAULT '0',
  PRIMARY KEY (`id_guest`),
  KEY `id_customer` (`id_customer`),
  KEY `id_operating_system` (`id_operating_system`),
  KEY `id_web_browser` (`id_web_browser`)
) ENGINE=InnoDB  DEFAULT CHARSET=utf8 AUTO_INCREMENT=1336 ;

--
-- Contenu de la table `ps_guest`
--

INSERT INTO `ps_guest` (`id_guest`, `id_operating_system`, `id_web_browser`, `id_customer`, `javascript`, `screen_resolution_x`, `screen_resolution_y`, `screen_color`, `sun_java`, `adobe_flash`, `adobe_director`, `apple_quicktime`, `real_player`, `windows_media`, `accept_language`, `mobile_theme`) VALUES
(1, 3, 10, 0, 0, 0, 0, 0, 0, 0, 0, 0, 0, 0, '', 0),
(2, 3, 10, 0, 0, 0, 0, 0, 0, 0, 0, 0, 0, 0, '', 0),
(3, 3, 10, 0, 0, 0, 0, 0, 0, 0, 0, 0, 0, 0, '', 0),
(4, 3, 3, 132, 0, 0, 0, 0, 0, 0, 0, 0, 0, 0, '', 0),
(5, 3, 10, 0, 0, 0, 0, 0, 0, 0, 0, 0, 0, 0, '', 0),
(6, 3, 3, 0, 0, 0, 0, 0, 0, 0, 0, 0, 0, 0, '', 0),
(7, 3, 3, 0, 0, 0, 0, 0, 0, 0, 0, 0, 0, 0, '', 0),
(8, 3, 3, 0, 0, 0, 0, 0, 0, 0, 0, 0, 0, 0, '', 0),
(9, 3, 3, 0, 0, 0, 0, 0, 0, 0, 0, 0, 0, 0, '', 0),
(10, 3, 3, 0, 0, 0, 0, 0, 0, 0, 0, 0, 0, 0, '', 0),
(11, 3, 3, 0, 0, 0, 0, 0, 0, 0, 0, 0, 0, 0, '', 0),
(12, 3, 3, 0, 0, 0, 0, 0, 0, 0, 0, 0, 0, 0, '', 0),
(13, 3, 10, 158, 0, 0, 0, 0, 0, 0, 0, 0, 0, 0, '', 0),
(14, 3, 3, 0, 0, 0, 0, 0, 0, 0, 0, 0, 0, 0, '', 0),
(15, 3, 3, 0, 0, 0, 0, 0, 0, 0, 0, 0, 0, 0, '', 0),
(16, 3, 3, 0, 0, 0, 0, 0, 0, 0, 0, 0, 0, 0, '', 0),
(17, 3, 3, 0, 0, 0, 0, 0, 0, 0, 0, 0, 0, 0, '', 0),
(18, 3, 3, 0, 0, 0, 0, 0, 0, 0, 0, 0, 0, 0, '', 0),
(19, 3, 3, 0, 0, 0, 0, 0, 0, 0, 0, 0, 0, 0, '', 0),
(20, 3, 3, 0, 0, 0, 0, 0, 0, 0, 0, 0, 0, 0, '', 0),
(21, 3, 3, 0, 0, 0, 0, 0, 0, 0, 0, 0, 0, 0, '', 0),
(22, 3, 3, 0, 0, 0, 0, 0, 0, 0, 0, 0, 0, 0, '', 0),
(23, 3, 3, 0, 0, 0, 0, 0, 0, 0, 0, 0, 0, 0, '', 0),
(24, 3, 3, 0, 0, 0, 0, 0, 0, 0, 0, 0, 0, 0, '', 0),
(25, 3, 3, 0, 0, 0, 0, 0, 0, 0, 0, 0, 0, 0, '', 0),
(26, 3, 3, 0, 0, 0, 0, 0, 0, 0, 0, 0, 0, 0, '', 0),
(27, 3, 3, 0, 0, 0, 0, 0, 0, 0, 0, 0, 0, 0, '', 0),
(28, 3, 3, 0, 0, 0, 0, 0, 0, 0, 0, 0, 0, 0, '', 0),
(29, 3, 3, 0, 0, 0, 0, 0, 0, 0, 0, 0, 0, 0, '', 0),
(30, 3, 3, 0, 0, 0, 0, 0, 0, 0, 0, 0, 0, 0, '', 0),
(31, 3, 3, 0, 0, 0, 0, 0, 0, 0, 0, 0, 0, 0, '', 0),
(32, 3, 3, 0, 0, 0, 0, 0, 0, 0, 0, 0, 0, 0, '', 0),
(33, 3, 3, 0, 0, 0, 0, 0, 0, 0, 0, 0, 0, 0, '', 0),
(34, 3, 10, 0, 0, 0, 0, 0, 0, 0, 0, 0, 0, 0, '', 0),
(35, 3, 10, 1, 0, 0, 0, 0, 0, 0, 0, 0, 0, 0, '', 0),
(37, 3, 10, 52, 0, 0, 0, 0, 0, 0, 0, 0, 0, 0, '', 0),
(38, 3, 3, 0, 0, 0, 0, 0, 0, 0, 0, 0, 0, 0, '', 0),
(39, 3, 3, 0, 0, 0, 0, 0, 0, 0, 0, 0, 0, 0, '', 0),
(40, 3, 3, 0, 0, 0, 0, 0, 0, 0, 0, 0, 0, 0, '', 0),
(41, 3, 3, 0, 0, 0, 0, 0, 0, 0, 0, 0, 0, 0, '', 0),
(42, 3, 3, 0, 0, 0, 0, 0, 0, 0, 0, 0, 0, 0, '', 0),
(43, 4, 9, 0, 0, 0, 0, 0, 0, 0, 0, 0, 0, 0, '', 0),
(44, 3, 10, 0, 0, 0, 0, 0, 0, 0, 0, 0, 0, 0, '', 0),
(45, 3, 3, 0, 0, 0, 0, 0, 0, 0, 0, 0, 0, 0, '', 0),
(46, 3, 3, 0, 0, 0, 0, 0, 0, 0, 0, 0, 0, 0, '', 0),
(47, 7, 10, 0, 0, 0, 0, 0, 0, 0, 0, 0, 0, 0, '', 0),
(48, 3, 3, 0, 0, 0, 0, 0, 0, 0, 0, 0, 0, 0, '', 0),
(49, 3, 3, 0, 0, 0, 0, 0, 0, 0, 0, 0, 0, 0, '', 0),
(50, 3, 3, 0, 0, 0, 0, 0, 0, 0, 0, 0, 0, 0, '', 0),
(51, 3, 10, 0, 0, 0, 0, 0, 0, 0, 0, 0, 0, 0, '', 0),
(52, 3, 10, 0, 0, 0, 0, 0, 0, 0, 0, 0, 0, 0, '', 0),
(53, 3, 10, 0, 0, 0, 0, 0, 0, 0, 0, 0, 0, 0, '', 0),
(54, 3, 10, 0, 0, 0, 0, 0, 0, 0, 0, 0, 0, 0, '', 0),
(55, 3, 10, 0, 0, 0, 0, 0, 0, 0, 0, 0, 0, 0, '', 0),
(57, 7, 10, 0, 0, 0, 0, 0, 0, 0, 0, 0, 0, 0, '', 0),
(58, 7, 10, 0, 0, 0, 0, 0, 0, 0, 0, 0, 0, 0, '', 0),
(59, 3, 3, 0, 0, 0, 0, 0, 0, 0, 0, 0, 0, 0, '', 0),
(60, 3, 3, 0, 0, 0, 0, 0, 0, 0, 0, 0, 0, 0, '', 0),
(61, 3, 3, 0, 0, 0, 0, 0, 0, 0, 0, 0, 0, 0, '', 0),
(62, 3, 3, 0, 0, 0, 0, 0, 0, 0, 0, 0, 0, 0, '', 0),
(63, 3, 3, 0, 0, 0, 0, 0, 0, 0, 0, 0, 0, 0, '', 0),
(64, 3, 3, 0, 0, 0, 0, 0, 0, 0, 0, 0, 0, 0, '', 0),
(65, 2, 10, 0, 0, 0, 0, 0, 0, 0, 0, 0, 0, 0, '', 0),
(66, 0, 10, 0, 0, 0, 0, 0, 0, 0, 0, 0, 0, 0, '', 0),
(67, 5, 1, 0, 0, 0, 0, 0, 0, 0, 0, 0, 0, 0, '', 1),
(68, 3, 3, 0, 0, 0, 0, 0, 0, 0, 0, 0, 0, 0, '', 0),
(69, 3, 10, 0, 0, 0, 0, 0, 0, 0, 0, 0, 0, 0, '', 0),
(70, 3, 3, 0, 0, 0, 0, 0, 0, 0, 0, 0, 0, 0, '', 0),
(71, 3, 8, 0, 0, 0, 0, 0, 0, 0, 0, 0, 0, 0, '', 0),
(72, 2, 8, 0, 0, 0, 0, 0, 0, 0, 0, 0, 0, 0, '', 0),
(73, 1, 5, 0, 0, 0, 0, 0, 0, 0, 0, 0, 0, 0, '', 0),
(74, 1, 5, 0, 0, 0, 0, 0, 0, 0, 0, 0, 0, 0, '', 0),
(75, 1, 5, 0, 0, 0, 0, 0, 0, 0, 0, 0, 0, 0, '', 0),
(76, 1, 5, 0, 0, 0, 0, 0, 0, 0, 0, 0, 0, 0, '', 0),
(77, 6, 3, 0, 0, 0, 0, 0, 0, 0, 0, 0, 0, 0, '', 0),
(78, 0, 0, 0, 0, 0, 0, 0, 0, 0, 0, 0, 0, 0, '', 0),
(79, 0, 0, 0, 0, 0, 0, 0, 0, 0, 0, 0, 0, 0, '', 0),
(80, 0, 0, 0, 0, 0, 0, 0, 0, 0, 0, 0, 0, 0, '', 0),
(81, 0, 0, 0, 0, 0, 0, 0, 0, 0, 0, 0, 0, 0, '', 0),
(82, 0, 0, 0, 0, 0, 0, 0, 0, 0, 0, 0, 0, 0, '', 0),
(83, 3, 3, 0, 0, 0, 0, 0, 0, 0, 0, 0, 0, 0, '', 0),
(84, 3, 3, 0, 0, 0, 0, 0, 0, 0, 0, 0, 0, 0, '', 0),
(85, 3, 3, 0, 0, 0, 0, 0, 0, 0, 0, 0, 0, 0, '', 0),
(86, 3, 10, 0, 0, 0, 0, 0, 0, 0, 0, 0, 0, 0, '', 0),
(87, 3, 10, 0, 0, 0, 0, 0, 0, 0, 0, 0, 0, 0, '', 0),
(88, 0, 0, 0, 0, 0, 0, 0, 0, 0, 0, 0, 0, 0, '', 0),
(89, 0, 0, 0, 0, 0, 0, 0, 0, 0, 0, 0, 0, 0, '', 0),
(90, 0, 0, 0, 0, 0, 0, 0, 0, 0, 0, 0, 0, 0, '', 0),
(91, 0, 0, 0, 0, 0, 0, 0, 0, 0, 0, 0, 0, 0, '', 0),
(92, 0, 0, 0, 0, 0, 0, 0, 0, 0, 0, 0, 0, 0, '', 0),
(93, 0, 0, 0, 0, 0, 0, 0, 0, 0, 0, 0, 0, 0, '', 0),
(94, 0, 0, 0, 0, 0, 0, 0, 0, 0, 0, 0, 0, 0, '', 0),
(95, 0, 0, 0, 0, 0, 0, 0, 0, 0, 0, 0, 0, 0, '', 0),
(96, 7, 1, 0, 0, 0, 0, 0, 0, 0, 0, 0, 0, 0, '', 1),
(97, 3, 10, 0, 0, 0, 0, 0, 0, 0, 0, 0, 0, 0, '', 0),
(98, 3, 3, 84, 0, 0, 0, 0, 0, 0, 0, 0, 0, 0, '', 0),
(100, 7, 1, 0, 0, 0, 0, 0, 0, 0, 0, 0, 0, 0, '', 0),
(101, 0, 0, 0, 0, 0, 0, 0, 0, 0, 0, 0, 0, 0, '', 0),
(102, 0, 0, 0, 0, 0, 0, 0, 0, 0, 0, 0, 0, 0, '', 0),
(103, 0, 0, 0, 0, 0, 0, 0, 0, 0, 0, 0, 0, 0, '', 0),
(104, 0, 0, 0, 0, 0, 0, 0, 0, 0, 0, 0, 0, 0, '', 0),
(105, 0, 10, 0, 0, 0, 0, 0, 0, 0, 0, 0, 0, 0, '', 0),
(106, 3, 0, 0, 0, 0, 0, 0, 0, 0, 0, 0, 0, 0, '', 0),
(107, 3, 0, 0, 0, 0, 0, 0, 0, 0, 0, 0, 0, 0, '', 0),
(108, 0, 0, 0, 0, 0, 0, 0, 0, 0, 0, 0, 0, 0, '', 0),
(109, 3, 3, 0, 0, 0, 0, 0, 0, 0, 0, 0, 0, 0, '', 0),
(110, 6, 3, 0, 0, 0, 0, 0, 0, 0, 0, 0, 0, 0, '', 0),
(111, 6, 3, 0, 0, 0, 0, 0, 0, 0, 0, 0, 0, 0, '', 0),
(112, 3, 10, 0, 0, 0, 0, 0, 0, 0, 0, 0, 0, 0, '', 0),
(113, 3, 10, 0, 0, 0, 0, 0, 0, 0, 0, 0, 0, 0, '', 0),
(114, 3, 10, 0, 0, 0, 0, 0, 0, 0, 0, 0, 0, 0, '', 0),
(115, 3, 10, 0, 0, 0, 0, 0, 0, 0, 0, 0, 0, 0, '', 0),
(116, 6, 3, 0, 0, 0, 0, 0, 0, 0, 0, 0, 0, 0, '', 0),
(117, 3, 0, 0, 0, 0, 0, 0, 0, 0, 0, 0, 0, 0, '', 0),
(118, 1, 10, 0, 0, 0, 0, 0, 0, 0, 0, 0, 0, 0, '', 0),
(119, 5, 3, 0, 0, 0, 0, 0, 0, 0, 0, 0, 0, 0, '', 0),
(120, 5, 3, 0, 0, 0, 0, 0, 0, 0, 0, 0, 0, 0, '', 0),
(121, 4, 10, 0, 0, 0, 0, 0, 0, 0, 0, 0, 0, 0, '', 0),
(122, 4, 10, 0, 0, 0, 0, 0, 0, 0, 0, 0, 0, 0, '', 0),
(123, 3, 3, 0, 0, 0, 0, 0, 0, 0, 0, 0, 0, 0, '', 0),
(124, 3, 3, 0, 0, 0, 0, 0, 0, 0, 0, 0, 0, 0, '', 0),
(125, 3, 0, 0, 0, 0, 0, 0, 0, 0, 0, 0, 0, 0, '', 0),
(126, 3, 3, 0, 0, 0, 0, 0, 0, 0, 0, 0, 0, 0, '', 0),
(127, 3, 3, 0, 0, 0, 0, 0, 0, 0, 0, 0, 0, 0, '', 0),
(128, 2, 7, 0, 0, 0, 0, 0, 0, 0, 0, 0, 0, 0, '', 0),
(129, 2, 7, 0, 0, 0, 0, 0, 0, 0, 0, 0, 0, 0, '', 0),
(130, 0, 0, 0, 0, 0, 0, 0, 0, 0, 0, 0, 0, 0, '', 0),
(131, 4, 9, 0, 0, 0, 0, 0, 0, 0, 0, 0, 0, 0, '', 0),
(132, 3, 0, 1189, 0, 0, 0, 0, 0, 0, 0, 0, 0, 0, '', 0),
(133, 3, 0, 0, 0, 0, 0, 0, 0, 0, 0, 0, 0, 0, '', 0),
(134, 3, 3, 0, 0, 0, 0, 0, 0, 0, 0, 0, 0, 0, '', 0),
(135, 3, 3, 0, 0, 0, 0, 0, 0, 0, 0, 0, 0, 0, '', 0),
(136, 3, 3, 0, 0, 0, 0, 0, 0, 0, 0, 0, 0, 0, '', 0),
(137, 3, 3, 0, 0, 0, 0, 0, 0, 0, 0, 0, 0, 0, '', 0),
(138, 1, 10, 0, 0, 0, 0, 0, 0, 0, 0, 0, 0, 0, '', 0),
(139, 1, 10, 0, 0, 0, 0, 0, 0, 0, 0, 0, 0, 0, '', 0),
(141, 3, 3, 0, 0, 0, 0, 0, 0, 0, 0, 0, 0, 0, '', 0),
(142, 3, 10, 0, 0, 0, 0, 0, 0, 0, 0, 0, 0, 0, '', 0),
(143, 3, 10, 0, 0, 0, 0, 0, 0, 0, 0, 0, 0, 0, '', 0),
(144, 3, 3, 0, 0, 0, 0, 0, 0, 0, 0, 0, 0, 0, '', 0),
(145, 3, 3, 0, 0, 0, 0, 0, 0, 0, 0, 0, 0, 0, '', 0),
(146, 3, 3, 0, 0, 0, 0, 0, 0, 0, 0, 0, 0, 0, '', 0),
(147, 3, 3, 0, 0, 0, 0, 0, 0, 0, 0, 0, 0, 0, '', 0),
(148, 3, 3, 0, 0, 0, 0, 0, 0, 0, 0, 0, 0, 0, '', 0),
(149, 2, 3, 0, 0, 0, 0, 0, 0, 0, 0, 0, 0, 0, '', 0),
(150, 2, 10, 0, 0, 0, 0, 0, 0, 0, 0, 0, 0, 0, '', 0),
(151, 0, 0, 0, 0, 0, 0, 0, 0, 0, 0, 0, 0, 0, '', 0),
(152, 3, 8, 0, 0, 0, 0, 0, 0, 0, 0, 0, 0, 0, '', 0),
(153, 3, 8, 0, 0, 0, 0, 0, 0, 0, 0, 0, 0, 0, '', 0),
(154, 3, 10, 0, 0, 0, 0, 0, 0, 0, 0, 0, 0, 0, '', 0),
(155, 3, 3, 1237, 0, 0, 0, 0, 0, 0, 0, 0, 0, 0, '', 0),
(156, 3, 3, 0, 0, 0, 0, 0, 0, 0, 0, 0, 0, 0, '', 0),
(157, 3, 3, 0, 0, 0, 0, 0, 0, 0, 0, 0, 0, 0, '', 0),
(158, 1, 6, 0, 0, 0, 0, 0, 0, 0, 0, 0, 0, 0, '', 0),
(159, 1, 6, 0, 0, 0, 0, 0, 0, 0, 0, 0, 0, 0, '', 0),
(161, 3, 8, 0, 0, 0, 0, 0, 0, 0, 0, 0, 0, 0, '', 0),
(162, 3, 10, 0, 0, 0, 0, 0, 0, 0, 0, 0, 0, 0, '', 0),
(163, 2, 10, 0, 0, 0, 0, 0, 0, 0, 0, 0, 0, 0, '', 0),
(164, 3, 0, 0, 0, 0, 0, 0, 0, 0, 0, 0, 0, 0, '', 0),
(165, 3, 10, 0, 0, 0, 0, 0, 0, 0, 0, 0, 0, 0, '', 0),
(166, 5, 1, 0, 0, 0, 0, 0, 0, 0, 0, 0, 0, 0, '', 1),
(167, 1, 3, 0, 0, 0, 0, 0, 0, 0, 0, 0, 0, 0, '', 0),
(168, 3, 0, 0, 0, 0, 0, 0, 0, 0, 0, 0, 0, 0, '', 0),
(169, 3, 3, 0, 0, 0, 0, 0, 0, 0, 0, 0, 0, 0, '', 0),
(170, 3, 3, 0, 0, 0, 0, 0, 0, 0, 0, 0, 0, 0, '', 0),
(171, 3, 3, 0, 0, 0, 0, 0, 0, 0, 0, 0, 0, 0, '', 0),
(172, 3, 3, 0, 0, 0, 0, 0, 0, 0, 0, 0, 0, 0, '', 0),
(173, 3, 0, 0, 0, 0, 0, 0, 0, 0, 0, 0, 0, 0, '', 0),
(174, 2, 3, 0, 0, 0, 0, 0, 0, 0, 0, 0, 0, 0, '', 0),
(175, 3, 0, 0, 0, 0, 0, 0, 0, 0, 0, 0, 0, 0, '', 0),
(176, 7, 10, 0, 0, 0, 0, 0, 0, 0, 0, 0, 0, 0, '', 1),
(177, 3, 3, 0, 0, 0, 0, 0, 0, 0, 0, 0, 0, 0, '', 0),
(178, 6, 3, 0, 0, 0, 0, 0, 0, 0, 0, 0, 0, 0, '', 0),
(180, 3, 0, 0, 0, 0, 0, 0, 0, 0, 0, 0, 0, 0, '', 0),
(181, 3, 10, 0, 0, 0, 0, 0, 0, 0, 0, 0, 0, 0, '', 0),
(182, 3, 0, 0, 0, 0, 0, 0, 0, 0, 0, 0, 0, 0, '', 0),
(183, 1, 5, 0, 0, 0, 0, 0, 0, 0, 0, 0, 0, 0, '', 0),
(184, 3, 3, 0, 0, 0, 0, 0, 0, 0, 0, 0, 0, 0, '', 0),
(185, 3, 3, 0, 0, 0, 0, 0, 0, 0, 0, 0, 0, 0, '', 0),
(186, 0, 0, 0, 0, 0, 0, 0, 0, 0, 0, 0, 0, 0, '', 0),
(187, 1, 5, 0, 0, 0, 0, 0, 0, 0, 0, 0, 0, 0, '', 0),
(188, 1, 5, 0, 0, 0, 0, 0, 0, 0, 0, 0, 0, 0, '', 0),
(189, 1, 5, 0, 0, 0, 0, 0, 0, 0, 0, 0, 0, 0, '', 0),
(190, 3, 10, 0, 0, 0, 0, 0, 0, 0, 0, 0, 0, 0, '', 0),
(191, 5, 1, 0, 0, 0, 0, 0, 0, 0, 0, 0, 0, 0, '', 0),
(192, 5, 1, 1288, 0, 0, 0, 0, 0, 0, 0, 0, 0, 0, '', 1),
(193, 0, 0, 0, 0, 0, 0, 0, 0, 0, 0, 0, 0, 0, '', 0),
(194, 0, 0, 0, 0, 0, 0, 0, 0, 0, 0, 0, 0, 0, '', 0),
(195, 0, 0, 0, 0, 0, 0, 0, 0, 0, 0, 0, 0, 0, '', 0),
(196, 3, 0, 1273, 0, 0, 0, 0, 0, 0, 0, 0, 0, 0, '', 0),
(197, 3, 3, 0, 0, 0, 0, 0, 0, 0, 0, 0, 0, 0, '', 0),
(198, 3, 3, 0, 0, 0, 0, 0, 0, 0, 0, 0, 0, 0, '', 0),
(199, 6, 3, 0, 0, 0, 0, 0, 0, 0, 0, 0, 0, 0, '', 0),
(200, 1, 7, 0, 0, 0, 0, 0, 0, 0, 0, 0, 0, 0, '', 0),
(201, 3, 0, 0, 0, 0, 0, 0, 0, 0, 0, 0, 0, 0, '', 0),
(202, 1, 10, 0, 0, 0, 0, 0, 0, 0, 0, 0, 0, 0, '', 0),
(203, 3, 3, 0, 0, 0, 0, 0, 0, 0, 0, 0, 0, 0, '', 0),
(204, 5, 3, 0, 0, 0, 0, 0, 0, 0, 0, 0, 0, 0, '', 0),
(205, 4, 10, 0, 0, 0, 0, 0, 0, 0, 0, 0, 0, 0, '', 0),
(206, 5, 1, 0, 0, 0, 0, 0, 0, 0, 0, 0, 0, 0, '', 0),
(207, 3, 3, 0, 0, 0, 0, 0, 0, 0, 0, 0, 0, 0, '', 0),
(208, 3, 3, 0, 0, 0, 0, 0, 0, 0, 0, 0, 0, 0, '', 0),
(209, 3, 10, 0, 0, 0, 0, 0, 0, 0, 0, 0, 0, 0, '', 0),
(210, 1, 6, 0, 0, 0, 0, 0, 0, 0, 0, 0, 0, 0, '', 0),
(211, 1, 6, 0, 0, 0, 0, 0, 0, 0, 0, 0, 0, 0, '', 0),
(212, 1, 6, 0, 0, 0, 0, 0, 0, 0, 0, 0, 0, 0, '', 0),
(213, 1, 6, 0, 0, 0, 0, 0, 0, 0, 0, 0, 0, 0, '', 0),
(214, 1, 6, 0, 0, 0, 0, 0, 0, 0, 0, 0, 0, 0, '', 0),
(215, 1, 6, 0, 0, 0, 0, 0, 0, 0, 0, 0, 0, 0, '', 0),
(216, 5, 10, 0, 0, 0, 0, 0, 0, 0, 0, 0, 0, 0, '', 0),
(217, 3, 3, 0, 0, 0, 0, 0, 0, 0, 0, 0, 0, 0, '', 0),
(218, 3, 3, 0, 0, 0, 0, 0, 0, 0, 0, 0, 0, 0, '', 0),
(219, 3, 10, 0, 0, 0, 0, 0, 0, 0, 0, 0, 0, 0, '', 0),
(220, 5, 1, 0, 0, 0, 0, 0, 0, 0, 0, 0, 0, 0, '', 1),
(221, 5, 1, 0, 0, 0, 0, 0, 0, 0, 0, 0, 0, 0, '', 0),
(222, 3, 10, 0, 0, 0, 0, 0, 0, 0, 0, 0, 0, 0, '', 0),
(223, 0, 0, 0, 0, 0, 0, 0, 0, 0, 0, 0, 0, 0, '', 0),
(224, 1, 3, 0, 0, 0, 0, 0, 0, 0, 0, 0, 0, 0, '', 0),
(225, 3, 3, 0, 0, 0, 0, 0, 0, 0, 0, 0, 0, 0, '', 0),
(226, 5, 10, 1077, 0, 0, 0, 0, 0, 0, 0, 0, 0, 0, '', 0),
(227, 3, 3, 0, 0, 0, 0, 0, 0, 0, 0, 0, 0, 0, '', 0),
(228, 3, 3, 0, 0, 0, 0, 0, 0, 0, 0, 0, 0, 0, '', 0),
(229, 3, 0, 0, 0, 0, 0, 0, 0, 0, 0, 0, 0, 0, '', 0),
(230, 3, 3, 0, 0, 0, 0, 0, 0, 0, 0, 0, 0, 0, '', 0),
(231, 3, 0, 0, 0, 0, 0, 0, 0, 0, 0, 0, 0, 0, '', 0),
(232, 3, 3, 0, 0, 0, 0, 0, 0, 0, 0, 0, 0, 0, '', 0),
(233, 3, 3, 0, 0, 0, 0, 0, 0, 0, 0, 0, 0, 0, '', 0),
(234, 3, 0, 0, 0, 0, 0, 0, 0, 0, 0, 0, 0, 0, '', 0),
(235, 6, 3, 0, 0, 0, 0, 0, 0, 0, 0, 0, 0, 0, '', 0),
(236, 5, 1, 0, 0, 0, 0, 0, 0, 0, 0, 0, 0, 0, '', 0),
(237, 6, 3, 0, 0, 0, 0, 0, 0, 0, 0, 0, 0, 0, '', 0),
(238, 5, 3, 1198, 0, 0, 0, 0, 0, 0, 0, 0, 0, 0, '', 0),
(241, 0, 0, 0, 0, 0, 0, 0, 0, 0, 0, 0, 0, 0, '', 0),
(242, 3, 3, 0, 0, 0, 0, 0, 0, 0, 0, 0, 0, 0, '', 0),
(243, 3, 3, 0, 0, 0, 0, 0, 0, 0, 0, 0, 0, 0, '', 0),
(244, 3, 3, 0, 0, 0, 0, 0, 0, 0, 0, 0, 0, 0, '', 0),
(245, 3, 3, 0, 0, 0, 0, 0, 0, 0, 0, 0, 0, 0, '', 0),
(246, 0, 0, 0, 0, 0, 0, 0, 0, 0, 0, 0, 0, 0, '', 0),
(247, 0, 0, 0, 0, 0, 0, 0, 0, 0, 0, 0, 0, 0, '', 0),
(248, 0, 0, 0, 0, 0, 0, 0, 0, 0, 0, 0, 0, 0, '', 0),
(249, 0, 0, 0, 0, 0, 0, 0, 0, 0, 0, 0, 0, 0, '', 0),
(250, 0, 0, 0, 0, 0, 0, 0, 0, 0, 0, 0, 0, 0, '', 0),
(251, 0, 0, 0, 0, 0, 0, 0, 0, 0, 0, 0, 0, 0, '', 0),
(252, 0, 0, 0, 0, 0, 0, 0, 0, 0, 0, 0, 0, 0, '', 0),
(253, 0, 0, 0, 0, 0, 0, 0, 0, 0, 0, 0, 0, 0, '', 0),
(254, 0, 0, 0, 0, 0, 0, 0, 0, 0, 0, 0, 0, 0, '', 0),
(255, 0, 0, 0, 0, 0, 0, 0, 0, 0, 0, 0, 0, 0, '', 0),
(256, 0, 0, 0, 0, 0, 0, 0, 0, 0, 0, 0, 0, 0, '', 0),
(257, 0, 0, 0, 0, 0, 0, 0, 0, 0, 0, 0, 0, 0, '', 0),
(258, 0, 0, 0, 0, 0, 0, 0, 0, 0, 0, 0, 0, 0, '', 0),
(259, 0, 0, 0, 0, 0, 0, 0, 0, 0, 0, 0, 0, 0, '', 0),
(260, 0, 0, 0, 0, 0, 0, 0, 0, 0, 0, 0, 0, 0, '', 0),
(261, 0, 0, 0, 0, 0, 0, 0, 0, 0, 0, 0, 0, 0, '', 0),
(262, 0, 0, 0, 0, 0, 0, 0, 0, 0, 0, 0, 0, 0, '', 0),
(263, 0, 0, 0, 0, 0, 0, 0, 0, 0, 0, 0, 0, 0, '', 0),
(264, 0, 0, 0, 0, 0, 0, 0, 0, 0, 0, 0, 0, 0, '', 0),
(265, 0, 0, 0, 0, 0, 0, 0, 0, 0, 0, 0, 0, 0, '', 0),
(266, 0, 0, 0, 0, 0, 0, 0, 0, 0, 0, 0, 0, 0, '', 0),
(267, 0, 0, 0, 0, 0, 0, 0, 0, 0, 0, 0, 0, 0, '', 0),
(268, 0, 0, 0, 0, 0, 0, 0, 0, 0, 0, 0, 0, 0, '', 0),
(269, 0, 0, 0, 0, 0, 0, 0, 0, 0, 0, 0, 0, 0, '', 0),
(270, 0, 0, 0, 0, 0, 0, 0, 0, 0, 0, 0, 0, 0, '', 0),
(271, 0, 0, 0, 0, 0, 0, 0, 0, 0, 0, 0, 0, 0, '', 0),
(272, 0, 0, 0, 0, 0, 0, 0, 0, 0, 0, 0, 0, 0, '', 0),
(273, 0, 0, 0, 0, 0, 0, 0, 0, 0, 0, 0, 0, 0, '', 0),
(274, 0, 0, 0, 0, 0, 0, 0, 0, 0, 0, 0, 0, 0, '', 0),
(275, 0, 0, 0, 0, 0, 0, 0, 0, 0, 0, 0, 0, 0, '', 0),
(276, 0, 0, 0, 0, 0, 0, 0, 0, 0, 0, 0, 0, 0, '', 0),
(277, 0, 0, 0, 0, 0, 0, 0, 0, 0, 0, 0, 0, 0, '', 0),
(278, 0, 0, 0, 0, 0, 0, 0, 0, 0, 0, 0, 0, 0, '', 0),
(279, 0, 0, 0, 0, 0, 0, 0, 0, 0, 0, 0, 0, 0, '', 0),
(280, 0, 0, 0, 0, 0, 0, 0, 0, 0, 0, 0, 0, 0, '', 0),
(281, 0, 0, 0, 0, 0, 0, 0, 0, 0, 0, 0, 0, 0, '', 0),
(282, 0, 0, 0, 0, 0, 0, 0, 0, 0, 0, 0, 0, 0, '', 0),
(283, 0, 0, 0, 0, 0, 0, 0, 0, 0, 0, 0, 0, 0, '', 0),
(284, 0, 0, 0, 0, 0, 0, 0, 0, 0, 0, 0, 0, 0, '', 0),
(285, 0, 0, 0, 0, 0, 0, 0, 0, 0, 0, 0, 0, 0, '', 0),
(286, 0, 0, 0, 0, 0, 0, 0, 0, 0, 0, 0, 0, 0, '', 0),
(287, 0, 0, 0, 0, 0, 0, 0, 0, 0, 0, 0, 0, 0, '', 0),
(288, 0, 0, 0, 0, 0, 0, 0, 0, 0, 0, 0, 0, 0, '', 0),
(289, 0, 0, 0, 0, 0, 0, 0, 0, 0, 0, 0, 0, 0, '', 0),
(290, 0, 0, 0, 0, 0, 0, 0, 0, 0, 0, 0, 0, 0, '', 0),
(291, 0, 0, 0, 0, 0, 0, 0, 0, 0, 0, 0, 0, 0, '', 0),
(292, 0, 0, 0, 0, 0, 0, 0, 0, 0, 0, 0, 0, 0, '', 0),
(293, 0, 0, 0, 0, 0, 0, 0, 0, 0, 0, 0, 0, 0, '', 0),
(294, 0, 0, 0, 0, 0, 0, 0, 0, 0, 0, 0, 0, 0, '', 0),
(295, 0, 0, 0, 0, 0, 0, 0, 0, 0, 0, 0, 0, 0, '', 0),
(296, 0, 0, 0, 0, 0, 0, 0, 0, 0, 0, 0, 0, 0, '', 0),
(297, 0, 0, 0, 0, 0, 0, 0, 0, 0, 0, 0, 0, 0, '', 0),
(298, 0, 0, 0, 0, 0, 0, 0, 0, 0, 0, 0, 0, 0, '', 0),
(299, 0, 0, 0, 0, 0, 0, 0, 0, 0, 0, 0, 0, 0, '', 0),
(300, 0, 0, 0, 0, 0, 0, 0, 0, 0, 0, 0, 0, 0, '', 0),
(301, 0, 0, 0, 0, 0, 0, 0, 0, 0, 0, 0, 0, 0, '', 0),
(302, 0, 0, 0, 0, 0, 0, 0, 0, 0, 0, 0, 0, 0, '', 0),
(303, 0, 0, 0, 0, 0, 0, 0, 0, 0, 0, 0, 0, 0, '', 0),
(304, 0, 0, 0, 0, 0, 0, 0, 0, 0, 0, 0, 0, 0, '', 0),
(305, 0, 0, 0, 0, 0, 0, 0, 0, 0, 0, 0, 0, 0, '', 0),
(306, 0, 0, 0, 0, 0, 0, 0, 0, 0, 0, 0, 0, 0, '', 0),
(307, 0, 0, 0, 0, 0, 0, 0, 0, 0, 0, 0, 0, 0, '', 0),
(308, 0, 0, 0, 0, 0, 0, 0, 0, 0, 0, 0, 0, 0, '', 0),
(309, 0, 0, 0, 0, 0, 0, 0, 0, 0, 0, 0, 0, 0, '', 0),
(310, 0, 0, 0, 0, 0, 0, 0, 0, 0, 0, 0, 0, 0, '', 0),
(311, 0, 0, 0, 0, 0, 0, 0, 0, 0, 0, 0, 0, 0, '', 0),
(312, 0, 0, 0, 0, 0, 0, 0, 0, 0, 0, 0, 0, 0, '', 0),
(313, 0, 0, 0, 0, 0, 0, 0, 0, 0, 0, 0, 0, 0, '', 0),
(314, 0, 0, 0, 0, 0, 0, 0, 0, 0, 0, 0, 0, 0, '', 0),
(315, 0, 0, 0, 0, 0, 0, 0, 0, 0, 0, 0, 0, 0, '', 0),
(316, 0, 0, 0, 0, 0, 0, 0, 0, 0, 0, 0, 0, 0, '', 0),
(317, 0, 0, 0, 0, 0, 0, 0, 0, 0, 0, 0, 0, 0, '', 0),
(318, 0, 0, 0, 0, 0, 0, 0, 0, 0, 0, 0, 0, 0, '', 0),
(319, 0, 0, 0, 0, 0, 0, 0, 0, 0, 0, 0, 0, 0, '', 0),
(320, 0, 0, 0, 0, 0, 0, 0, 0, 0, 0, 0, 0, 0, '', 0),
(321, 0, 0, 0, 0, 0, 0, 0, 0, 0, 0, 0, 0, 0, '', 0),
(322, 0, 0, 0, 0, 0, 0, 0, 0, 0, 0, 0, 0, 0, '', 1),
(323, 0, 0, 0, 0, 0, 0, 0, 0, 0, 0, 0, 0, 0, '', 0),
(324, 0, 0, 0, 0, 0, 0, 0, 0, 0, 0, 0, 0, 0, '', 0),
(325, 0, 0, 0, 0, 0, 0, 0, 0, 0, 0, 0, 0, 0, '', 0),
(326, 0, 0, 0, 0, 0, 0, 0, 0, 0, 0, 0, 0, 0, '', 0),
(327, 0, 0, 0, 0, 0, 0, 0, 0, 0, 0, 0, 0, 0, '', 0),
(328, 0, 0, 0, 0, 0, 0, 0, 0, 0, 0, 0, 0, 0, '', 0),
(329, 0, 0, 0, 0, 0, 0, 0, 0, 0, 0, 0, 0, 0, '', 0),
(330, 0, 0, 0, 0, 0, 0, 0, 0, 0, 0, 0, 0, 0, '', 0),
(331, 0, 0, 0, 0, 0, 0, 0, 0, 0, 0, 0, 0, 0, '', 0),
(332, 0, 0, 0, 0, 0, 0, 0, 0, 0, 0, 0, 0, 0, '', 0),
(333, 0, 0, 0, 0, 0, 0, 0, 0, 0, 0, 0, 0, 0, '', 0),
(334, 0, 0, 0, 0, 0, 0, 0, 0, 0, 0, 0, 0, 0, '', 0),
(335, 0, 0, 0, 0, 0, 0, 0, 0, 0, 0, 0, 0, 0, '', 0),
(336, 0, 0, 0, 0, 0, 0, 0, 0, 0, 0, 0, 0, 0, '', 0),
(337, 0, 0, 0, 0, 0, 0, 0, 0, 0, 0, 0, 0, 0, '', 0),
(338, 0, 0, 0, 0, 0, 0, 0, 0, 0, 0, 0, 0, 0, '', 0),
(339, 0, 0, 0, 0, 0, 0, 0, 0, 0, 0, 0, 0, 0, '', 0),
(340, 0, 0, 0, 0, 0, 0, 0, 0, 0, 0, 0, 0, 0, '', 0),
(341, 0, 0, 0, 0, 0, 0, 0, 0, 0, 0, 0, 0, 0, '', 0),
(342, 0, 0, 0, 0, 0, 0, 0, 0, 0, 0, 0, 0, 0, '', 0),
(343, 0, 0, 0, 0, 0, 0, 0, 0, 0, 0, 0, 0, 0, '', 0),
(344, 0, 0, 0, 0, 0, 0, 0, 0, 0, 0, 0, 0, 0, '', 0),
(345, 0, 0, 0, 0, 0, 0, 0, 0, 0, 0, 0, 0, 0, '', 0),
(346, 0, 0, 0, 0, 0, 0, 0, 0, 0, 0, 0, 0, 0, '', 0),
(347, 0, 0, 0, 0, 0, 0, 0, 0, 0, 0, 0, 0, 0, '', 0),
(348, 0, 0, 0, 0, 0, 0, 0, 0, 0, 0, 0, 0, 0, '', 0),
(349, 0, 0, 0, 0, 0, 0, 0, 0, 0, 0, 0, 0, 0, '', 0),
(350, 0, 0, 0, 0, 0, 0, 0, 0, 0, 0, 0, 0, 0, '', 0),
(351, 0, 0, 0, 0, 0, 0, 0, 0, 0, 0, 0, 0, 0, '', 0),
(352, 0, 0, 0, 0, 0, 0, 0, 0, 0, 0, 0, 0, 0, '', 0),
(353, 0, 0, 0, 0, 0, 0, 0, 0, 0, 0, 0, 0, 0, '', 0),
(354, 0, 0, 0, 0, 0, 0, 0, 0, 0, 0, 0, 0, 0, '', 0),
(355, 0, 0, 0, 0, 0, 0, 0, 0, 0, 0, 0, 0, 0, '', 0),
(356, 0, 0, 0, 0, 0, 0, 0, 0, 0, 0, 0, 0, 0, '', 0),
(357, 0, 0, 0, 0, 0, 0, 0, 0, 0, 0, 0, 0, 0, '', 0),
(358, 0, 0, 0, 0, 0, 0, 0, 0, 0, 0, 0, 0, 0, '', 0),
(359, 0, 0, 0, 0, 0, 0, 0, 0, 0, 0, 0, 0, 0, '', 0),
(360, 0, 0, 0, 0, 0, 0, 0, 0, 0, 0, 0, 0, 0, '', 0),
(361, 0, 0, 0, 0, 0, 0, 0, 0, 0, 0, 0, 0, 0, '', 0),
(362, 0, 0, 0, 0, 0, 0, 0, 0, 0, 0, 0, 0, 0, '', 0),
(363, 0, 0, 0, 0, 0, 0, 0, 0, 0, 0, 0, 0, 0, '', 0),
(364, 0, 0, 0, 0, 0, 0, 0, 0, 0, 0, 0, 0, 0, '', 0),
(365, 0, 0, 0, 0, 0, 0, 0, 0, 0, 0, 0, 0, 0, '', 0),
(366, 0, 0, 0, 0, 0, 0, 0, 0, 0, 0, 0, 0, 0, '', 0),
(367, 0, 0, 0, 0, 0, 0, 0, 0, 0, 0, 0, 0, 0, '', 0),
(368, 0, 0, 0, 0, 0, 0, 0, 0, 0, 0, 0, 0, 0, '', 0),
(369, 0, 0, 0, 0, 0, 0, 0, 0, 0, 0, 0, 0, 0, '', 0),
(370, 0, 0, 0, 0, 0, 0, 0, 0, 0, 0, 0, 0, 0, '', 0),
(371, 0, 0, 0, 0, 0, 0, 0, 0, 0, 0, 0, 0, 0, '', 0),
(372, 0, 0, 0, 0, 0, 0, 0, 0, 0, 0, 0, 0, 0, '', 0),
(373, 0, 0, 0, 0, 0, 0, 0, 0, 0, 0, 0, 0, 0, '', 0),
(374, 0, 0, 0, 0, 0, 0, 0, 0, 0, 0, 0, 0, 0, '', 0),
(375, 0, 0, 0, 0, 0, 0, 0, 0, 0, 0, 0, 0, 0, '', 0),
(376, 0, 0, 0, 0, 0, 0, 0, 0, 0, 0, 0, 0, 0, '', 0),
(377, 0, 0, 0, 0, 0, 0, 0, 0, 0, 0, 0, 0, 0, '', 0),
(378, 0, 0, 0, 0, 0, 0, 0, 0, 0, 0, 0, 0, 0, '', 0),
(379, 0, 0, 0, 0, 0, 0, 0, 0, 0, 0, 0, 0, 0, '', 0),
(380, 0, 0, 0, 0, 0, 0, 0, 0, 0, 0, 0, 0, 0, '', 0),
(381, 0, 0, 0, 0, 0, 0, 0, 0, 0, 0, 0, 0, 0, '', 0),
(382, 0, 0, 0, 0, 0, 0, 0, 0, 0, 0, 0, 0, 0, '', 0),
(383, 0, 0, 0, 0, 0, 0, 0, 0, 0, 0, 0, 0, 0, '', 0),
(384, 0, 0, 0, 0, 0, 0, 0, 0, 0, 0, 0, 0, 0, '', 0),
(385, 0, 0, 0, 0, 0, 0, 0, 0, 0, 0, 0, 0, 0, '', 0),
(386, 0, 0, 0, 0, 0, 0, 0, 0, 0, 0, 0, 0, 0, '', 0),
(387, 0, 0, 0, 0, 0, 0, 0, 0, 0, 0, 0, 0, 0, '', 0),
(388, 0, 0, 0, 0, 0, 0, 0, 0, 0, 0, 0, 0, 0, '', 0),
(389, 0, 0, 0, 0, 0, 0, 0, 0, 0, 0, 0, 0, 0, '', 0),
(390, 0, 0, 0, 0, 0, 0, 0, 0, 0, 0, 0, 0, 0, '', 0),
(391, 0, 0, 0, 0, 0, 0, 0, 0, 0, 0, 0, 0, 0, '', 0),
(392, 0, 0, 0, 0, 0, 0, 0, 0, 0, 0, 0, 0, 0, '', 0),
(393, 0, 0, 0, 0, 0, 0, 0, 0, 0, 0, 0, 0, 0, '', 0),
(394, 0, 0, 0, 0, 0, 0, 0, 0, 0, 0, 0, 0, 0, '', 0),
(395, 0, 0, 0, 0, 0, 0, 0, 0, 0, 0, 0, 0, 0, '', 0),
(396, 0, 0, 0, 0, 0, 0, 0, 0, 0, 0, 0, 0, 0, '', 0),
(397, 0, 0, 0, 0, 0, 0, 0, 0, 0, 0, 0, 0, 0, '', 0),
(398, 0, 0, 0, 0, 0, 0, 0, 0, 0, 0, 0, 0, 0, '', 0),
(399, 0, 0, 0, 0, 0, 0, 0, 0, 0, 0, 0, 0, 0, '', 0),
(400, 0, 0, 0, 0, 0, 0, 0, 0, 0, 0, 0, 0, 0, '', 0),
(401, 0, 0, 0, 0, 0, 0, 0, 0, 0, 0, 0, 0, 0, '', 0),
(402, 0, 0, 0, 0, 0, 0, 0, 0, 0, 0, 0, 0, 0, '', 0),
(403, 0, 0, 0, 0, 0, 0, 0, 0, 0, 0, 0, 0, 0, '', 0),
(404, 0, 0, 0, 0, 0, 0, 0, 0, 0, 0, 0, 0, 0, '', 0),
(405, 0, 0, 0, 0, 0, 0, 0, 0, 0, 0, 0, 0, 0, '', 0),
(406, 0, 0, 0, 0, 0, 0, 0, 0, 0, 0, 0, 0, 0, '', 0),
(407, 0, 0, 0, 0, 0, 0, 0, 0, 0, 0, 0, 0, 0, '', 0),
(408, 0, 0, 0, 0, 0, 0, 0, 0, 0, 0, 0, 0, 0, '', 0),
(409, 0, 0, 0, 0, 0, 0, 0, 0, 0, 0, 0, 0, 0, '', 0),
(410, 0, 0, 0, 0, 0, 0, 0, 0, 0, 0, 0, 0, 0, '', 0),
(411, 0, 0, 0, 0, 0, 0, 0, 0, 0, 0, 0, 0, 0, '', 0),
(412, 0, 0, 0, 0, 0, 0, 0, 0, 0, 0, 0, 0, 0, '', 0),
(413, 0, 0, 0, 0, 0, 0, 0, 0, 0, 0, 0, 0, 0, '', 0),
(414, 0, 0, 0, 0, 0, 0, 0, 0, 0, 0, 0, 0, 0, '', 0),
(415, 0, 0, 0, 0, 0, 0, 0, 0, 0, 0, 0, 0, 0, '', 0),
(416, 0, 0, 0, 0, 0, 0, 0, 0, 0, 0, 0, 0, 0, '', 0),
(417, 0, 0, 0, 0, 0, 0, 0, 0, 0, 0, 0, 0, 0, '', 0),
(418, 0, 0, 0, 0, 0, 0, 0, 0, 0, 0, 0, 0, 0, '', 0),
(419, 0, 0, 0, 0, 0, 0, 0, 0, 0, 0, 0, 0, 0, '', 0),
(420, 0, 0, 0, 0, 0, 0, 0, 0, 0, 0, 0, 0, 0, '', 0),
(421, 0, 0, 0, 0, 0, 0, 0, 0, 0, 0, 0, 0, 0, '', 0),
(422, 0, 0, 0, 0, 0, 0, 0, 0, 0, 0, 0, 0, 0, '', 0),
(423, 0, 0, 0, 0, 0, 0, 0, 0, 0, 0, 0, 0, 0, '', 0),
(424, 0, 0, 0, 0, 0, 0, 0, 0, 0, 0, 0, 0, 0, '', 0),
(425, 3, 3, 0, 0, 0, 0, 0, 0, 0, 0, 0, 0, 0, '', 0),
(426, 3, 3, 0, 0, 0, 0, 0, 0, 0, 0, 0, 0, 0, '', 0),
(427, 0, 0, 0, 0, 0, 0, 0, 0, 0, 0, 0, 0, 0, '', 0),
(428, 3, 3, 0, 0, 0, 0, 0, 0, 0, 0, 0, 0, 0, '', 0),
(429, 3, 3, 0, 0, 0, 0, 0, 0, 0, 0, 0, 0, 0, '', 0),
(430, 0, 0, 0, 0, 0, 0, 0, 0, 0, 0, 0, 0, 0, '', 0),
(431, 0, 0, 0, 0, 0, 0, 0, 0, 0, 0, 0, 0, 0, '', 0),
(432, 0, 0, 0, 0, 0, 0, 0, 0, 0, 0, 0, 0, 0, '', 0),
(433, 0, 0, 0, 0, 0, 0, 0, 0, 0, 0, 0, 0, 0, '', 0),
(434, 0, 0, 0, 0, 0, 0, 0, 0, 0, 0, 0, 0, 0, '', 0),
(435, 0, 0, 0, 0, 0, 0, 0, 0, 0, 0, 0, 0, 0, '', 0),
(436, 0, 0, 0, 0, 0, 0, 0, 0, 0, 0, 0, 0, 0, '', 0),
(437, 0, 0, 0, 0, 0, 0, 0, 0, 0, 0, 0, 0, 0, '', 0),
(438, 0, 0, 0, 0, 0, 0, 0, 0, 0, 0, 0, 0, 0, '', 0),
(439, 0, 0, 0, 0, 0, 0, 0, 0, 0, 0, 0, 0, 0, '', 0),
(440, 0, 0, 0, 0, 0, 0, 0, 0, 0, 0, 0, 0, 0, '', 0),
(441, 0, 0, 0, 0, 0, 0, 0, 0, 0, 0, 0, 0, 0, '', 0),
(442, 0, 0, 0, 0, 0, 0, 0, 0, 0, 0, 0, 0, 0, '', 0),
(443, 0, 0, 0, 0, 0, 0, 0, 0, 0, 0, 0, 0, 0, '', 0),
(444, 0, 0, 0, 0, 0, 0, 0, 0, 0, 0, 0, 0, 0, '', 0),
(445, 0, 0, 0, 0, 0, 0, 0, 0, 0, 0, 0, 0, 0, '', 0),
(446, 0, 0, 0, 0, 0, 0, 0, 0, 0, 0, 0, 0, 0, '', 0),
(447, 0, 0, 0, 0, 0, 0, 0, 0, 0, 0, 0, 0, 0, '', 0),
(448, 0, 0, 0, 0, 0, 0, 0, 0, 0, 0, 0, 0, 0, '', 0),
(449, 0, 0, 0, 0, 0, 0, 0, 0, 0, 0, 0, 0, 0, '', 0),
(450, 0, 0, 0, 0, 0, 0, 0, 0, 0, 0, 0, 0, 0, '', 0),
(451, 0, 0, 0, 0, 0, 0, 0, 0, 0, 0, 0, 0, 0, '', 0),
(452, 0, 0, 0, 0, 0, 0, 0, 0, 0, 0, 0, 0, 0, '', 0),
(453, 0, 0, 0, 0, 0, 0, 0, 0, 0, 0, 0, 0, 0, '', 0),
(454, 0, 0, 0, 0, 0, 0, 0, 0, 0, 0, 0, 0, 0, '', 0),
(455, 0, 0, 0, 0, 0, 0, 0, 0, 0, 0, 0, 0, 0, '', 0),
(456, 0, 0, 0, 0, 0, 0, 0, 0, 0, 0, 0, 0, 0, '', 0),
(457, 0, 0, 0, 0, 0, 0, 0, 0, 0, 0, 0, 0, 0, '', 0),
(458, 0, 0, 0, 0, 0, 0, 0, 0, 0, 0, 0, 0, 0, '', 0),
(459, 0, 0, 0, 0, 0, 0, 0, 0, 0, 0, 0, 0, 0, '', 0),
(460, 0, 0, 0, 0, 0, 0, 0, 0, 0, 0, 0, 0, 0, '', 0),
(461, 0, 0, 0, 0, 0, 0, 0, 0, 0, 0, 0, 0, 0, '', 0),
(462, 0, 0, 0, 0, 0, 0, 0, 0, 0, 0, 0, 0, 0, '', 0),
(463, 0, 0, 0, 0, 0, 0, 0, 0, 0, 0, 0, 0, 0, '', 0),
(464, 0, 0, 0, 0, 0, 0, 0, 0, 0, 0, 0, 0, 0, '', 0),
(465, 0, 0, 0, 0, 0, 0, 0, 0, 0, 0, 0, 0, 0, '', 0),
(466, 0, 0, 0, 0, 0, 0, 0, 0, 0, 0, 0, 0, 0, '', 0),
(467, 0, 0, 0, 0, 0, 0, 0, 0, 0, 0, 0, 0, 0, '', 0),
(468, 0, 0, 0, 0, 0, 0, 0, 0, 0, 0, 0, 0, 0, '', 0),
(469, 0, 0, 0, 0, 0, 0, 0, 0, 0, 0, 0, 0, 0, '', 0),
(470, 0, 0, 0, 0, 0, 0, 0, 0, 0, 0, 0, 0, 0, '', 0),
(471, 0, 0, 0, 0, 0, 0, 0, 0, 0, 0, 0, 0, 0, '', 0),
(472, 0, 0, 0, 0, 0, 0, 0, 0, 0, 0, 0, 0, 0, '', 0),
(473, 0, 0, 0, 0, 0, 0, 0, 0, 0, 0, 0, 0, 0, '', 0),
(474, 0, 0, 0, 0, 0, 0, 0, 0, 0, 0, 0, 0, 0, '', 0),
(475, 0, 0, 0, 0, 0, 0, 0, 0, 0, 0, 0, 0, 0, '', 0),
(476, 0, 0, 0, 0, 0, 0, 0, 0, 0, 0, 0, 0, 0, '', 0),
(477, 0, 0, 0, 0, 0, 0, 0, 0, 0, 0, 0, 0, 0, '', 0),
(478, 0, 0, 0, 0, 0, 0, 0, 0, 0, 0, 0, 0, 0, '', 0),
(479, 0, 0, 0, 0, 0, 0, 0, 0, 0, 0, 0, 0, 0, '', 0),
(480, 0, 0, 0, 0, 0, 0, 0, 0, 0, 0, 0, 0, 0, '', 0),
(481, 0, 0, 0, 0, 0, 0, 0, 0, 0, 0, 0, 0, 0, '', 0),
(482, 0, 0, 0, 0, 0, 0, 0, 0, 0, 0, 0, 0, 0, '', 0),
(483, 0, 0, 0, 0, 0, 0, 0, 0, 0, 0, 0, 0, 0, '', 0),
(484, 0, 0, 0, 0, 0, 0, 0, 0, 0, 0, 0, 0, 0, '', 0),
(485, 0, 0, 0, 0, 0, 0, 0, 0, 0, 0, 0, 0, 0, '', 0),
(486, 0, 0, 0, 0, 0, 0, 0, 0, 0, 0, 0, 0, 0, '', 0),
(487, 0, 0, 0, 0, 0, 0, 0, 0, 0, 0, 0, 0, 0, '', 0),
(488, 0, 0, 0, 0, 0, 0, 0, 0, 0, 0, 0, 0, 0, '', 0),
(489, 0, 0, 0, 0, 0, 0, 0, 0, 0, 0, 0, 0, 0, '', 0),
(490, 0, 0, 0, 0, 0, 0, 0, 0, 0, 0, 0, 0, 0, '', 0),
(491, 0, 0, 0, 0, 0, 0, 0, 0, 0, 0, 0, 0, 0, '', 0),
(492, 0, 0, 0, 0, 0, 0, 0, 0, 0, 0, 0, 0, 0, '', 0),
(493, 0, 0, 0, 0, 0, 0, 0, 0, 0, 0, 0, 0, 0, '', 0),
(494, 0, 0, 0, 0, 0, 0, 0, 0, 0, 0, 0, 0, 0, '', 0),
(495, 0, 0, 0, 0, 0, 0, 0, 0, 0, 0, 0, 0, 0, '', 0),
(496, 0, 0, 0, 0, 0, 0, 0, 0, 0, 0, 0, 0, 0, '', 0),
(497, 0, 0, 0, 0, 0, 0, 0, 0, 0, 0, 0, 0, 0, '', 0),
(498, 0, 0, 0, 0, 0, 0, 0, 0, 0, 0, 0, 0, 0, '', 0),
(499, 0, 0, 0, 0, 0, 0, 0, 0, 0, 0, 0, 0, 0, '', 0),
(500, 0, 0, 0, 0, 0, 0, 0, 0, 0, 0, 0, 0, 0, '', 0),
(501, 0, 0, 0, 0, 0, 0, 0, 0, 0, 0, 0, 0, 0, '', 0),
(502, 0, 0, 0, 0, 0, 0, 0, 0, 0, 0, 0, 0, 0, '', 0),
(503, 0, 0, 0, 0, 0, 0, 0, 0, 0, 0, 0, 0, 0, '', 0),
(504, 0, 0, 0, 0, 0, 0, 0, 0, 0, 0, 0, 0, 0, '', 0),
(505, 0, 0, 0, 0, 0, 0, 0, 0, 0, 0, 0, 0, 0, '', 0),
(506, 0, 0, 0, 0, 0, 0, 0, 0, 0, 0, 0, 0, 0, '', 0),
(507, 0, 0, 0, 0, 0, 0, 0, 0, 0, 0, 0, 0, 0, '', 0),
(508, 0, 0, 0, 0, 0, 0, 0, 0, 0, 0, 0, 0, 0, '', 0),
(509, 0, 0, 0, 0, 0, 0, 0, 0, 0, 0, 0, 0, 0, '', 0),
(510, 0, 0, 0, 0, 0, 0, 0, 0, 0, 0, 0, 0, 0, '', 0),
(511, 0, 0, 0, 0, 0, 0, 0, 0, 0, 0, 0, 0, 0, '', 0),
(512, 0, 0, 0, 0, 0, 0, 0, 0, 0, 0, 0, 0, 0, '', 0),
(513, 0, 0, 0, 0, 0, 0, 0, 0, 0, 0, 0, 0, 0, '', 0),
(514, 0, 0, 0, 0, 0, 0, 0, 0, 0, 0, 0, 0, 0, '', 0),
(515, 0, 0, 0, 0, 0, 0, 0, 0, 0, 0, 0, 0, 0, '', 0),
(516, 0, 0, 0, 0, 0, 0, 0, 0, 0, 0, 0, 0, 0, '', 0),
(517, 0, 0, 0, 0, 0, 0, 0, 0, 0, 0, 0, 0, 0, '', 0),
(518, 0, 0, 0, 0, 0, 0, 0, 0, 0, 0, 0, 0, 0, '', 0),
(519, 0, 0, 0, 0, 0, 0, 0, 0, 0, 0, 0, 0, 0, '', 0),
(520, 0, 0, 0, 0, 0, 0, 0, 0, 0, 0, 0, 0, 0, '', 0),
(521, 0, 0, 0, 0, 0, 0, 0, 0, 0, 0, 0, 0, 0, '', 0),
(522, 0, 0, 0, 0, 0, 0, 0, 0, 0, 0, 0, 0, 0, '', 0),
(523, 0, 0, 0, 0, 0, 0, 0, 0, 0, 0, 0, 0, 0, '', 0),
(524, 0, 0, 0, 0, 0, 0, 0, 0, 0, 0, 0, 0, 0, '', 0),
(525, 0, 0, 0, 0, 0, 0, 0, 0, 0, 0, 0, 0, 0, '', 0),
(526, 0, 0, 0, 0, 0, 0, 0, 0, 0, 0, 0, 0, 0, '', 0),
(527, 0, 0, 0, 0, 0, 0, 0, 0, 0, 0, 0, 0, 0, '', 0),
(528, 0, 0, 0, 0, 0, 0, 0, 0, 0, 0, 0, 0, 0, '', 0),
(529, 0, 0, 0, 0, 0, 0, 0, 0, 0, 0, 0, 0, 0, '', 0),
(530, 0, 0, 0, 0, 0, 0, 0, 0, 0, 0, 0, 0, 0, '', 0),
(531, 0, 0, 0, 0, 0, 0, 0, 0, 0, 0, 0, 0, 0, '', 0),
(532, 0, 0, 0, 0, 0, 0, 0, 0, 0, 0, 0, 0, 0, '', 0),
(533, 0, 0, 0, 0, 0, 0, 0, 0, 0, 0, 0, 0, 0, '', 0),
(534, 0, 0, 0, 0, 0, 0, 0, 0, 0, 0, 0, 0, 0, '', 0),
(535, 0, 0, 0, 0, 0, 0, 0, 0, 0, 0, 0, 0, 0, '', 0),
(536, 0, 0, 0, 0, 0, 0, 0, 0, 0, 0, 0, 0, 0, '', 0),
(537, 0, 0, 0, 0, 0, 0, 0, 0, 0, 0, 0, 0, 0, '', 0),
(538, 0, 0, 0, 0, 0, 0, 0, 0, 0, 0, 0, 0, 0, '', 0),
(539, 0, 0, 0, 0, 0, 0, 0, 0, 0, 0, 0, 0, 0, '', 0),
(540, 0, 0, 0, 0, 0, 0, 0, 0, 0, 0, 0, 0, 0, '', 0),
(541, 0, 0, 0, 0, 0, 0, 0, 0, 0, 0, 0, 0, 0, '', 0),
(542, 0, 0, 0, 0, 0, 0, 0, 0, 0, 0, 0, 0, 0, '', 0),
(543, 0, 0, 0, 0, 0, 0, 0, 0, 0, 0, 0, 0, 0, '', 0),
(544, 0, 0, 0, 0, 0, 0, 0, 0, 0, 0, 0, 0, 0, '', 0),
(545, 0, 0, 0, 0, 0, 0, 0, 0, 0, 0, 0, 0, 0, '', 0),
(546, 0, 0, 0, 0, 0, 0, 0, 0, 0, 0, 0, 0, 0, '', 0),
(547, 0, 0, 0, 0, 0, 0, 0, 0, 0, 0, 0, 0, 0, '', 0),
(548, 0, 0, 0, 0, 0, 0, 0, 0, 0, 0, 0, 0, 0, '', 0),
(549, 0, 0, 0, 0, 0, 0, 0, 0, 0, 0, 0, 0, 0, '', 0),
(550, 0, 0, 0, 0, 0, 0, 0, 0, 0, 0, 0, 0, 0, '', 0),
(551, 0, 0, 0, 0, 0, 0, 0, 0, 0, 0, 0, 0, 0, '', 0),
(552, 0, 0, 0, 0, 0, 0, 0, 0, 0, 0, 0, 0, 0, '', 0),
(553, 0, 0, 0, 0, 0, 0, 0, 0, 0, 0, 0, 0, 0, '', 0),
(554, 0, 0, 0, 0, 0, 0, 0, 0, 0, 0, 0, 0, 0, '', 0),
(555, 0, 0, 0, 0, 0, 0, 0, 0, 0, 0, 0, 0, 0, '', 0),
(556, 0, 0, 0, 0, 0, 0, 0, 0, 0, 0, 0, 0, 0, '', 0),
(557, 0, 0, 0, 0, 0, 0, 0, 0, 0, 0, 0, 0, 0, '', 0),
(558, 0, 0, 0, 0, 0, 0, 0, 0, 0, 0, 0, 0, 0, '', 0),
(559, 0, 0, 0, 0, 0, 0, 0, 0, 0, 0, 0, 0, 0, '', 0),
(560, 0, 0, 0, 0, 0, 0, 0, 0, 0, 0, 0, 0, 0, '', 0),
(561, 0, 0, 0, 0, 0, 0, 0, 0, 0, 0, 0, 0, 0, '', 0),
(562, 0, 0, 0, 0, 0, 0, 0, 0, 0, 0, 0, 0, 0, '', 0),
(563, 0, 0, 0, 0, 0, 0, 0, 0, 0, 0, 0, 0, 0, '', 0),
(564, 0, 0, 0, 0, 0, 0, 0, 0, 0, 0, 0, 0, 0, '', 0),
(565, 0, 0, 0, 0, 0, 0, 0, 0, 0, 0, 0, 0, 0, '', 0),
(566, 0, 0, 0, 0, 0, 0, 0, 0, 0, 0, 0, 0, 0, '', 0),
(567, 0, 0, 0, 0, 0, 0, 0, 0, 0, 0, 0, 0, 0, '', 0),
(568, 0, 0, 0, 0, 0, 0, 0, 0, 0, 0, 0, 0, 0, '', 0),
(569, 0, 0, 0, 0, 0, 0, 0, 0, 0, 0, 0, 0, 0, '', 0),
(570, 0, 0, 0, 0, 0, 0, 0, 0, 0, 0, 0, 0, 0, '', 0),
(571, 0, 0, 0, 0, 0, 0, 0, 0, 0, 0, 0, 0, 0, '', 0),
(572, 0, 0, 0, 0, 0, 0, 0, 0, 0, 0, 0, 0, 0, '', 0),
(573, 0, 0, 0, 0, 0, 0, 0, 0, 0, 0, 0, 0, 0, '', 0),
(574, 0, 0, 0, 0, 0, 0, 0, 0, 0, 0, 0, 0, 0, '', 0),
(575, 0, 0, 0, 0, 0, 0, 0, 0, 0, 0, 0, 0, 0, '', 0),
(576, 0, 0, 0, 0, 0, 0, 0, 0, 0, 0, 0, 0, 0, '', 0),
(577, 0, 0, 0, 0, 0, 0, 0, 0, 0, 0, 0, 0, 0, '', 0),
(578, 0, 0, 0, 0, 0, 0, 0, 0, 0, 0, 0, 0, 0, '', 0),
(579, 0, 0, 0, 0, 0, 0, 0, 0, 0, 0, 0, 0, 0, '', 0),
(580, 0, 0, 0, 0, 0, 0, 0, 0, 0, 0, 0, 0, 0, '', 0),
(581, 0, 0, 0, 0, 0, 0, 0, 0, 0, 0, 0, 0, 0, '', 0),
(582, 0, 0, 0, 0, 0, 0, 0, 0, 0, 0, 0, 0, 0, '', 0),
(583, 0, 0, 0, 0, 0, 0, 0, 0, 0, 0, 0, 0, 0, '', 0),
(584, 0, 0, 0, 0, 0, 0, 0, 0, 0, 0, 0, 0, 0, '', 0),
(585, 0, 0, 0, 0, 0, 0, 0, 0, 0, 0, 0, 0, 0, '', 0),
(586, 0, 0, 0, 0, 0, 0, 0, 0, 0, 0, 0, 0, 0, '', 0),
(587, 0, 0, 0, 0, 0, 0, 0, 0, 0, 0, 0, 0, 0, '', 0),
(588, 0, 0, 0, 0, 0, 0, 0, 0, 0, 0, 0, 0, 0, '', 0),
(589, 0, 0, 0, 0, 0, 0, 0, 0, 0, 0, 0, 0, 0, '', 0),
(590, 0, 0, 0, 0, 0, 0, 0, 0, 0, 0, 0, 0, 0, '', 0),
(591, 0, 0, 0, 0, 0, 0, 0, 0, 0, 0, 0, 0, 0, '', 0),
(592, 0, 0, 0, 0, 0, 0, 0, 0, 0, 0, 0, 0, 0, '', 0),
(593, 0, 0, 0, 0, 0, 0, 0, 0, 0, 0, 0, 0, 0, '', 0),
(594, 0, 0, 0, 0, 0, 0, 0, 0, 0, 0, 0, 0, 0, '', 0),
(595, 0, 0, 0, 0, 0, 0, 0, 0, 0, 0, 0, 0, 0, '', 0),
(596, 0, 0, 0, 0, 0, 0, 0, 0, 0, 0, 0, 0, 0, '', 0),
(597, 0, 0, 0, 0, 0, 0, 0, 0, 0, 0, 0, 0, 0, '', 0),
(598, 0, 0, 0, 0, 0, 0, 0, 0, 0, 0, 0, 0, 0, '', 0),
(599, 0, 0, 0, 0, 0, 0, 0, 0, 0, 0, 0, 0, 0, '', 0),
(600, 0, 0, 0, 0, 0, 0, 0, 0, 0, 0, 0, 0, 0, '', 0),
(601, 0, 0, 0, 0, 0, 0, 0, 0, 0, 0, 0, 0, 0, '', 0),
(602, 0, 0, 0, 0, 0, 0, 0, 0, 0, 0, 0, 0, 0, '', 0),
(603, 0, 0, 0, 0, 0, 0, 0, 0, 0, 0, 0, 0, 0, '', 0),
(604, 0, 0, 0, 0, 0, 0, 0, 0, 0, 0, 0, 0, 0, '', 0),
(605, 0, 0, 0, 0, 0, 0, 0, 0, 0, 0, 0, 0, 0, '', 0),
(606, 0, 0, 0, 0, 0, 0, 0, 0, 0, 0, 0, 0, 0, '', 0),
(607, 0, 0, 0, 0, 0, 0, 0, 0, 0, 0, 0, 0, 0, '', 0),
(608, 0, 0, 0, 0, 0, 0, 0, 0, 0, 0, 0, 0, 0, '', 0),
(609, 0, 0, 0, 0, 0, 0, 0, 0, 0, 0, 0, 0, 0, '', 0),
(610, 0, 0, 0, 0, 0, 0, 0, 0, 0, 0, 0, 0, 0, '', 0),
(611, 0, 0, 0, 0, 0, 0, 0, 0, 0, 0, 0, 0, 0, '', 0),
(612, 0, 0, 0, 0, 0, 0, 0, 0, 0, 0, 0, 0, 0, '', 0),
(613, 0, 0, 0, 0, 0, 0, 0, 0, 0, 0, 0, 0, 0, '', 0),
(614, 0, 0, 0, 0, 0, 0, 0, 0, 0, 0, 0, 0, 0, '', 0),
(615, 0, 0, 0, 0, 0, 0, 0, 0, 0, 0, 0, 0, 0, '', 0),
(616, 0, 0, 0, 0, 0, 0, 0, 0, 0, 0, 0, 0, 0, '', 0),
(617, 0, 0, 0, 0, 0, 0, 0, 0, 0, 0, 0, 0, 0, '', 0),
(618, 0, 0, 0, 0, 0, 0, 0, 0, 0, 0, 0, 0, 0, '', 0),
(619, 0, 0, 0, 0, 0, 0, 0, 0, 0, 0, 0, 0, 0, '', 0),
(620, 0, 0, 0, 0, 0, 0, 0, 0, 0, 0, 0, 0, 0, '', 0),
(621, 0, 0, 0, 0, 0, 0, 0, 0, 0, 0, 0, 0, 0, '', 0),
(622, 0, 0, 0, 0, 0, 0, 0, 0, 0, 0, 0, 0, 0, '', 0),
(623, 0, 0, 0, 0, 0, 0, 0, 0, 0, 0, 0, 0, 0, '', 0),
(624, 0, 0, 0, 0, 0, 0, 0, 0, 0, 0, 0, 0, 0, '', 0),
(625, 0, 0, 0, 0, 0, 0, 0, 0, 0, 0, 0, 0, 0, '', 0),
(626, 0, 0, 0, 0, 0, 0, 0, 0, 0, 0, 0, 0, 0, '', 0),
(627, 0, 0, 0, 0, 0, 0, 0, 0, 0, 0, 0, 0, 0, '', 0),
(628, 0, 0, 0, 0, 0, 0, 0, 0, 0, 0, 0, 0, 0, '', 0),
(629, 0, 0, 0, 0, 0, 0, 0, 0, 0, 0, 0, 0, 0, '', 0),
(630, 0, 0, 0, 0, 0, 0, 0, 0, 0, 0, 0, 0, 0, '', 0),
(631, 0, 0, 0, 0, 0, 0, 0, 0, 0, 0, 0, 0, 0, '', 0),
(632, 0, 0, 0, 0, 0, 0, 0, 0, 0, 0, 0, 0, 0, '', 0),
(633, 0, 0, 0, 0, 0, 0, 0, 0, 0, 0, 0, 0, 0, '', 0),
(634, 0, 0, 0, 0, 0, 0, 0, 0, 0, 0, 0, 0, 0, '', 0),
(635, 0, 0, 0, 0, 0, 0, 0, 0, 0, 0, 0, 0, 0, '', 0),
(636, 0, 0, 0, 0, 0, 0, 0, 0, 0, 0, 0, 0, 0, '', 0),
(637, 0, 0, 0, 0, 0, 0, 0, 0, 0, 0, 0, 0, 0, '', 0),
(638, 0, 0, 0, 0, 0, 0, 0, 0, 0, 0, 0, 0, 0, '', 0),
(639, 0, 0, 0, 0, 0, 0, 0, 0, 0, 0, 0, 0, 0, '', 0),
(640, 0, 0, 0, 0, 0, 0, 0, 0, 0, 0, 0, 0, 0, '', 0),
(641, 0, 0, 0, 0, 0, 0, 0, 0, 0, 0, 0, 0, 0, '', 0),
(642, 0, 0, 0, 0, 0, 0, 0, 0, 0, 0, 0, 0, 0, '', 0),
(643, 0, 0, 0, 0, 0, 0, 0, 0, 0, 0, 0, 0, 0, '', 0),
(644, 0, 0, 0, 0, 0, 0, 0, 0, 0, 0, 0, 0, 0, '', 0),
(645, 0, 0, 0, 0, 0, 0, 0, 0, 0, 0, 0, 0, 0, '', 0),
(646, 0, 0, 0, 0, 0, 0, 0, 0, 0, 0, 0, 0, 0, '', 0),
(647, 0, 0, 0, 0, 0, 0, 0, 0, 0, 0, 0, 0, 0, '', 0),
(648, 0, 0, 0, 0, 0, 0, 0, 0, 0, 0, 0, 0, 0, '', 0),
(649, 0, 0, 0, 0, 0, 0, 0, 0, 0, 0, 0, 0, 0, '', 0),
(650, 0, 0, 0, 0, 0, 0, 0, 0, 0, 0, 0, 0, 0, '', 0),
(651, 0, 0, 0, 0, 0, 0, 0, 0, 0, 0, 0, 0, 0, '', 0),
(652, 0, 0, 0, 0, 0, 0, 0, 0, 0, 0, 0, 0, 0, '', 0),
(653, 0, 0, 0, 0, 0, 0, 0, 0, 0, 0, 0, 0, 0, '', 0),
(654, 0, 0, 0, 0, 0, 0, 0, 0, 0, 0, 0, 0, 0, '', 0),
(655, 0, 0, 0, 0, 0, 0, 0, 0, 0, 0, 0, 0, 0, '', 0),
(656, 0, 0, 0, 0, 0, 0, 0, 0, 0, 0, 0, 0, 0, '', 0),
(657, 0, 0, 0, 0, 0, 0, 0, 0, 0, 0, 0, 0, 0, '', 0),
(658, 0, 0, 0, 0, 0, 0, 0, 0, 0, 0, 0, 0, 0, '', 0),
(659, 0, 0, 0, 0, 0, 0, 0, 0, 0, 0, 0, 0, 0, '', 0),
(660, 0, 0, 0, 0, 0, 0, 0, 0, 0, 0, 0, 0, 0, '', 0),
(661, 0, 0, 0, 0, 0, 0, 0, 0, 0, 0, 0, 0, 0, '', 0),
(662, 0, 0, 0, 0, 0, 0, 0, 0, 0, 0, 0, 0, 0, '', 0),
(663, 0, 0, 0, 0, 0, 0, 0, 0, 0, 0, 0, 0, 0, '', 0),
(664, 0, 0, 0, 0, 0, 0, 0, 0, 0, 0, 0, 0, 0, '', 0),
(665, 0, 0, 0, 0, 0, 0, 0, 0, 0, 0, 0, 0, 0, '', 0),
(666, 0, 0, 0, 0, 0, 0, 0, 0, 0, 0, 0, 0, 0, '', 0),
(667, 0, 0, 0, 0, 0, 0, 0, 0, 0, 0, 0, 0, 0, '', 0),
(668, 0, 0, 0, 0, 0, 0, 0, 0, 0, 0, 0, 0, 0, '', 0),
(669, 0, 0, 0, 0, 0, 0, 0, 0, 0, 0, 0, 0, 0, '', 0),
(670, 0, 0, 0, 0, 0, 0, 0, 0, 0, 0, 0, 0, 0, '', 0),
(671, 0, 0, 0, 0, 0, 0, 0, 0, 0, 0, 0, 0, 0, '', 0),
(672, 0, 0, 0, 0, 0, 0, 0, 0, 0, 0, 0, 0, 0, '', 0),
(673, 0, 0, 0, 0, 0, 0, 0, 0, 0, 0, 0, 0, 0, '', 0),
(674, 0, 0, 0, 0, 0, 0, 0, 0, 0, 0, 0, 0, 0, '', 0),
(675, 0, 0, 0, 0, 0, 0, 0, 0, 0, 0, 0, 0, 0, '', 0),
(676, 0, 0, 0, 0, 0, 0, 0, 0, 0, 0, 0, 0, 0, '', 0),
(677, 0, 0, 0, 0, 0, 0, 0, 0, 0, 0, 0, 0, 0, '', 0),
(678, 0, 0, 0, 0, 0, 0, 0, 0, 0, 0, 0, 0, 0, '', 0),
(679, 0, 0, 0, 0, 0, 0, 0, 0, 0, 0, 0, 0, 0, '', 0),
(680, 0, 0, 0, 0, 0, 0, 0, 0, 0, 0, 0, 0, 0, '', 0),
(681, 0, 0, 0, 0, 0, 0, 0, 0, 0, 0, 0, 0, 0, '', 0),
(682, 0, 0, 0, 0, 0, 0, 0, 0, 0, 0, 0, 0, 0, '', 0),
(683, 0, 0, 0, 0, 0, 0, 0, 0, 0, 0, 0, 0, 0, '', 0),
(684, 0, 0, 0, 0, 0, 0, 0, 0, 0, 0, 0, 0, 0, '', 0),
(685, 0, 0, 0, 0, 0, 0, 0, 0, 0, 0, 0, 0, 0, '', 0),
(686, 0, 0, 0, 0, 0, 0, 0, 0, 0, 0, 0, 0, 0, '', 0),
(687, 0, 0, 0, 0, 0, 0, 0, 0, 0, 0, 0, 0, 0, '', 0),
(688, 0, 0, 0, 0, 0, 0, 0, 0, 0, 0, 0, 0, 0, '', 0),
(689, 0, 0, 0, 0, 0, 0, 0, 0, 0, 0, 0, 0, 0, '', 0),
(690, 0, 0, 0, 0, 0, 0, 0, 0, 0, 0, 0, 0, 0, '', 0),
(691, 0, 0, 0, 0, 0, 0, 0, 0, 0, 0, 0, 0, 0, '', 0),
(692, 0, 0, 0, 0, 0, 0, 0, 0, 0, 0, 0, 0, 0, '', 0),
(693, 0, 0, 0, 0, 0, 0, 0, 0, 0, 0, 0, 0, 0, '', 0),
(694, 0, 0, 0, 0, 0, 0, 0, 0, 0, 0, 0, 0, 0, '', 0),
(695, 0, 0, 0, 0, 0, 0, 0, 0, 0, 0, 0, 0, 0, '', 0),
(696, 0, 0, 0, 0, 0, 0, 0, 0, 0, 0, 0, 0, 0, '', 0),
(697, 0, 0, 0, 0, 0, 0, 0, 0, 0, 0, 0, 0, 0, '', 0),
(698, 0, 0, 0, 0, 0, 0, 0, 0, 0, 0, 0, 0, 0, '', 0),
(699, 0, 0, 0, 0, 0, 0, 0, 0, 0, 0, 0, 0, 0, '', 0),
(700, 0, 0, 0, 0, 0, 0, 0, 0, 0, 0, 0, 0, 0, '', 0),
(701, 0, 0, 0, 0, 0, 0, 0, 0, 0, 0, 0, 0, 0, '', 0),
(702, 0, 0, 0, 0, 0, 0, 0, 0, 0, 0, 0, 0, 0, '', 0),
(703, 0, 0, 0, 0, 0, 0, 0, 0, 0, 0, 0, 0, 0, '', 0),
(704, 0, 0, 0, 0, 0, 0, 0, 0, 0, 0, 0, 0, 0, '', 0),
(705, 0, 0, 0, 0, 0, 0, 0, 0, 0, 0, 0, 0, 0, '', 0),
(706, 0, 0, 0, 0, 0, 0, 0, 0, 0, 0, 0, 0, 0, '', 0),
(707, 0, 0, 0, 0, 0, 0, 0, 0, 0, 0, 0, 0, 0, '', 0),
(708, 0, 0, 0, 0, 0, 0, 0, 0, 0, 0, 0, 0, 0, '', 0),
(709, 0, 0, 0, 0, 0, 0, 0, 0, 0, 0, 0, 0, 0, '', 0),
(710, 0, 0, 0, 0, 0, 0, 0, 0, 0, 0, 0, 0, 0, '', 0),
(711, 0, 0, 0, 0, 0, 0, 0, 0, 0, 0, 0, 0, 0, '', 0),
(712, 0, 0, 0, 0, 0, 0, 0, 0, 0, 0, 0, 0, 0, '', 0),
(713, 0, 0, 0, 0, 0, 0, 0, 0, 0, 0, 0, 0, 0, '', 0),
(714, 0, 0, 0, 0, 0, 0, 0, 0, 0, 0, 0, 0, 0, '', 0),
(715, 0, 0, 0, 0, 0, 0, 0, 0, 0, 0, 0, 0, 0, '', 0),
(716, 0, 0, 0, 0, 0, 0, 0, 0, 0, 0, 0, 0, 0, '', 0),
(717, 0, 0, 0, 0, 0, 0, 0, 0, 0, 0, 0, 0, 0, '', 0),
(718, 0, 0, 0, 0, 0, 0, 0, 0, 0, 0, 0, 0, 0, '', 0),
(719, 0, 0, 0, 0, 0, 0, 0, 0, 0, 0, 0, 0, 0, '', 0),
(720, 0, 0, 0, 0, 0, 0, 0, 0, 0, 0, 0, 0, 0, '', 0),
(721, 0, 0, 0, 0, 0, 0, 0, 0, 0, 0, 0, 0, 0, '', 0),
(722, 0, 0, 0, 0, 0, 0, 0, 0, 0, 0, 0, 0, 0, '', 0),
(723, 0, 0, 0, 0, 0, 0, 0, 0, 0, 0, 0, 0, 0, '', 0),
(724, 0, 0, 0, 0, 0, 0, 0, 0, 0, 0, 0, 0, 0, '', 0),
(725, 0, 0, 0, 0, 0, 0, 0, 0, 0, 0, 0, 0, 0, '', 0),
(726, 0, 0, 0, 0, 0, 0, 0, 0, 0, 0, 0, 0, 0, '', 0),
(727, 0, 0, 0, 0, 0, 0, 0, 0, 0, 0, 0, 0, 0, '', 0),
(728, 0, 0, 0, 0, 0, 0, 0, 0, 0, 0, 0, 0, 0, '', 0),
(729, 0, 0, 0, 0, 0, 0, 0, 0, 0, 0, 0, 0, 0, '', 0),
(730, 0, 0, 0, 0, 0, 0, 0, 0, 0, 0, 0, 0, 0, '', 0),
(731, 0, 0, 0, 0, 0, 0, 0, 0, 0, 0, 0, 0, 0, '', 0),
(732, 0, 0, 0, 0, 0, 0, 0, 0, 0, 0, 0, 0, 0, '', 0),
(733, 0, 0, 0, 0, 0, 0, 0, 0, 0, 0, 0, 0, 0, '', 0),
(734, 0, 0, 0, 0, 0, 0, 0, 0, 0, 0, 0, 0, 0, '', 0),
(735, 0, 0, 0, 0, 0, 0, 0, 0, 0, 0, 0, 0, 0, '', 0),
(736, 0, 0, 0, 0, 0, 0, 0, 0, 0, 0, 0, 0, 0, '', 0),
(737, 0, 0, 0, 0, 0, 0, 0, 0, 0, 0, 0, 0, 0, '', 0),
(738, 0, 0, 0, 0, 0, 0, 0, 0, 0, 0, 0, 0, 0, '', 0),
(739, 0, 0, 0, 0, 0, 0, 0, 0, 0, 0, 0, 0, 0, '', 0),
(740, 0, 0, 0, 0, 0, 0, 0, 0, 0, 0, 0, 0, 0, '', 0),
(741, 0, 0, 0, 0, 0, 0, 0, 0, 0, 0, 0, 0, 0, '', 0),
(742, 0, 0, 0, 0, 0, 0, 0, 0, 0, 0, 0, 0, 0, '', 0),
(743, 0, 0, 0, 0, 0, 0, 0, 0, 0, 0, 0, 0, 0, '', 0),
(744, 0, 0, 0, 0, 0, 0, 0, 0, 0, 0, 0, 0, 0, '', 0),
(745, 0, 0, 0, 0, 0, 0, 0, 0, 0, 0, 0, 0, 0, '', 0),
(746, 0, 0, 0, 0, 0, 0, 0, 0, 0, 0, 0, 0, 0, '', 0),
(747, 0, 0, 0, 0, 0, 0, 0, 0, 0, 0, 0, 0, 0, '', 0),
(748, 0, 0, 0, 0, 0, 0, 0, 0, 0, 0, 0, 0, 0, '', 0),
(749, 0, 0, 0, 0, 0, 0, 0, 0, 0, 0, 0, 0, 0, '', 0),
(750, 0, 0, 0, 0, 0, 0, 0, 0, 0, 0, 0, 0, 0, '', 0),
(751, 0, 0, 0, 0, 0, 0, 0, 0, 0, 0, 0, 0, 0, '', 0),
(752, 0, 0, 0, 0, 0, 0, 0, 0, 0, 0, 0, 0, 0, '', 0),
(753, 0, 0, 0, 0, 0, 0, 0, 0, 0, 0, 0, 0, 0, '', 0),
(754, 0, 0, 0, 0, 0, 0, 0, 0, 0, 0, 0, 0, 0, '', 0),
(755, 0, 0, 0, 0, 0, 0, 0, 0, 0, 0, 0, 0, 0, '', 0),
(756, 0, 0, 0, 0, 0, 0, 0, 0, 0, 0, 0, 0, 0, '', 0),
(757, 0, 0, 0, 0, 0, 0, 0, 0, 0, 0, 0, 0, 0, '', 0),
(758, 0, 0, 0, 0, 0, 0, 0, 0, 0, 0, 0, 0, 0, '', 0),
(759, 0, 0, 0, 0, 0, 0, 0, 0, 0, 0, 0, 0, 0, '', 0),
(760, 0, 0, 0, 0, 0, 0, 0, 0, 0, 0, 0, 0, 0, '', 0),
(761, 0, 0, 0, 0, 0, 0, 0, 0, 0, 0, 0, 0, 0, '', 0),
(762, 0, 0, 0, 0, 0, 0, 0, 0, 0, 0, 0, 0, 0, '', 0),
(763, 0, 0, 0, 0, 0, 0, 0, 0, 0, 0, 0, 0, 0, '', 0),
(764, 0, 0, 0, 0, 0, 0, 0, 0, 0, 0, 0, 0, 0, '', 0),
(765, 0, 0, 0, 0, 0, 0, 0, 0, 0, 0, 0, 0, 0, '', 0),
(766, 0, 0, 0, 0, 0, 0, 0, 0, 0, 0, 0, 0, 0, '', 0),
(767, 0, 0, 0, 0, 0, 0, 0, 0, 0, 0, 0, 0, 0, '', 0),
(768, 0, 0, 0, 0, 0, 0, 0, 0, 0, 0, 0, 0, 0, '', 0),
(769, 0, 0, 0, 0, 0, 0, 0, 0, 0, 0, 0, 0, 0, '', 0),
(770, 0, 0, 0, 0, 0, 0, 0, 0, 0, 0, 0, 0, 0, '', 0),
(771, 0, 0, 0, 0, 0, 0, 0, 0, 0, 0, 0, 0, 0, '', 0),
(772, 0, 0, 0, 0, 0, 0, 0, 0, 0, 0, 0, 0, 0, '', 0),
(773, 0, 0, 0, 0, 0, 0, 0, 0, 0, 0, 0, 0, 0, '', 0),
(774, 0, 0, 0, 0, 0, 0, 0, 0, 0, 0, 0, 0, 0, '', 0),
(775, 0, 0, 0, 0, 0, 0, 0, 0, 0, 0, 0, 0, 0, '', 0),
(776, 0, 0, 0, 0, 0, 0, 0, 0, 0, 0, 0, 0, 0, '', 0),
(777, 0, 0, 0, 0, 0, 0, 0, 0, 0, 0, 0, 0, 0, '', 0),
(778, 0, 0, 0, 0, 0, 0, 0, 0, 0, 0, 0, 0, 0, '', 0),
(779, 0, 0, 0, 0, 0, 0, 0, 0, 0, 0, 0, 0, 0, '', 0),
(780, 0, 0, 0, 0, 0, 0, 0, 0, 0, 0, 0, 0, 0, '', 0),
(781, 0, 0, 0, 0, 0, 0, 0, 0, 0, 0, 0, 0, 0, '', 0),
(782, 0, 0, 0, 0, 0, 0, 0, 0, 0, 0, 0, 0, 0, '', 0),
(783, 0, 0, 0, 0, 0, 0, 0, 0, 0, 0, 0, 0, 0, '', 0),
(784, 0, 0, 0, 0, 0, 0, 0, 0, 0, 0, 0, 0, 0, '', 0),
(785, 0, 0, 0, 0, 0, 0, 0, 0, 0, 0, 0, 0, 0, '', 0),
(786, 0, 0, 0, 0, 0, 0, 0, 0, 0, 0, 0, 0, 0, '', 0),
(787, 0, 0, 0, 0, 0, 0, 0, 0, 0, 0, 0, 0, 0, '', 0),
(788, 0, 0, 0, 0, 0, 0, 0, 0, 0, 0, 0, 0, 0, '', 0),
(789, 0, 0, 0, 0, 0, 0, 0, 0, 0, 0, 0, 0, 0, '', 0),
(790, 0, 0, 0, 0, 0, 0, 0, 0, 0, 0, 0, 0, 0, '', 0),
(791, 0, 0, 0, 0, 0, 0, 0, 0, 0, 0, 0, 0, 0, '', 0),
(792, 0, 0, 0, 0, 0, 0, 0, 0, 0, 0, 0, 0, 0, '', 0),
(793, 0, 0, 0, 0, 0, 0, 0, 0, 0, 0, 0, 0, 0, '', 0),
(794, 0, 0, 0, 0, 0, 0, 0, 0, 0, 0, 0, 0, 0, '', 0),
(795, 0, 0, 0, 0, 0, 0, 0, 0, 0, 0, 0, 0, 0, '', 0),
(796, 0, 0, 0, 0, 0, 0, 0, 0, 0, 0, 0, 0, 0, '', 0),
(797, 0, 0, 0, 0, 0, 0, 0, 0, 0, 0, 0, 0, 0, '', 0),
(798, 0, 0, 0, 0, 0, 0, 0, 0, 0, 0, 0, 0, 0, '', 0),
(799, 0, 0, 0, 0, 0, 0, 0, 0, 0, 0, 0, 0, 0, '', 0),
(800, 0, 0, 0, 0, 0, 0, 0, 0, 0, 0, 0, 0, 0, '', 0),
(801, 3, 3, 0, 0, 0, 0, 0, 0, 0, 0, 0, 0, 0, '', 0),
(802, 3, 3, 0, 0, 0, 0, 0, 0, 0, 0, 0, 0, 0, '', 0),
(803, 0, 0, 0, 0, 0, 0, 0, 0, 0, 0, 0, 0, 0, '', 0),
(804, 0, 0, 0, 0, 0, 0, 0, 0, 0, 0, 0, 0, 0, '', 0),
(805, 0, 0, 0, 0, 0, 0, 0, 0, 0, 0, 0, 0, 0, '', 0),
(806, 0, 0, 0, 0, 0, 0, 0, 0, 0, 0, 0, 0, 0, '', 0),
(807, 0, 0, 0, 0, 0, 0, 0, 0, 0, 0, 0, 0, 0, '', 0),
(808, 0, 0, 0, 0, 0, 0, 0, 0, 0, 0, 0, 0, 0, '', 0),
(809, 0, 0, 0, 0, 0, 0, 0, 0, 0, 0, 0, 0, 0, '', 0),
(810, 0, 0, 0, 0, 0, 0, 0, 0, 0, 0, 0, 0, 0, '', 0),
(811, 0, 0, 0, 0, 0, 0, 0, 0, 0, 0, 0, 0, 0, '', 0),
(812, 0, 0, 0, 0, 0, 0, 0, 0, 0, 0, 0, 0, 0, '', 0),
(813, 0, 0, 0, 0, 0, 0, 0, 0, 0, 0, 0, 0, 0, '', 0),
(814, 0, 0, 0, 0, 0, 0, 0, 0, 0, 0, 0, 0, 0, '', 0),
(815, 0, 0, 0, 0, 0, 0, 0, 0, 0, 0, 0, 0, 0, '', 0),
(816, 0, 0, 0, 0, 0, 0, 0, 0, 0, 0, 0, 0, 0, '', 0),
(817, 0, 0, 0, 0, 0, 0, 0, 0, 0, 0, 0, 0, 0, '', 0),
(818, 0, 0, 0, 0, 0, 0, 0, 0, 0, 0, 0, 0, 0, '', 0),
(819, 0, 0, 0, 0, 0, 0, 0, 0, 0, 0, 0, 0, 0, '', 0),
(820, 0, 0, 0, 0, 0, 0, 0, 0, 0, 0, 0, 0, 0, '', 0),
(821, 0, 0, 0, 0, 0, 0, 0, 0, 0, 0, 0, 0, 0, '', 0),
(822, 0, 0, 0, 0, 0, 0, 0, 0, 0, 0, 0, 0, 0, '', 0),
(823, 0, 0, 0, 0, 0, 0, 0, 0, 0, 0, 0, 0, 0, '', 0),
(824, 0, 0, 0, 0, 0, 0, 0, 0, 0, 0, 0, 0, 0, '', 0),
(825, 0, 0, 0, 0, 0, 0, 0, 0, 0, 0, 0, 0, 0, '', 0),
(826, 0, 0, 0, 0, 0, 0, 0, 0, 0, 0, 0, 0, 0, '', 0),
(827, 0, 0, 0, 0, 0, 0, 0, 0, 0, 0, 0, 0, 0, '', 0),
(828, 0, 0, 0, 0, 0, 0, 0, 0, 0, 0, 0, 0, 0, '', 0),
(829, 0, 0, 0, 0, 0, 0, 0, 0, 0, 0, 0, 0, 0, '', 0),
(830, 0, 0, 0, 0, 0, 0, 0, 0, 0, 0, 0, 0, 0, '', 0),
(831, 0, 0, 0, 0, 0, 0, 0, 0, 0, 0, 0, 0, 0, '', 0),
(832, 0, 0, 0, 0, 0, 0, 0, 0, 0, 0, 0, 0, 0, '', 0),
(833, 0, 0, 0, 0, 0, 0, 0, 0, 0, 0, 0, 0, 0, '', 0),
(834, 0, 0, 0, 0, 0, 0, 0, 0, 0, 0, 0, 0, 0, '', 0),
(835, 0, 0, 0, 0, 0, 0, 0, 0, 0, 0, 0, 0, 0, '', 0),
(836, 0, 0, 0, 0, 0, 0, 0, 0, 0, 0, 0, 0, 0, '', 0),
(837, 0, 0, 0, 0, 0, 0, 0, 0, 0, 0, 0, 0, 0, '', 0),
(838, 0, 0, 0, 0, 0, 0, 0, 0, 0, 0, 0, 0, 0, '', 0),
(839, 0, 0, 0, 0, 0, 0, 0, 0, 0, 0, 0, 0, 0, '', 0),
(840, 0, 0, 0, 0, 0, 0, 0, 0, 0, 0, 0, 0, 0, '', 0),
(841, 0, 0, 0, 0, 0, 0, 0, 0, 0, 0, 0, 0, 0, '', 0),
(842, 0, 0, 0, 0, 0, 0, 0, 0, 0, 0, 0, 0, 0, '', 0),
(843, 0, 0, 0, 0, 0, 0, 0, 0, 0, 0, 0, 0, 0, '', 0),
(844, 0, 0, 0, 0, 0, 0, 0, 0, 0, 0, 0, 0, 0, '', 0),
(845, 0, 0, 0, 0, 0, 0, 0, 0, 0, 0, 0, 0, 0, '', 0),
(846, 4, 10, 0, 0, 0, 0, 0, 0, 0, 0, 0, 0, 0, '', 0),
(847, 0, 0, 0, 0, 0, 0, 0, 0, 0, 0, 0, 0, 0, '', 0),
(848, 0, 0, 0, 0, 0, 0, 0, 0, 0, 0, 0, 0, 0, '', 0),
(849, 0, 0, 0, 0, 0, 0, 0, 0, 0, 0, 0, 0, 0, '', 0),
(850, 0, 0, 0, 0, 0, 0, 0, 0, 0, 0, 0, 0, 0, '', 0),
(851, 0, 0, 0, 0, 0, 0, 0, 0, 0, 0, 0, 0, 0, '', 0),
(852, 0, 0, 0, 0, 0, 0, 0, 0, 0, 0, 0, 0, 0, '', 0),
(853, 0, 0, 0, 0, 0, 0, 0, 0, 0, 0, 0, 0, 0, '', 0),
(854, 0, 0, 0, 0, 0, 0, 0, 0, 0, 0, 0, 0, 0, '', 0),
(855, 0, 0, 0, 0, 0, 0, 0, 0, 0, 0, 0, 0, 0, '', 0),
(856, 0, 0, 0, 0, 0, 0, 0, 0, 0, 0, 0, 0, 0, '', 0),
(857, 0, 0, 0, 0, 0, 0, 0, 0, 0, 0, 0, 0, 0, '', 0),
(858, 0, 0, 0, 0, 0, 0, 0, 0, 0, 0, 0, 0, 0, '', 0),
(859, 0, 0, 0, 0, 0, 0, 0, 0, 0, 0, 0, 0, 0, '', 0),
(860, 0, 0, 0, 0, 0, 0, 0, 0, 0, 0, 0, 0, 0, '', 0),
(861, 0, 0, 0, 0, 0, 0, 0, 0, 0, 0, 0, 0, 0, '', 0),
(862, 0, 0, 0, 0, 0, 0, 0, 0, 0, 0, 0, 0, 0, '', 0),
(863, 0, 0, 0, 0, 0, 0, 0, 0, 0, 0, 0, 0, 0, '', 0),
(864, 0, 0, 0, 0, 0, 0, 0, 0, 0, 0, 0, 0, 0, '', 0),
(865, 0, 0, 0, 0, 0, 0, 0, 0, 0, 0, 0, 0, 0, '', 0),
(866, 0, 0, 0, 0, 0, 0, 0, 0, 0, 0, 0, 0, 0, '', 0),
(867, 0, 0, 0, 0, 0, 0, 0, 0, 0, 0, 0, 0, 0, '', 0),
(868, 0, 0, 0, 0, 0, 0, 0, 0, 0, 0, 0, 0, 0, '', 0),
(869, 0, 0, 0, 0, 0, 0, 0, 0, 0, 0, 0, 0, 0, '', 0),
(870, 0, 0, 0, 0, 0, 0, 0, 0, 0, 0, 0, 0, 0, '', 0),
(871, 0, 0, 0, 0, 0, 0, 0, 0, 0, 0, 0, 0, 0, '', 0),
(872, 0, 0, 0, 0, 0, 0, 0, 0, 0, 0, 0, 0, 0, '', 0),
(873, 0, 0, 0, 0, 0, 0, 0, 0, 0, 0, 0, 0, 0, '', 0),
(874, 0, 0, 0, 0, 0, 0, 0, 0, 0, 0, 0, 0, 0, '', 0),
(875, 0, 0, 0, 0, 0, 0, 0, 0, 0, 0, 0, 0, 0, '', 0),
(876, 0, 0, 0, 0, 0, 0, 0, 0, 0, 0, 0, 0, 0, '', 0),
(877, 0, 0, 0, 0, 0, 0, 0, 0, 0, 0, 0, 0, 0, '', 0),
(878, 0, 0, 0, 0, 0, 0, 0, 0, 0, 0, 0, 0, 0, '', 0),
(879, 0, 0, 0, 0, 0, 0, 0, 0, 0, 0, 0, 0, 0, '', 0),
(880, 0, 0, 0, 0, 0, 0, 0, 0, 0, 0, 0, 0, 0, '', 0),
(881, 0, 0, 0, 0, 0, 0, 0, 0, 0, 0, 0, 0, 0, '', 0),
(882, 0, 0, 0, 0, 0, 0, 0, 0, 0, 0, 0, 0, 0, '', 0),
(883, 1, 3, 0, 0, 0, 0, 0, 0, 0, 0, 0, 0, 0, '', 0),
(884, 0, 0, 0, 0, 0, 0, 0, 0, 0, 0, 0, 0, 0, '', 0),
(885, 0, 0, 0, 0, 0, 0, 0, 0, 0, 0, 0, 0, 0, '', 0),
(886, 0, 0, 0, 0, 0, 0, 0, 0, 0, 0, 0, 0, 0, '', 0),
(887, 2, 10, 0, 0, 0, 0, 0, 0, 0, 0, 0, 0, 0, '', 0),
(888, 2, 10, 0, 0, 0, 0, 0, 0, 0, 0, 0, 0, 0, '', 0),
(889, 0, 0, 0, 0, 0, 0, 0, 0, 0, 0, 0, 0, 0, '', 0),
(890, 0, 0, 0, 0, 0, 0, 0, 0, 0, 0, 0, 0, 0, '', 0),
(891, 3, 3, 0, 0, 0, 0, 0, 0, 0, 0, 0, 0, 0, '', 0),
(892, 3, 3, 0, 0, 0, 0, 0, 0, 0, 0, 0, 0, 0, '', 0),
(893, 0, 0, 0, 0, 0, 0, 0, 0, 0, 0, 0, 0, 0, '', 0),
(894, 7, 1, 0, 0, 0, 0, 0, 0, 0, 0, 0, 0, 0, '', 1),
(895, 3, 10, 1360, 0, 0, 0, 0, 0, 0, 0, 0, 0, 0, '', 0),
(896, 0, 0, 0, 0, 0, 0, 0, 0, 0, 0, 0, 0, 0, '', 0),
(897, 0, 0, 0, 0, 0, 0, 0, 0, 0, 0, 0, 0, 0, '', 0),
(898, 1, 3, 0, 0, 0, 0, 0, 0, 0, 0, 0, 0, 0, '', 0),
(899, 0, 0, 0, 0, 0, 0, 0, 0, 0, 0, 0, 0, 0, '', 0),
(900, 0, 0, 0, 0, 0, 0, 0, 0, 0, 0, 0, 0, 0, '', 0),
(901, 0, 0, 0, 0, 0, 0, 0, 0, 0, 0, 0, 0, 0, '', 0),
(902, 0, 0, 0, 0, 0, 0, 0, 0, 0, 0, 0, 0, 0, '', 0),
(903, 0, 0, 0, 0, 0, 0, 0, 0, 0, 0, 0, 0, 0, '', 0),
(904, 0, 0, 0, 0, 0, 0, 0, 0, 0, 0, 0, 0, 0, '', 0),
(905, 0, 0, 0, 0, 0, 0, 0, 0, 0, 0, 0, 0, 0, '', 0),
(906, 0, 0, 0, 0, 0, 0, 0, 0, 0, 0, 0, 0, 0, '', 0),
(907, 0, 0, 0, 0, 0, 0, 0, 0, 0, 0, 0, 0, 0, '', 0),
(908, 0, 0, 0, 0, 0, 0, 0, 0, 0, 0, 0, 0, 0, '', 0),
(909, 0, 0, 0, 0, 0, 0, 0, 0, 0, 0, 0, 0, 0, '', 0),
(910, 0, 0, 0, 0, 0, 0, 0, 0, 0, 0, 0, 0, 0, '', 0),
(911, 0, 0, 0, 0, 0, 0, 0, 0, 0, 0, 0, 0, 0, '', 0),
(912, 0, 0, 0, 0, 0, 0, 0, 0, 0, 0, 0, 0, 0, '', 0),
(913, 0, 0, 0, 0, 0, 0, 0, 0, 0, 0, 0, 0, 0, '', 0),
(914, 0, 0, 0, 0, 0, 0, 0, 0, 0, 0, 0, 0, 0, '', 0),
(915, 0, 0, 0, 0, 0, 0, 0, 0, 0, 0, 0, 0, 0, '', 0),
(916, 0, 0, 0, 0, 0, 0, 0, 0, 0, 0, 0, 0, 0, '', 0),
(917, 0, 0, 0, 0, 0, 0, 0, 0, 0, 0, 0, 0, 0, '', 0),
(918, 0, 0, 0, 0, 0, 0, 0, 0, 0, 0, 0, 0, 0, '', 0),
(919, 0, 0, 0, 0, 0, 0, 0, 0, 0, 0, 0, 0, 0, '', 0),
(920, 0, 0, 0, 0, 0, 0, 0, 0, 0, 0, 0, 0, 0, '', 0),
(921, 0, 0, 0, 0, 0, 0, 0, 0, 0, 0, 0, 0, 0, '', 0),
(922, 0, 0, 0, 0, 0, 0, 0, 0, 0, 0, 0, 0, 0, '', 0),
(923, 0, 0, 0, 0, 0, 0, 0, 0, 0, 0, 0, 0, 0, '', 0),
(924, 0, 0, 0, 0, 0, 0, 0, 0, 0, 0, 0, 0, 0, '', 0),
(925, 0, 0, 0, 0, 0, 0, 0, 0, 0, 0, 0, 0, 0, '', 0),
(926, 0, 0, 0, 0, 0, 0, 0, 0, 0, 0, 0, 0, 0, '', 0),
(927, 3, 0, 0, 0, 0, 0, 0, 0, 0, 0, 0, 0, 0, '', 0),
(928, 0, 0, 0, 0, 0, 0, 0, 0, 0, 0, 0, 0, 0, '', 0),
(929, 0, 0, 0, 0, 0, 0, 0, 0, 0, 0, 0, 0, 0, '', 0),
(930, 0, 0, 0, 0, 0, 0, 0, 0, 0, 0, 0, 0, 0, '', 0),
(931, 0, 0, 0, 0, 0, 0, 0, 0, 0, 0, 0, 0, 0, '', 0),
(932, 0, 0, 0, 0, 0, 0, 0, 0, 0, 0, 0, 0, 0, '', 0),
(933, 0, 0, 0, 0, 0, 0, 0, 0, 0, 0, 0, 0, 0, '', 0),
(934, 0, 0, 0, 0, 0, 0, 0, 0, 0, 0, 0, 0, 0, '', 0),
(935, 0, 0, 0, 0, 0, 0, 0, 0, 0, 0, 0, 0, 0, '', 0),
(936, 0, 0, 0, 0, 0, 0, 0, 0, 0, 0, 0, 0, 0, '', 0),
(937, 0, 0, 0, 0, 0, 0, 0, 0, 0, 0, 0, 0, 0, '', 0),
(938, 0, 0, 0, 0, 0, 0, 0, 0, 0, 0, 0, 0, 0, '', 0),
(939, 0, 0, 0, 0, 0, 0, 0, 0, 0, 0, 0, 0, 0, '', 0),
(940, 0, 0, 0, 0, 0, 0, 0, 0, 0, 0, 0, 0, 0, '', 0),
(941, 0, 0, 0, 0, 0, 0, 0, 0, 0, 0, 0, 0, 0, '', 0),
(942, 0, 0, 0, 0, 0, 0, 0, 0, 0, 0, 0, 0, 0, '', 0),
(943, 0, 0, 0, 0, 0, 0, 0, 0, 0, 0, 0, 0, 0, '', 0),
(944, 0, 0, 0, 0, 0, 0, 0, 0, 0, 0, 0, 0, 0, '', 0),
(945, 0, 0, 0, 0, 0, 0, 0, 0, 0, 0, 0, 0, 0, '', 0),
(946, 0, 0, 0, 0, 0, 0, 0, 0, 0, 0, 0, 0, 0, '', 0),
(947, 0, 0, 0, 0, 0, 0, 0, 0, 0, 0, 0, 0, 0, '', 0),
(948, 0, 0, 0, 0, 0, 0, 0, 0, 0, 0, 0, 0, 0, '', 0),
(949, 0, 0, 0, 0, 0, 0, 0, 0, 0, 0, 0, 0, 0, '', 0),
(950, 0, 0, 0, 0, 0, 0, 0, 0, 0, 0, 0, 0, 0, '', 0),
(951, 0, 0, 0, 0, 0, 0, 0, 0, 0, 0, 0, 0, 0, '', 0),
(952, 0, 0, 0, 0, 0, 0, 0, 0, 0, 0, 0, 0, 0, '', 0),
(953, 0, 0, 0, 0, 0, 0, 0, 0, 0, 0, 0, 0, 0, '', 0),
(954, 0, 0, 0, 0, 0, 0, 0, 0, 0, 0, 0, 0, 0, '', 0),
(955, 0, 0, 0, 0, 0, 0, 0, 0, 0, 0, 0, 0, 0, '', 0),
(956, 0, 0, 0, 0, 0, 0, 0, 0, 0, 0, 0, 0, 0, '', 0),
(957, 0, 0, 0, 0, 0, 0, 0, 0, 0, 0, 0, 0, 0, '', 0),
(958, 0, 0, 0, 0, 0, 0, 0, 0, 0, 0, 0, 0, 0, '', 0),
(959, 0, 0, 0, 0, 0, 0, 0, 0, 0, 0, 0, 0, 0, '', 0),
(960, 0, 0, 0, 0, 0, 0, 0, 0, 0, 0, 0, 0, 0, '', 0),
(961, 0, 0, 0, 0, 0, 0, 0, 0, 0, 0, 0, 0, 0, '', 0),
(962, 0, 0, 0, 0, 0, 0, 0, 0, 0, 0, 0, 0, 0, '', 0),
(963, 0, 0, 0, 0, 0, 0, 0, 0, 0, 0, 0, 0, 0, '', 0),
(964, 0, 0, 0, 0, 0, 0, 0, 0, 0, 0, 0, 0, 0, '', 0),
(965, 0, 0, 0, 0, 0, 0, 0, 0, 0, 0, 0, 0, 0, '', 0),
(966, 0, 0, 0, 0, 0, 0, 0, 0, 0, 0, 0, 0, 0, '', 0),
(967, 0, 0, 0, 0, 0, 0, 0, 0, 0, 0, 0, 0, 0, '', 0),
(968, 0, 0, 0, 0, 0, 0, 0, 0, 0, 0, 0, 0, 0, '', 0),
(969, 0, 0, 0, 0, 0, 0, 0, 0, 0, 0, 0, 0, 0, '', 0),
(970, 0, 0, 0, 0, 0, 0, 0, 0, 0, 0, 0, 0, 0, '', 0),
(971, 0, 0, 0, 0, 0, 0, 0, 0, 0, 0, 0, 0, 0, '', 0),
(972, 0, 0, 0, 0, 0, 0, 0, 0, 0, 0, 0, 0, 0, '', 0),
(973, 0, 0, 0, 0, 0, 0, 0, 0, 0, 0, 0, 0, 0, '', 0),
(974, 0, 0, 0, 0, 0, 0, 0, 0, 0, 0, 0, 0, 0, '', 0),
(975, 0, 0, 0, 0, 0, 0, 0, 0, 0, 0, 0, 0, 0, '', 0),
(976, 0, 0, 0, 0, 0, 0, 0, 0, 0, 0, 0, 0, 0, '', 0),
(977, 0, 0, 0, 0, 0, 0, 0, 0, 0, 0, 0, 0, 0, '', 0),
(978, 3, 0, 0, 0, 0, 0, 0, 0, 0, 0, 0, 0, 0, '', 0),
(979, 0, 0, 0, 0, 0, 0, 0, 0, 0, 0, 0, 0, 0, '', 0),
(980, 0, 0, 0, 0, 0, 0, 0, 0, 0, 0, 0, 0, 0, '', 0),
(981, 0, 0, 0, 0, 0, 0, 0, 0, 0, 0, 0, 0, 0, '', 0),
(982, 0, 0, 0, 0, 0, 0, 0, 0, 0, 0, 0, 0, 0, '', 0);
INSERT INTO `ps_guest` (`id_guest`, `id_operating_system`, `id_web_browser`, `id_customer`, `javascript`, `screen_resolution_x`, `screen_resolution_y`, `screen_color`, `sun_java`, `adobe_flash`, `adobe_director`, `apple_quicktime`, `real_player`, `windows_media`, `accept_language`, `mobile_theme`) VALUES
(983, 0, 0, 0, 0, 0, 0, 0, 0, 0, 0, 0, 0, 0, '', 0),
(984, 0, 0, 0, 0, 0, 0, 0, 0, 0, 0, 0, 0, 0, '', 0),
(985, 0, 0, 0, 0, 0, 0, 0, 0, 0, 0, 0, 0, 0, '', 0),
(986, 3, 3, 0, 0, 0, 0, 0, 0, 0, 0, 0, 0, 0, '', 0),
(987, 0, 0, 0, 0, 0, 0, 0, 0, 0, 0, 0, 0, 0, '', 0),
(988, 0, 0, 0, 0, 0, 0, 0, 0, 0, 0, 0, 0, 0, '', 0),
(989, 0, 0, 0, 0, 0, 0, 0, 0, 0, 0, 0, 0, 0, '', 0),
(990, 3, 7, 0, 0, 0, 0, 0, 0, 0, 0, 0, 0, 0, '', 0),
(991, 0, 0, 0, 0, 0, 0, 0, 0, 0, 0, 0, 0, 0, '', 0),
(992, 0, 0, 0, 0, 0, 0, 0, 0, 0, 0, 0, 0, 0, '', 0),
(993, 0, 0, 0, 0, 0, 0, 0, 0, 0, 0, 0, 0, 0, '', 0),
(994, 0, 0, 0, 0, 0, 0, 0, 0, 0, 0, 0, 0, 0, '', 0),
(995, 0, 0, 0, 0, 0, 0, 0, 0, 0, 0, 0, 0, 0, '', 0),
(996, 0, 0, 0, 0, 0, 0, 0, 0, 0, 0, 0, 0, 0, '', 0),
(997, 0, 0, 0, 0, 0, 0, 0, 0, 0, 0, 0, 0, 0, '', 0),
(998, 0, 0, 0, 0, 0, 0, 0, 0, 0, 0, 0, 0, 0, '', 0),
(999, 0, 0, 0, 0, 0, 0, 0, 0, 0, 0, 0, 0, 0, '', 0),
(1000, 0, 0, 0, 0, 0, 0, 0, 0, 0, 0, 0, 0, 0, '', 0),
(1001, 0, 0, 0, 0, 0, 0, 0, 0, 0, 0, 0, 0, 0, '', 0),
(1002, 0, 0, 0, 0, 0, 0, 0, 0, 0, 0, 0, 0, 0, '', 0),
(1003, 0, 0, 0, 0, 0, 0, 0, 0, 0, 0, 0, 0, 0, '', 0),
(1004, 0, 0, 0, 0, 0, 0, 0, 0, 0, 0, 0, 0, 0, '', 0),
(1005, 0, 0, 0, 0, 0, 0, 0, 0, 0, 0, 0, 0, 0, '', 0),
(1006, 0, 0, 0, 0, 0, 0, 0, 0, 0, 0, 0, 0, 0, '', 0),
(1007, 0, 0, 0, 0, 0, 0, 0, 0, 0, 0, 0, 0, 0, '', 0),
(1008, 0, 0, 0, 0, 0, 0, 0, 0, 0, 0, 0, 0, 0, '', 0),
(1009, 0, 0, 0, 0, 0, 0, 0, 0, 0, 0, 0, 0, 0, '', 0),
(1010, 0, 0, 0, 0, 0, 0, 0, 0, 0, 0, 0, 0, 0, '', 0),
(1011, 0, 0, 0, 0, 0, 0, 0, 0, 0, 0, 0, 0, 0, '', 0),
(1012, 0, 0, 0, 0, 0, 0, 0, 0, 0, 0, 0, 0, 0, '', 0),
(1013, 0, 0, 0, 0, 0, 0, 0, 0, 0, 0, 0, 0, 0, '', 0),
(1014, 0, 0, 0, 0, 0, 0, 0, 0, 0, 0, 0, 0, 0, '', 0),
(1015, 0, 0, 0, 0, 0, 0, 0, 0, 0, 0, 0, 0, 0, '', 0),
(1016, 1, 3, 355, 0, 0, 0, 0, 0, 0, 0, 0, 0, 0, '', 0),
(1017, 0, 0, 0, 0, 0, 0, 0, 0, 0, 0, 0, 0, 0, '', 0),
(1018, 5, 1, 0, 0, 0, 0, 0, 0, 0, 0, 0, 0, 0, '', 0),
(1019, 0, 0, 0, 0, 0, 0, 0, 0, 0, 0, 0, 0, 0, '', 0),
(1020, 3, 3, 0, 0, 0, 0, 0, 0, 0, 0, 0, 0, 0, '', 0),
(1021, 0, 0, 0, 0, 0, 0, 0, 0, 0, 0, 0, 0, 0, '', 0),
(1022, 0, 0, 0, 0, 0, 0, 0, 0, 0, 0, 0, 0, 0, '', 0),
(1023, 0, 0, 0, 0, 0, 0, 0, 0, 0, 0, 0, 0, 0, '', 0),
(1024, 0, 0, 0, 0, 0, 0, 0, 0, 0, 0, 0, 0, 0, '', 0),
(1025, 0, 0, 0, 0, 0, 0, 0, 0, 0, 0, 0, 0, 0, '', 0),
(1026, 0, 0, 0, 0, 0, 0, 0, 0, 0, 0, 0, 0, 0, '', 0),
(1027, 0, 0, 0, 0, 0, 0, 0, 0, 0, 0, 0, 0, 0, '', 0),
(1028, 0, 0, 0, 0, 0, 0, 0, 0, 0, 0, 0, 0, 0, '', 0),
(1029, 0, 0, 0, 0, 0, 0, 0, 0, 0, 0, 0, 0, 0, '', 0),
(1030, 0, 0, 0, 0, 0, 0, 0, 0, 0, 0, 0, 0, 0, '', 0),
(1031, 0, 0, 0, 0, 0, 0, 0, 0, 0, 0, 0, 0, 0, '', 0),
(1032, 0, 0, 0, 0, 0, 0, 0, 0, 0, 0, 0, 0, 0, '', 0),
(1033, 0, 0, 0, 0, 0, 0, 0, 0, 0, 0, 0, 0, 0, '', 0),
(1034, 0, 0, 0, 0, 0, 0, 0, 0, 0, 0, 0, 0, 0, '', 0),
(1035, 0, 0, 0, 0, 0, 0, 0, 0, 0, 0, 0, 0, 0, '', 0),
(1036, 0, 0, 0, 0, 0, 0, 0, 0, 0, 0, 0, 0, 0, '', 0),
(1037, 0, 0, 0, 0, 0, 0, 0, 0, 0, 0, 0, 0, 0, '', 0),
(1038, 0, 0, 0, 0, 0, 0, 0, 0, 0, 0, 0, 0, 0, '', 0),
(1039, 0, 0, 0, 0, 0, 0, 0, 0, 0, 0, 0, 0, 0, '', 0),
(1040, 0, 0, 0, 0, 0, 0, 0, 0, 0, 0, 0, 0, 0, '', 0),
(1041, 0, 0, 0, 0, 0, 0, 0, 0, 0, 0, 0, 0, 0, '', 0),
(1042, 0, 0, 0, 0, 0, 0, 0, 0, 0, 0, 0, 0, 0, '', 0),
(1043, 0, 0, 0, 0, 0, 0, 0, 0, 0, 0, 0, 0, 0, '', 0),
(1044, 0, 0, 0, 0, 0, 0, 0, 0, 0, 0, 0, 0, 0, '', 0),
(1045, 0, 0, 0, 0, 0, 0, 0, 0, 0, 0, 0, 0, 0, '', 0),
(1046, 3, 8, 0, 0, 0, 0, 0, 0, 0, 0, 0, 0, 0, '', 0),
(1047, 3, 3, 0, 0, 0, 0, 0, 0, 0, 0, 0, 0, 0, '', 0),
(1048, 3, 3, 0, 0, 0, 0, 0, 0, 0, 0, 0, 0, 0, '', 0),
(1049, 3, 7, 0, 0, 0, 0, 0, 0, 0, 0, 0, 0, 0, '', 0),
(1050, 0, 0, 0, 0, 0, 0, 0, 0, 0, 0, 0, 0, 0, '', 0),
(1051, 0, 0, 0, 0, 0, 0, 0, 0, 0, 0, 0, 0, 0, '', 0),
(1052, 0, 0, 0, 0, 0, 0, 0, 0, 0, 0, 0, 0, 0, '', 0),
(1053, 0, 0, 0, 0, 0, 0, 0, 0, 0, 0, 0, 0, 0, '', 0),
(1054, 0, 0, 0, 0, 0, 0, 0, 0, 0, 0, 0, 0, 0, '', 0),
(1055, 0, 0, 0, 0, 0, 0, 0, 0, 0, 0, 0, 0, 0, '', 0),
(1056, 0, 0, 0, 0, 0, 0, 0, 0, 0, 0, 0, 0, 0, '', 0),
(1057, 0, 0, 0, 0, 0, 0, 0, 0, 0, 0, 0, 0, 0, '', 0),
(1058, 0, 0, 0, 0, 0, 0, 0, 0, 0, 0, 0, 0, 0, '', 0),
(1059, 0, 0, 0, 0, 0, 0, 0, 0, 0, 0, 0, 0, 0, '', 0),
(1060, 0, 0, 0, 0, 0, 0, 0, 0, 0, 0, 0, 0, 0, '', 0),
(1061, 0, 0, 0, 0, 0, 0, 0, 0, 0, 0, 0, 0, 0, '', 0),
(1062, 0, 0, 0, 0, 0, 0, 0, 0, 0, 0, 0, 0, 0, '', 0),
(1063, 0, 0, 0, 0, 0, 0, 0, 0, 0, 0, 0, 0, 0, '', 0),
(1064, 1, 7, 0, 0, 0, 0, 0, 0, 0, 0, 0, 0, 0, '', 0),
(1065, 0, 0, 0, 0, 0, 0, 0, 0, 0, 0, 0, 0, 0, '', 0),
(1066, 0, 0, 0, 0, 0, 0, 0, 0, 0, 0, 0, 0, 0, '', 0),
(1067, 0, 0, 0, 0, 0, 0, 0, 0, 0, 0, 0, 0, 0, '', 0),
(1068, 0, 0, 0, 0, 0, 0, 0, 0, 0, 0, 0, 0, 0, '', 0),
(1069, 0, 0, 0, 0, 0, 0, 0, 0, 0, 0, 0, 0, 0, '', 0),
(1070, 0, 0, 0, 0, 0, 0, 0, 0, 0, 0, 0, 0, 0, '', 0),
(1071, 0, 0, 0, 0, 0, 0, 0, 0, 0, 0, 0, 0, 0, '', 0),
(1072, 0, 0, 0, 0, 0, 0, 0, 0, 0, 0, 0, 0, 0, '', 0),
(1073, 0, 0, 0, 0, 0, 0, 0, 0, 0, 0, 0, 0, 0, '', 0),
(1074, 0, 0, 0, 0, 0, 0, 0, 0, 0, 0, 0, 0, 0, '', 0),
(1075, 0, 0, 0, 0, 0, 0, 0, 0, 0, 0, 0, 0, 0, '', 0),
(1076, 0, 0, 0, 0, 0, 0, 0, 0, 0, 0, 0, 0, 0, '', 0),
(1077, 0, 0, 0, 0, 0, 0, 0, 0, 0, 0, 0, 0, 0, '', 0),
(1078, 0, 0, 0, 0, 0, 0, 0, 0, 0, 0, 0, 0, 0, '', 0),
(1079, 0, 0, 0, 0, 0, 0, 0, 0, 0, 0, 0, 0, 0, '', 0),
(1080, 0, 0, 0, 0, 0, 0, 0, 0, 0, 0, 0, 0, 0, '', 0),
(1081, 0, 0, 0, 0, 0, 0, 0, 0, 0, 0, 0, 0, 0, '', 0),
(1082, 0, 0, 0, 0, 0, 0, 0, 0, 0, 0, 0, 0, 0, '', 0),
(1083, 0, 0, 0, 0, 0, 0, 0, 0, 0, 0, 0, 0, 0, '', 0),
(1084, 0, 0, 0, 0, 0, 0, 0, 0, 0, 0, 0, 0, 0, '', 0),
(1085, 0, 0, 0, 0, 0, 0, 0, 0, 0, 0, 0, 0, 0, '', 0),
(1086, 0, 0, 0, 0, 0, 0, 0, 0, 0, 0, 0, 0, 0, '', 0),
(1087, 0, 0, 0, 0, 0, 0, 0, 0, 0, 0, 0, 0, 0, '', 0),
(1088, 0, 0, 0, 0, 0, 0, 0, 0, 0, 0, 0, 0, 0, '', 0),
(1089, 0, 0, 0, 0, 0, 0, 0, 0, 0, 0, 0, 0, 0, '', 0),
(1090, 0, 0, 0, 0, 0, 0, 0, 0, 0, 0, 0, 0, 0, '', 0),
(1091, 0, 0, 0, 0, 0, 0, 0, 0, 0, 0, 0, 0, 0, '', 0),
(1092, 0, 0, 0, 0, 0, 0, 0, 0, 0, 0, 0, 0, 0, '', 0),
(1093, 0, 0, 0, 0, 0, 0, 0, 0, 0, 0, 0, 0, 0, '', 0),
(1094, 0, 0, 0, 0, 0, 0, 0, 0, 0, 0, 0, 0, 0, '', 0),
(1095, 0, 0, 0, 0, 0, 0, 0, 0, 0, 0, 0, 0, 0, '', 0),
(1096, 0, 0, 0, 0, 0, 0, 0, 0, 0, 0, 0, 0, 0, '', 0),
(1097, 0, 0, 0, 0, 0, 0, 0, 0, 0, 0, 0, 0, 0, '', 0),
(1098, 0, 0, 0, 0, 0, 0, 0, 0, 0, 0, 0, 0, 0, '', 0),
(1099, 0, 0, 0, 0, 0, 0, 0, 0, 0, 0, 0, 0, 0, '', 0),
(1100, 0, 0, 0, 0, 0, 0, 0, 0, 0, 0, 0, 0, 0, '', 0),
(1101, 0, 0, 0, 0, 0, 0, 0, 0, 0, 0, 0, 0, 0, '', 0),
(1102, 3, 10, 0, 0, 0, 0, 0, 0, 0, 0, 0, 0, 0, '', 0),
(1103, 3, 10, 0, 0, 0, 0, 0, 0, 0, 0, 0, 0, 0, '', 0),
(1104, 3, 1, 0, 0, 0, 0, 0, 0, 0, 0, 0, 0, 0, '', 0),
(1105, 3, 0, 0, 0, 0, 0, 0, 0, 0, 0, 0, 0, 0, '', 0),
(1106, 3, 10, 0, 0, 0, 0, 0, 0, 0, 0, 0, 0, 0, '', 0),
(1107, 5, 10, 0, 0, 0, 0, 0, 0, 0, 0, 0, 0, 0, '', 0),
(1108, 2, 8, 0, 0, 0, 0, 0, 0, 0, 0, 0, 0, 0, '', 0),
(1109, 5, 1, 0, 0, 0, 0, 0, 0, 0, 0, 0, 0, 0, '', 1),
(1110, 3, 10, 1597, 0, 0, 0, 0, 0, 0, 0, 0, 0, 0, '', 0),
(1111, 3, 0, 0, 0, 0, 0, 0, 0, 0, 0, 0, 0, 0, '', 0),
(1112, 5, 1, 0, 0, 0, 0, 0, 0, 0, 0, 0, 0, 0, '', 1),
(1113, 3, 10, 0, 0, 0, 0, 0, 0, 0, 0, 0, 0, 0, '', 0),
(1114, 0, 0, 0, 0, 0, 0, 0, 0, 0, 0, 0, 0, 0, '', 0),
(1115, 3, 10, 0, 0, 0, 0, 0, 0, 0, 0, 0, 0, 0, '', 0),
(1116, 3, 10, 0, 0, 0, 0, 0, 0, 0, 0, 0, 0, 0, '', 0),
(1117, 0, 0, 0, 0, 0, 0, 0, 0, 0, 0, 0, 0, 0, '', 0),
(1118, 0, 0, 0, 0, 0, 0, 0, 0, 0, 0, 0, 0, 0, '', 0),
(1119, 0, 0, 0, 0, 0, 0, 0, 0, 0, 0, 0, 0, 0, '', 0),
(1120, 0, 0, 0, 0, 0, 0, 0, 0, 0, 0, 0, 0, 0, '', 0),
(1121, 0, 0, 0, 0, 0, 0, 0, 0, 0, 0, 0, 0, 0, '', 0),
(1122, 0, 0, 0, 0, 0, 0, 0, 0, 0, 0, 0, 0, 0, '', 0),
(1123, 0, 0, 0, 0, 0, 0, 0, 0, 0, 0, 0, 0, 0, '', 0),
(1124, 0, 0, 0, 0, 0, 0, 0, 0, 0, 0, 0, 0, 0, '', 0),
(1125, 0, 0, 0, 0, 0, 0, 0, 0, 0, 0, 0, 0, 0, '', 0),
(1126, 0, 0, 0, 0, 0, 0, 0, 0, 0, 0, 0, 0, 0, '', 0),
(1127, 0, 0, 0, 0, 0, 0, 0, 0, 0, 0, 0, 0, 0, '', 0),
(1128, 0, 0, 0, 0, 0, 0, 0, 0, 0, 0, 0, 0, 0, '', 0),
(1129, 0, 0, 0, 0, 0, 0, 0, 0, 0, 0, 0, 0, 0, '', 0),
(1130, 0, 0, 0, 0, 0, 0, 0, 0, 0, 0, 0, 0, 0, '', 0),
(1131, 0, 0, 0, 0, 0, 0, 0, 0, 0, 0, 0, 0, 0, '', 0),
(1132, 0, 0, 0, 0, 0, 0, 0, 0, 0, 0, 0, 0, 0, '', 0),
(1133, 0, 0, 0, 0, 0, 0, 0, 0, 0, 0, 0, 0, 0, '', 0),
(1134, 0, 0, 0, 0, 0, 0, 0, 0, 0, 0, 0, 0, 0, '', 0),
(1135, 0, 0, 0, 0, 0, 0, 0, 0, 0, 0, 0, 0, 0, '', 0),
(1136, 0, 0, 0, 0, 0, 0, 0, 0, 0, 0, 0, 0, 0, '', 0),
(1137, 0, 0, 0, 0, 0, 0, 0, 0, 0, 0, 0, 0, 0, '', 0),
(1138, 0, 0, 0, 0, 0, 0, 0, 0, 0, 0, 0, 0, 0, '', 0),
(1139, 0, 0, 0, 0, 0, 0, 0, 0, 0, 0, 0, 0, 0, '', 0),
(1140, 0, 0, 0, 0, 0, 0, 0, 0, 0, 0, 0, 0, 0, '', 0),
(1141, 0, 0, 0, 0, 0, 0, 0, 0, 0, 0, 0, 0, 0, '', 0),
(1142, 0, 0, 0, 0, 0, 0, 0, 0, 0, 0, 0, 0, 0, '', 0),
(1143, 0, 0, 0, 0, 0, 0, 0, 0, 0, 0, 0, 0, 0, '', 0),
(1144, 0, 0, 0, 0, 0, 0, 0, 0, 0, 0, 0, 0, 0, '', 0),
(1145, 0, 0, 0, 0, 0, 0, 0, 0, 0, 0, 0, 0, 0, '', 0),
(1146, 0, 0, 0, 0, 0, 0, 0, 0, 0, 0, 0, 0, 0, '', 0),
(1147, 0, 0, 0, 0, 0, 0, 0, 0, 0, 0, 0, 0, 0, '', 0),
(1148, 0, 0, 0, 0, 0, 0, 0, 0, 0, 0, 0, 0, 0, '', 0),
(1149, 0, 0, 0, 0, 0, 0, 0, 0, 0, 0, 0, 0, 0, '', 0),
(1150, 0, 0, 0, 0, 0, 0, 0, 0, 0, 0, 0, 0, 0, '', 0),
(1151, 0, 0, 0, 0, 0, 0, 0, 0, 0, 0, 0, 0, 0, '', 0),
(1152, 0, 0, 0, 0, 0, 0, 0, 0, 0, 0, 0, 0, 0, '', 0),
(1153, 0, 0, 0, 0, 0, 0, 0, 0, 0, 0, 0, 0, 0, '', 0),
(1154, 0, 0, 0, 0, 0, 0, 0, 0, 0, 0, 0, 0, 0, '', 0),
(1155, 0, 0, 0, 0, 0, 0, 0, 0, 0, 0, 0, 0, 0, '', 0),
(1156, 0, 0, 0, 0, 0, 0, 0, 0, 0, 0, 0, 0, 0, '', 0),
(1157, 0, 0, 0, 0, 0, 0, 0, 0, 0, 0, 0, 0, 0, '', 0),
(1158, 0, 0, 0, 0, 0, 0, 0, 0, 0, 0, 0, 0, 0, '', 0),
(1159, 0, 0, 0, 0, 0, 0, 0, 0, 0, 0, 0, 0, 0, '', 0),
(1160, 0, 0, 0, 0, 0, 0, 0, 0, 0, 0, 0, 0, 0, '', 0),
(1161, 0, 0, 0, 0, 0, 0, 0, 0, 0, 0, 0, 0, 0, '', 0),
(1162, 0, 0, 0, 0, 0, 0, 0, 0, 0, 0, 0, 0, 0, '', 0),
(1163, 0, 0, 0, 0, 0, 0, 0, 0, 0, 0, 0, 0, 0, '', 0),
(1164, 0, 0, 0, 0, 0, 0, 0, 0, 0, 0, 0, 0, 0, '', 0),
(1165, 0, 0, 0, 0, 0, 0, 0, 0, 0, 0, 0, 0, 0, '', 0),
(1166, 0, 0, 0, 0, 0, 0, 0, 0, 0, 0, 0, 0, 0, '', 0),
(1167, 0, 0, 0, 0, 0, 0, 0, 0, 0, 0, 0, 0, 0, '', 0),
(1168, 0, 0, 0, 0, 0, 0, 0, 0, 0, 0, 0, 0, 0, '', 0),
(1169, 0, 0, 0, 0, 0, 0, 0, 0, 0, 0, 0, 0, 0, '', 0),
(1170, 0, 0, 0, 0, 0, 0, 0, 0, 0, 0, 0, 0, 0, '', 0),
(1171, 0, 0, 0, 0, 0, 0, 0, 0, 0, 0, 0, 0, 0, '', 0),
(1172, 0, 0, 0, 0, 0, 0, 0, 0, 0, 0, 0, 0, 0, '', 0),
(1173, 0, 0, 0, 0, 0, 0, 0, 0, 0, 0, 0, 0, 0, '', 1),
(1174, 0, 0, 0, 0, 0, 0, 0, 0, 0, 0, 0, 0, 0, '', 0),
(1175, 0, 0, 0, 0, 0, 0, 0, 0, 0, 0, 0, 0, 0, '', 0),
(1176, 0, 0, 0, 0, 0, 0, 0, 0, 0, 0, 0, 0, 0, '', 0),
(1177, 0, 0, 0, 0, 0, 0, 0, 0, 0, 0, 0, 0, 0, '', 0),
(1178, 0, 0, 0, 0, 0, 0, 0, 0, 0, 0, 0, 0, 0, '', 0),
(1179, 0, 0, 0, 0, 0, 0, 0, 0, 0, 0, 0, 0, 0, '', 0),
(1180, 0, 0, 0, 0, 0, 0, 0, 0, 0, 0, 0, 0, 0, '', 0),
(1181, 0, 0, 0, 0, 0, 0, 0, 0, 0, 0, 0, 0, 0, '', 0),
(1182, 0, 0, 0, 0, 0, 0, 0, 0, 0, 0, 0, 0, 0, '', 0),
(1183, 0, 0, 0, 0, 0, 0, 0, 0, 0, 0, 0, 0, 0, '', 0),
(1184, 0, 0, 0, 0, 0, 0, 0, 0, 0, 0, 0, 0, 0, '', 0),
(1185, 0, 0, 0, 0, 0, 0, 0, 0, 0, 0, 0, 0, 0, '', 0),
(1186, 0, 0, 0, 0, 0, 0, 0, 0, 0, 0, 0, 0, 0, '', 0),
(1187, 0, 0, 0, 0, 0, 0, 0, 0, 0, 0, 0, 0, 0, '', 0),
(1188, 0, 0, 0, 0, 0, 0, 0, 0, 0, 0, 0, 0, 0, '', 0),
(1189, 0, 0, 0, 0, 0, 0, 0, 0, 0, 0, 0, 0, 0, '', 0),
(1190, 5, 3, 0, 0, 0, 0, 0, 0, 0, 0, 0, 0, 0, '', 0),
(1191, 0, 0, 0, 0, 0, 0, 0, 0, 0, 0, 0, 0, 0, '', 0),
(1192, 0, 0, 0, 0, 0, 0, 0, 0, 0, 0, 0, 0, 0, '', 0),
(1193, 0, 0, 0, 0, 0, 0, 0, 0, 0, 0, 0, 0, 0, '', 0),
(1194, 0, 0, 0, 0, 0, 0, 0, 0, 0, 0, 0, 0, 0, '', 0),
(1195, 0, 0, 0, 0, 0, 0, 0, 0, 0, 0, 0, 0, 0, '', 0),
(1196, 0, 0, 0, 0, 0, 0, 0, 0, 0, 0, 0, 0, 0, '', 0),
(1197, 0, 0, 0, 0, 0, 0, 0, 0, 0, 0, 0, 0, 0, '', 0),
(1198, 0, 0, 0, 0, 0, 0, 0, 0, 0, 0, 0, 0, 0, '', 0),
(1199, 0, 0, 0, 0, 0, 0, 0, 0, 0, 0, 0, 0, 0, '', 0),
(1200, 0, 0, 0, 0, 0, 0, 0, 0, 0, 0, 0, 0, 0, '', 0),
(1201, 0, 0, 0, 0, 0, 0, 0, 0, 0, 0, 0, 0, 0, '', 0),
(1202, 0, 0, 0, 0, 0, 0, 0, 0, 0, 0, 0, 0, 0, '', 0),
(1203, 0, 0, 0, 0, 0, 0, 0, 0, 0, 0, 0, 0, 0, '', 0),
(1204, 0, 0, 0, 0, 0, 0, 0, 0, 0, 0, 0, 0, 0, '', 0),
(1205, 0, 0, 0, 0, 0, 0, 0, 0, 0, 0, 0, 0, 0, '', 0),
(1206, 0, 0, 0, 0, 0, 0, 0, 0, 0, 0, 0, 0, 0, '', 0),
(1207, 0, 0, 0, 0, 0, 0, 0, 0, 0, 0, 0, 0, 0, '', 0),
(1208, 0, 0, 0, 0, 0, 0, 0, 0, 0, 0, 0, 0, 0, '', 0),
(1209, 0, 0, 0, 0, 0, 0, 0, 0, 0, 0, 0, 0, 0, '', 0),
(1210, 0, 0, 0, 0, 0, 0, 0, 0, 0, 0, 0, 0, 0, '', 0),
(1211, 0, 10, 1584, 0, 0, 0, 0, 0, 0, 0, 0, 0, 0, '', 0),
(1212, 0, 0, 0, 0, 0, 0, 0, 0, 0, 0, 0, 0, 0, '', 0),
(1213, 0, 0, 0, 0, 0, 0, 0, 0, 0, 0, 0, 0, 0, '', 0),
(1214, 0, 0, 0, 0, 0, 0, 0, 0, 0, 0, 0, 0, 0, '', 0),
(1215, 0, 0, 0, 0, 0, 0, 0, 0, 0, 0, 0, 0, 0, '', 0),
(1216, 0, 0, 0, 0, 0, 0, 0, 0, 0, 0, 0, 0, 0, '', 0),
(1217, 0, 0, 0, 0, 0, 0, 0, 0, 0, 0, 0, 0, 0, '', 0),
(1218, 0, 0, 0, 0, 0, 0, 0, 0, 0, 0, 0, 0, 0, '', 0),
(1219, 0, 0, 0, 0, 0, 0, 0, 0, 0, 0, 0, 0, 0, '', 0),
(1220, 4, 9, 0, 0, 0, 0, 0, 0, 0, 0, 0, 0, 0, '', 0),
(1221, 0, 0, 0, 0, 0, 0, 0, 0, 0, 0, 0, 0, 0, '', 0),
(1222, 0, 0, 0, 0, 0, 0, 0, 0, 0, 0, 0, 0, 0, '', 0),
(1223, 3, 3, 0, 0, 0, 0, 0, 0, 0, 0, 0, 0, 0, '', 0),
(1224, 3, 3, 0, 0, 0, 0, 0, 0, 0, 0, 0, 0, 0, '', 0),
(1225, 0, 0, 0, 0, 0, 0, 0, 0, 0, 0, 0, 0, 0, '', 0),
(1226, 6, 3, 0, 0, 0, 0, 0, 0, 0, 0, 0, 0, 0, '', 0),
(1227, 3, 3, 0, 0, 0, 0, 0, 0, 0, 0, 0, 0, 0, '', 0),
(1228, 4, 3, 0, 0, 0, 0, 0, 0, 0, 0, 0, 0, 0, '', 0),
(1229, 5, 3, 1601, 0, 0, 0, 0, 0, 0, 0, 0, 0, 0, '', 0),
(1230, 0, 0, 0, 0, 0, 0, 0, 0, 0, 0, 0, 0, 0, '', 0),
(1231, 1, 3, 1232, 0, 0, 0, 0, 0, 0, 0, 0, 0, 0, '', 0),
(1232, 3, 3, 0, 0, 0, 0, 0, 0, 0, 0, 0, 0, 0, '', 0),
(1233, 3, 3, 0, 0, 0, 0, 0, 0, 0, 0, 0, 0, 0, '', 0),
(1234, 3, 0, 0, 0, 0, 0, 0, 0, 0, 0, 0, 0, 0, '', 0),
(1235, 0, 0, 0, 0, 0, 0, 0, 0, 0, 0, 0, 0, 0, '', 0),
(1236, 0, 0, 0, 0, 0, 0, 0, 0, 0, 0, 0, 0, 0, '', 0),
(1237, 0, 0, 0, 0, 0, 0, 0, 0, 0, 0, 0, 0, 0, '', 0),
(1238, 0, 0, 0, 0, 0, 0, 0, 0, 0, 0, 0, 0, 0, '', 0),
(1239, 0, 0, 0, 0, 0, 0, 0, 0, 0, 0, 0, 0, 0, '', 0),
(1240, 0, 0, 0, 0, 0, 0, 0, 0, 0, 0, 0, 0, 0, '', 0),
(1241, 0, 0, 0, 0, 0, 0, 0, 0, 0, 0, 0, 0, 0, '', 0),
(1242, 0, 0, 0, 0, 0, 0, 0, 0, 0, 0, 0, 0, 0, '', 0),
(1243, 0, 0, 0, 0, 0, 0, 0, 0, 0, 0, 0, 0, 0, '', 0),
(1244, 3, 10, 0, 0, 0, 0, 0, 0, 0, 0, 0, 0, 0, '', 0),
(1245, 0, 0, 0, 0, 0, 0, 0, 0, 0, 0, 0, 0, 0, '', 0),
(1246, 0, 0, 0, 0, 0, 0, 0, 0, 0, 0, 0, 0, 0, '', 0),
(1247, 0, 0, 0, 0, 0, 0, 0, 0, 0, 0, 0, 0, 0, '', 0),
(1248, 4, 9, 0, 0, 0, 0, 0, 0, 0, 0, 0, 0, 0, '', 0),
(1249, 0, 0, 0, 0, 0, 0, 0, 0, 0, 0, 0, 0, 0, '', 0),
(1250, 0, 0, 0, 0, 0, 0, 0, 0, 0, 0, 0, 0, 0, '', 0),
(1251, 0, 0, 0, 0, 0, 0, 0, 0, 0, 0, 0, 0, 0, '', 0),
(1252, 3, 3, 1544, 0, 0, 0, 0, 0, 0, 0, 0, 0, 0, '', 0),
(1253, 0, 0, 0, 0, 0, 0, 0, 0, 0, 0, 0, 0, 0, '', 0),
(1254, 0, 0, 0, 0, 0, 0, 0, 0, 0, 0, 0, 0, 0, '', 0),
(1255, 0, 0, 0, 0, 0, 0, 0, 0, 0, 0, 0, 0, 0, '', 0),
(1256, 7, 10, 0, 0, 0, 0, 0, 0, 0, 0, 0, 0, 0, '', 1),
(1257, 5, 1, 0, 0, 0, 0, 0, 0, 0, 0, 0, 0, 0, '', 1),
(1258, 3, 10, 1603, 0, 0, 0, 0, 0, 0, 0, 0, 0, 0, '', 0),
(1259, 7, 10, 0, 0, 0, 0, 0, 0, 0, 0, 0, 0, 0, '', 0),
(1260, 0, 0, 0, 0, 0, 0, 0, 0, 0, 0, 0, 0, 0, '', 0),
(1261, 1, 5, 0, 0, 0, 0, 0, 0, 0, 0, 0, 0, 0, '', 0),
(1262, 0, 0, 0, 0, 0, 0, 0, 0, 0, 0, 0, 0, 0, '', 0),
(1263, 0, 0, 0, 0, 0, 0, 0, 0, 0, 0, 0, 0, 0, '', 0),
(1264, 0, 0, 0, 0, 0, 0, 0, 0, 0, 0, 0, 0, 0, '', 0),
(1265, 0, 0, 0, 0, 0, 0, 0, 0, 0, 0, 0, 0, 0, '', 0),
(1266, 0, 0, 0, 0, 0, 0, 0, 0, 0, 0, 0, 0, 0, '', 0),
(1267, 0, 0, 0, 0, 0, 0, 0, 0, 0, 0, 0, 0, 0, '', 0),
(1268, 0, 0, 0, 0, 0, 0, 0, 0, 0, 0, 0, 0, 0, '', 0),
(1269, 0, 0, 0, 0, 0, 0, 0, 0, 0, 0, 0, 0, 0, '', 0),
(1270, 0, 0, 0, 0, 0, 0, 0, 0, 0, 0, 0, 0, 0, '', 0),
(1271, 0, 0, 0, 0, 0, 0, 0, 0, 0, 0, 0, 0, 0, '', 0),
(1272, 0, 0, 0, 0, 0, 0, 0, 0, 0, 0, 0, 0, 0, '', 0),
(1273, 0, 0, 0, 0, 0, 0, 0, 0, 0, 0, 0, 0, 0, '', 0),
(1274, 0, 0, 0, 0, 0, 0, 0, 0, 0, 0, 0, 0, 0, '', 0),
(1275, 0, 0, 0, 0, 0, 0, 0, 0, 0, 0, 0, 0, 0, '', 0),
(1276, 0, 0, 0, 0, 0, 0, 0, 0, 0, 0, 0, 0, 0, '', 0),
(1277, 0, 0, 0, 0, 0, 0, 0, 0, 0, 0, 0, 0, 0, '', 0),
(1278, 0, 0, 0, 0, 0, 0, 0, 0, 0, 0, 0, 0, 0, '', 0),
(1279, 0, 0, 0, 0, 0, 0, 0, 0, 0, 0, 0, 0, 0, '', 0),
(1280, 0, 0, 0, 0, 0, 0, 0, 0, 0, 0, 0, 0, 0, '', 0),
(1281, 0, 0, 0, 0, 0, 0, 0, 0, 0, 0, 0, 0, 0, '', 0),
(1282, 0, 0, 0, 0, 0, 0, 0, 0, 0, 0, 0, 0, 0, '', 0),
(1283, 0, 0, 0, 0, 0, 0, 0, 0, 0, 0, 0, 0, 0, '', 0),
(1284, 0, 0, 0, 0, 0, 0, 0, 0, 0, 0, 0, 0, 0, '', 0),
(1285, 0, 0, 0, 0, 0, 0, 0, 0, 0, 0, 0, 0, 0, '', 0),
(1286, 0, 0, 0, 0, 0, 0, 0, 0, 0, 0, 0, 0, 0, '', 0),
(1287, 0, 0, 0, 0, 0, 0, 0, 0, 0, 0, 0, 0, 0, '', 0),
(1288, 0, 0, 0, 0, 0, 0, 0, 0, 0, 0, 0, 0, 0, '', 0),
(1289, 0, 0, 0, 0, 0, 0, 0, 0, 0, 0, 0, 0, 0, '', 0),
(1290, 0, 0, 0, 0, 0, 0, 0, 0, 0, 0, 0, 0, 0, '', 0),
(1291, 0, 0, 0, 0, 0, 0, 0, 0, 0, 0, 0, 0, 0, '', 0),
(1292, 0, 0, 0, 0, 0, 0, 0, 0, 0, 0, 0, 0, 0, '', 0),
(1293, 0, 0, 0, 0, 0, 0, 0, 0, 0, 0, 0, 0, 0, '', 0),
(1294, 0, 0, 0, 0, 0, 0, 0, 0, 0, 0, 0, 0, 0, '', 0),
(1295, 0, 0, 0, 0, 0, 0, 0, 0, 0, 0, 0, 0, 0, '', 0),
(1296, 0, 0, 0, 0, 0, 0, 0, 0, 0, 0, 0, 0, 0, '', 0),
(1297, 0, 0, 0, 0, 0, 0, 0, 0, 0, 0, 0, 0, 0, '', 0),
(1298, 0, 0, 0, 0, 0, 0, 0, 0, 0, 0, 0, 0, 0, '', 0),
(1299, 0, 0, 0, 0, 0, 0, 0, 0, 0, 0, 0, 0, 0, '', 0),
(1300, 0, 0, 0, 0, 0, 0, 0, 0, 0, 0, 0, 0, 0, '', 0),
(1301, 0, 0, 0, 0, 0, 0, 0, 0, 0, 0, 0, 0, 0, '', 0),
(1302, 0, 0, 0, 0, 0, 0, 0, 0, 0, 0, 0, 0, 0, '', 0),
(1303, 0, 0, 0, 0, 0, 0, 0, 0, 0, 0, 0, 0, 0, '', 0),
(1304, 0, 0, 0, 0, 0, 0, 0, 0, 0, 0, 0, 0, 0, '', 0),
(1305, 0, 0, 0, 0, 0, 0, 0, 0, 0, 0, 0, 0, 0, '', 0),
(1306, 0, 0, 0, 0, 0, 0, 0, 0, 0, 0, 0, 0, 0, '', 0),
(1307, 0, 0, 0, 0, 0, 0, 0, 0, 0, 0, 0, 0, 0, '', 0),
(1308, 0, 0, 0, 0, 0, 0, 0, 0, 0, 0, 0, 0, 0, '', 0),
(1309, 0, 0, 0, 0, 0, 0, 0, 0, 0, 0, 0, 0, 0, '', 0),
(1310, 0, 0, 0, 0, 0, 0, 0, 0, 0, 0, 0, 0, 0, '', 0),
(1311, 0, 0, 0, 0, 0, 0, 0, 0, 0, 0, 0, 0, 0, '', 0),
(1312, 0, 0, 0, 0, 0, 0, 0, 0, 0, 0, 0, 0, 0, '', 0),
(1313, 0, 0, 0, 0, 0, 0, 0, 0, 0, 0, 0, 0, 0, '', 0),
(1314, 0, 0, 0, 0, 0, 0, 0, 0, 0, 0, 0, 0, 0, '', 0),
(1315, 0, 0, 0, 0, 0, 0, 0, 0, 0, 0, 0, 0, 0, '', 0),
(1316, 0, 0, 0, 0, 0, 0, 0, 0, 0, 0, 0, 0, 0, '', 0),
(1317, 0, 0, 0, 0, 0, 0, 0, 0, 0, 0, 0, 0, 0, '', 0),
(1318, 0, 0, 0, 0, 0, 0, 0, 0, 0, 0, 0, 0, 0, '', 0),
(1319, 0, 0, 0, 0, 0, 0, 0, 0, 0, 0, 0, 0, 0, '', 0),
(1320, 0, 0, 0, 0, 0, 0, 0, 0, 0, 0, 0, 0, 0, '', 0),
(1321, 0, 0, 0, 0, 0, 0, 0, 0, 0, 0, 0, 0, 0, '', 0),
(1322, 0, 0, 0, 0, 0, 0, 0, 0, 0, 0, 0, 0, 0, '', 0),
(1323, 0, 0, 0, 0, 0, 0, 0, 0, 0, 0, 0, 0, 0, '', 0),
(1324, 0, 0, 0, 0, 0, 0, 0, 0, 0, 0, 0, 0, 0, '', 0),
(1325, 0, 0, 0, 0, 0, 0, 0, 0, 0, 0, 0, 0, 0, '', 0),
(1326, 0, 0, 0, 0, 0, 0, 0, 0, 0, 0, 0, 0, 0, '', 0),
(1327, 0, 0, 0, 0, 0, 0, 0, 0, 0, 0, 0, 0, 0, '', 0),
(1328, 0, 0, 0, 0, 0, 0, 0, 0, 0, 0, 0, 0, 0, '', 0),
(1329, 0, 0, 0, 0, 0, 0, 0, 0, 0, 0, 0, 0, 0, '', 0),
(1330, 0, 0, 0, 0, 0, 0, 0, 0, 0, 0, 0, 0, 0, '', 0),
(1331, 3, 7, 0, 0, 0, 0, 0, 0, 0, 0, 0, 0, 0, '', 0),
(1332, 0, 0, 0, 0, 0, 0, 0, 0, 0, 0, 0, 0, 0, '', 0),
(1333, 3, 3, 0, 0, 0, 0, 0, 0, 0, 0, 0, 0, 0, '', 0),
(1334, 3, 3, 0, 0, 0, 0, 0, 0, 0, 0, 0, 0, 0, '', 0),
(1335, 3, 3, 0, 0, 0, 0, 0, 0, 0, 0, 0, 0, 0, '', 0);

-- --------------------------------------------------------

--
-- Structure de la table `ps_help_access`
--

CREATE TABLE IF NOT EXISTS `ps_help_access` (
  `id_help_access` int(11) NOT NULL AUTO_INCREMENT,
  `label` varchar(45) NOT NULL,
  `version` varchar(8) NOT NULL,
  PRIMARY KEY (`id_help_access`),
  UNIQUE KEY `label` (`label`)
) ENGINE=InnoDB  DEFAULT CHARSET=utf8 AUTO_INCREMENT=18 ;

--
-- Contenu de la table `ps_help_access`
--

INSERT INTO `ps_help_access` (`id_help_access`, `label`, `version`) VALUES
(1, 'AdminTracking', '10121218'),
(2, 'AdminScenes', '10121220'),
(3, 'AdminCountries', '10121232'),
(4, 'AdminRangeWeight', '17051348'),
(6, 'AdminWarehouses', '10121237'),
(7, 'AdminSlip', '10121225'),
(9, 'AdminCustomerPreferences', '17051304'),
(10, 'AdminAttributesGroups', '17051323'),
(11, 'AdminProducts', '17051325'),
(12, 'AdminCustomers', '17051345'),
(13, 'AdminInvoices', '17051342'),
(16, 'AdminReturn', '17051341'),
(17, 'admincustomerthreads', '10121228');

-- --------------------------------------------------------

--
-- Structure de la table `ps_homeslider`
--

CREATE TABLE IF NOT EXISTS `ps_homeslider` (
  `id_homeslider_slides` int(10) unsigned NOT NULL AUTO_INCREMENT,
  `id_shop` int(10) unsigned NOT NULL,
  PRIMARY KEY (`id_homeslider_slides`,`id_shop`)
) ENGINE=InnoDB  DEFAULT CHARSET=utf8 AUTO_INCREMENT=7 ;

--
-- Contenu de la table `ps_homeslider`
--

INSERT INTO `ps_homeslider` (`id_homeslider_slides`, `id_shop`) VALUES
(1, 1),
(2, 1),
(3, 1),
(4, 1),
(5, 1),
(6, 1);

-- --------------------------------------------------------

--
-- Structure de la table `ps_homeslider_slides`
--

CREATE TABLE IF NOT EXISTS `ps_homeslider_slides` (
  `id_homeslider_slides` int(10) unsigned NOT NULL AUTO_INCREMENT,
  `position` int(10) unsigned NOT NULL DEFAULT '0',
  `active` tinyint(1) unsigned NOT NULL DEFAULT '0',
  PRIMARY KEY (`id_homeslider_slides`)
) ENGINE=InnoDB  DEFAULT CHARSET=utf8 AUTO_INCREMENT=7 ;

--
-- Contenu de la table `ps_homeslider_slides`
--

INSERT INTO `ps_homeslider_slides` (`id_homeslider_slides`, `position`, `active`) VALUES
(1, 1, 0),
(2, 2, 0),
(3, 3, 1),
(4, 4, 0),
(5, 5, 0),
(6, 6, 1);

-- --------------------------------------------------------

--
-- Structure de la table `ps_homeslider_slides_lang`
--

CREATE TABLE IF NOT EXISTS `ps_homeslider_slides_lang` (
  `id_homeslider_slides` int(10) unsigned NOT NULL,
  `id_lang` int(10) unsigned NOT NULL,
  `title` varchar(255) NOT NULL,
  `description` text NOT NULL,
  `legend` varchar(255) NOT NULL,
  `url` varchar(255) NOT NULL,
  `image` varchar(255) NOT NULL,
  PRIMARY KEY (`id_homeslider_slides`,`id_lang`)
) ENGINE=InnoDB DEFAULT CHARSET=utf8;

--
-- Contenu de la table `ps_homeslider_slides_lang`
--

INSERT INTO `ps_homeslider_slides_lang` (`id_homeslider_slides`, `id_lang`, `title`, `description`, `legend`, `url`, `image`) VALUES
(1, 1, 'Sample 1', 'This is a sample picture', 'sample-1', 'http://www.prestashop.com', '8ad885b8d4000a9e5a5a6dc1871176ce.jpg'),
(2, 1, 'Sachet Zip', 'SACHETS À FERMETURE ZIP ÉCONOMIQUE TRANSPARENT', 'Sachet Zip', './sacs-et-sachets/12-sachets-%C3%A0-fermeture-zip.html', 'e44359f86c3809d13b4c60797a2b94b2.jpg'),
(3, 1, 'pochette opaque', '', 'sample-3', 'http://p3749.phpnet.org/prestashop/125-enveloppe-opaque', '3e8d5aa6566836be8faeb1bc970743cd.jpg'),
(4, 1, 'calage bio', 'calage bio', 'calage bio', 'http://www.prestashop.com', '99e717fcd035e5df9b4a66ec74e078d8.jpg'),
(5, 1, 'Sample 5', 'This is a sample picture', 'sample-5', 'http://www.prestashop.com', 'ce5f8bf63caac14feabd429c55fff161.jpg'),
(6, 1, 'équipemet', '', 'gant', 'http://p3749.phpnet.org/prestashop/10-equipement-manutention-stockage', 'e0ff2a413fa4ecf8906fa9dd813aaddc.jpg');

-- --------------------------------------------------------

--
-- Structure de la table `ps_hook`
--

CREATE TABLE IF NOT EXISTS `ps_hook` (
  `id_hook` int(10) unsigned NOT NULL AUTO_INCREMENT,
  `name` varchar(64) NOT NULL,
  `title` varchar(64) NOT NULL,
  `description` text,
  `position` tinyint(1) NOT NULL DEFAULT '1',
  `live_edit` tinyint(1) NOT NULL DEFAULT '0',
  PRIMARY KEY (`id_hook`),
  UNIQUE KEY `hook_name` (`name`)
) ENGINE=InnoDB  DEFAULT CHARSET=utf8 AUTO_INCREMENT=141 ;

--
-- Contenu de la table `ps_hook`
--

INSERT INTO `ps_hook` (`id_hook`, `name`, `title`, `description`, `position`, `live_edit`) VALUES
(1, 'displayPayment', 'Payment', 'This hook displays new elements on the payment page', 1, 1),
(2, 'actionValidateOrder', 'New orders', '', 1, 0),
(3, 'actionPaymentConfirmation', 'Payment confirmation', 'This hook displays new elements after the payment is validated', 1, 0),
(4, 'displayPaymentReturn', 'Payment return', '', 1, 0),
(5, 'actionUpdateQuantity', 'Quantity update', 'Quantity is updated only when a customer effectively places their order', 1, 0),
(6, 'displayRightColumn', 'Right column blocks', 'This hook displays new elements in the right-hand column', 1, 1),
(7, 'displayLeftColumn', 'Left column blocks', 'This hook displays new elements in the left-hand column', 1, 1),
(8, 'displayHome', 'Homepage content', 'This hook displays new elements on the homepage', 1, 1),
(9, 'displayHeader', 'Pages header', 'This hook displays additional elements in the header of your pages', 1, 0),
(10, 'actionCartSave', 'Cart creation and update', 'This hook is displayed when a product is added to the cart or if the cart''s content is modified', 1, 0),
(11, 'actionAuthentication', 'Successful customer authentication', 'This hook is displayed after a customer successfully signs in', 1, 0),
(12, 'actionProductAdd', 'Product creation', 'This hook is displayed after a product is created', 1, 0),
(13, 'actionProductUpdate', 'Product update', 'This hook is displayed after a product has been updated', 1, 0),
(14, 'displayTop', 'Top of pages', 'This hook displays  additional elements at the top of your pages', 1, 0),
(15, 'displayRightColumnProduct', 'New elements on the product page (right column)', 'This hook displays new elements in the right-hand column of the product page', 1, 0),
(16, 'actionProductDelete', 'Product deletion', 'This hook is called when a product is deleted', 1, 0),
(17, 'displayFooterProduct', 'Product footer', 'This hook adds new blocks under the product''s description', 1, 1),
(18, 'displayInvoice', 'Invoice', 'This hook displays new blocks on the invoice (order)', 1, 0),
(19, 'actionOrderStatusUpdate', 'Order status update - Event', 'This hook launches modules when the status of an order changes.', 1, 0),
(20, 'displayAdminOrder', 'Display new elements in the Back Office, tab AdminOrder', 'This hook launches modules when the AdminOrder" tab is displayed in the Back Office"', 1, 0),
(21, 'displayFooter', 'Footer', 'This hook displays new blocks in the footer', 1, 0),
(22, 'displayPDFInvoice', 'PDF Invoice', 'This hook allows you to display additional information on PDF invoices', 1, 0),
(23, 'displayAdminCustomers', 'Display new elements in the Back Office, tab AdminCustomers', 'This hook launches modules when the AdminCustomers" tab is displayed in the Back Office"', 1, 0),
(24, 'displayOrderConfirmation', 'Order confirmation page', 'This hook is called within an order''s confirmation page', 1, 0),
(25, 'actionCustomerAccountAdd', 'Successful customer account creation', 'This hook is called when a new customer creates an account successfully', 1, 0),
(26, 'displayCustomerAccount', 'Customer account displayed in Front Office', 'This hook displays new elements on the customer account page', 1, 0),
(27, 'actionOrderSlipAdd', 'Order slip creation', 'This hook is called when a new credit slip is added regarding client order', 1, 0),
(28, 'displayProductTab', 'Tabs on product page', 'This hook is called on the product page''s tab', 1, 0),
(29, 'displayProductTabContent', 'Tabs content on the product page', 'This hook is called on the product page''s tab', 1, 0),
(30, 'displayShoppingCartFooter', 'Shopping cart footer', 'This hook displays some specific information on the shopping cart''s page', 1, 0),
(31, 'displayCustomerAccountForm', 'Customer account creation form', 'This hook displays some information on the form to create a customer account', 1, 0),
(32, 'displayAdminStatsModules', 'Stats - Modules', '', 1, 0),
(33, 'displayAdminStatsGraphEngine', 'Graph engines', '', 1, 0),
(34, 'actionOrderReturn', 'Returned product', 'This hook is displayed when a customer returns a product ', 1, 0),
(35, 'displayProductButtons', 'Product page actions', 'This hook adds new action buttons on the product page', 1, 0),
(36, 'displayBackOfficeHome', 'Administration panel homepage', 'This hook is displayed on the admin panel''s homepage', 1, 0),
(37, 'displayAdminStatsGridEngine', 'Grid engines', '', 1, 0),
(38, 'actionWatermark', 'Watermark', '', 1, 0),
(39, 'actionProductCancel', 'Product cancelled', 'This hook is called when you cancel a product in an order', 1, 0),
(40, 'displayLeftColumnProduct', 'New elements on the product page (left column)', 'This hook displays new elements in the left-hand column of the product page', 1, 0),
(41, 'actionProductOutOfStock', 'Out-of-stock product', 'This hook displays new action buttons if a product is out of stock', 1, 0),
(42, 'actionProductAttributeUpdate', 'Product attribute update', 'This hook is displayed when a product''s attribute is updated', 1, 0),
(43, 'displayCarrierList', 'Extra carrier (module mode)', '', 1, 0),
(44, 'displayShoppingCart', 'Shopping cart - Additional button', 'This hook displays new action buttons within the shopping cart', 1, 0),
(45, 'actionSearch', 'Search', '', 1, 0),
(46, 'displayBeforePayment', 'Redirect during the order process', 'This hook redirects the user to the module instead of displaying payment modules', 1, 0),
(47, 'actionCarrierUpdate', 'Carrier Update', 'This hook is called when a carrier is updated', 1, 0),
(48, 'actionOrderStatusPostUpdate', 'Post update of order status', '', 1, 0),
(49, 'displayCustomerAccountFormTop', 'Block above the form for create an account', 'This hook is displayed above the customer''s account creation form', 1, 0),
(50, 'displayBackOfficeHeader', 'Administration panel header', 'This hook is displayed in the header of the admin panel', 1, 0),
(51, 'displayBackOfficeTop', 'Administration panel hover the tabs', 'This hook is displayed on the roll hover of the tabs within the admin panel', 1, 0),
(52, 'displayBackOfficeFooter', 'Administration panel footer', 'This hook is displayed within the admin panel''s footer', 1, 0),
(53, 'actionProductAttributeDelete', 'Product attribute deletion', 'This hook is displayed when a product''s attribute is deleted', 1, 0),
(54, 'actionCarrierProcess', 'Carrier process', '', 1, 0),
(55, 'actionOrderDetail', 'Order detail', 'This hook is used to set the follow-up in Smarty when an order''s detail is called', 1, 0),
(56, 'displayBeforeCarrier', 'Before carriers list', 'This hook is displayed before the carrier list in Front Office', 1, 0),
(57, 'displayOrderDetail', 'Order detail', 'This hook is displayed within the order''s details in Front Office', 1, 0),
(58, 'actionPaymentCCAdd', 'Payment CC added', '', 1, 0),
(59, 'displayProductComparison', 'Extra product comparison', '', 1, 0),
(60, 'actionCategoryAdd', 'Category creation', 'This hook is displayed when a category is created', 1, 0),
(61, 'actionCategoryUpdate', 'Category modification', 'This hook is displayed when a category is modified', 1, 0),
(62, 'actionCategoryDelete', 'Category deletion', 'This hook is displayed when a category is deleted', 1, 0),
(63, 'actionBeforeAuthentication', 'Before authentication', 'This hook is displayed before the customer''s authentication', 1, 0),
(64, 'displayPaymentTop', 'Top of payment page', 'This hook is displayed at the top of the payment page', 1, 0),
(65, 'actionHtaccessCreate', 'After htaccess creation', 'This hook is displayed after the htaccess creation', 1, 0),
(66, 'actionAdminMetaSave', 'After saving the configuration in AdminMeta', 'This hook is displayed after saving the configuration in AdminMeta', 1, 0),
(67, 'displayAttributeGroupForm', 'Add fields to the form ''attribute group''', 'This hook adds fields to the form ''attribute group''', 1, 0),
(68, 'actionAttributeGroupSave', 'Saving an attribute group', 'This hook is called while saving an attributes group', 1, 0),
(69, 'actionAttributeGroupDelete', 'Deleting attribute group', 'This hook is called while deleting an attributes  group', 1, 0),
(70, 'displayFeatureForm', 'Add fields to the form ''feature''', 'This hook adds fields to the form ''feature''', 1, 0),
(71, 'actionFeatureSave', 'Saving attributes'' features', 'This hook is called while saving an attributes features', 1, 0),
(72, 'actionFeatureDelete', 'Deleting attributes'' features', 'This hook is called while deleting an attributes features', 1, 0),
(73, 'actionProductSave', 'Saving products', 'This hook is called while saving products', 1, 0),
(74, 'actionProductListOverride', 'Assign a products list to a category', 'This hook assigns a products list to a category', 1, 0),
(75, 'displayAttributeGroupPostProcess', 'On post-process in admin attribute group', 'This hook is called on post-process in admin attribute group', 1, 0),
(76, 'displayFeaturePostProcess', 'On post-process in admin feature', 'This hook is called on post-process in admin feature', 1, 0),
(77, 'displayFeatureValueForm', 'Add fields to the form ''feature value''', 'This hook adds fields to the form ''feature value''', 1, 0),
(78, 'displayFeatureValuePostProcess', 'On post-process in admin feature value', 'This hook is called on post-process in admin feature value', 1, 0),
(79, 'actionFeatureValueDelete', 'Deleting attributes'' features'' values', 'This hook is called while deleting an attributes features value', 1, 0),
(80, 'actionFeatureValueSave', 'Saving an attributes features value', 'This hook is called while saving an attributes features value', 1, 0),
(81, 'displayAttributeForm', 'Add fields to the form ''attribute value''', 'This hook adds fields to the form ''attribute value''', 1, 0),
(82, 'actionAttributePostProcess', 'On post-process in admin feature value', 'This hook is called on post-process in admin feature value', 1, 0),
(83, 'actionAttributeDelete', 'Deleting an attributes features value', 'This hook is called while deleting an attributes features value', 1, 0),
(84, 'actionAttributeSave', 'Saving an attributes features value', 'This hook is called while saving an attributes features value', 1, 0),
(85, 'actionTaxManager', 'Tax Manager Factory', '', 1, 0),
(86, 'displayMyAccountBlock', 'My account block', 'This hook displays extra information within the ''my account'' block"', 1, 0),
(87, 'actionModuleInstallBefore', 'actionModuleInstallBefore', '', 1, 0),
(88, 'actionModuleInstallAfter', 'actionModuleInstallAfter', '', 1, 0),
(89, 'actionAdminMetaControllerUpdate_optionsBefore', 'actionAdminMetaControllerUpdate_optionsBefore', '', 0, 0),
(90, 'actionAdminLanguagesControllerStatusBefore', 'actionAdminLanguagesControllerStatusBefore', '', 0, 0),
(91, 'actionShopDataDuplication', 'actionShopDataDuplication', '', 0, 0),
(92, 'actionBeforeSubmitAccount', 'actionBeforeSubmitAccount', '', 0, 0),
(94, 'displayMyAccountBlockfooter', 'My account block', 'Display extra informations inside the "my account" block', 1, 0),
(95, 'displayMobileTopSiteMap', 'displayMobileTopSiteMap', '', 0, 0),
(96, 'actionObjectCategoryUpdateAfter', 'actionObjectCategoryUpdateAfter', '', 0, 0),
(97, 'actionObjectCategoryDeleteAfter', 'actionObjectCategoryDeleteAfter', '', 0, 0),
(98, 'actionObjectCmsUpdateAfter', 'actionObjectCmsUpdateAfter', '', 0, 0),
(99, 'actionObjectCmsDeleteAfter', 'actionObjectCmsDeleteAfter', '', 0, 0),
(100, 'actionObjectSupplierUpdateAfter', 'actionObjectSupplierUpdateAfter', '', 0, 0),
(101, 'actionObjectSupplierDeleteAfter', 'actionObjectSupplierDeleteAfter', '', 0, 0),
(102, 'actionObjectManufacturerUpdateAfter', 'actionObjectManufacturerUpdateAfter', '', 0, 0),
(103, 'actionObjectManufacturerDeleteAfter', 'actionObjectManufacturerDeleteAfter', '', 0, 0),
(104, 'actionObjectProductUpdateAfter', 'actionObjectProductUpdateAfter', '', 0, 0),
(105, 'actionObjectProductDeleteAfter', 'actionObjectProductDeleteAfter', '', 0, 0),
(106, 'actionAdminMetaControllerUpdate_optionsAfter', 'actionAdminMetaControllerUpdate_optionsAfter', '', 0, 0),
(107, 'actionAdminPerformanceControllerSaveAfter', 'actionAdminPerformanceControllerSaveAfter', '', 0, 0),
(108, 'actionObjectCarrierAddAfter', 'actionObjectCarrierAddAfter', '', 0, 0),
(109, 'actionObjectProductAddAfter', 'actionObjectProductAddAfter', '', 0, 0),
(110, 'actionAdminStoresControllerUpdate_optionsAfter', 'actionAdminStoresControllerUpdate_optionsAfter', '', 0, 0),
(111, 'actionObjectContactAddAfter', 'actionObjectContactAddAfter', '', 0, 0),
(112, 'actionAdminThemesControllerUpdate_optionsAfter', 'actionAdminThemesControllerUpdate_optionsAfter', '', 0, 0),
(113, 'actionObjectThemeAddAfter', 'actionObjectThemeAddAfter', '', 0, 0),
(114, 'actionAdminPreferencesControllerUpdate_optionsAfter', 'actionAdminPreferencesControllerUpdate_optionsAfter', '', 0, 0),
(115, 'actionObjectShopAddAfter', 'actionObjectShopAddAfter', '', 0, 0),
(116, 'actionObjectShopGroupAddAfter', 'actionObjectShopGroupAddAfter', '', 0, 0),
(117, 'actionObjectCartAddAfter', 'actionObjectCartAddAfter', '', 0, 0),
(118, 'actionObjectOrderAddAfter', 'actionObjectOrderAddAfter', '', 0, 0),
(119, 'actionObjectCustomerThreadAddAfter', 'actionObjectCustomerThreadAddAfter', '', 0, 0),
(120, 'actionObjectCustomerAddAfter', 'actionObjectCustomerAddAfter', '', 0, 0),
(121, 'actionObjectEmployeeAddAfter', 'actionObjectEmployeeAddAfter', '', 0, 0),
(122, 'actionObjectImageAddAfter', 'actionObjectImageAddAfter', '', 0, 0),
(123, 'actionObjectCMSAddAfter', 'actionObjectCMSAddAfter', '', 0, 0),
(124, 'actionObjectCartRuleAddAfter', 'actionObjectCartRuleAddAfter', '', 0, 0),
(125, 'displayMobileHeader', 'displayMobileHeader', '', 0, 0),
(126, 'displayMobileShoppingCartTop', 'displayMobileShoppingCartTop', '', 0, 0),
(127, 'displayMobileAddToCartTop', 'displayMobileAddToCartTop', '', 0, 0),
(128, 'actionProductCoverage', 'actionProductCoverage', '', 0, 0),
(129, 'actionObjectCategoryAddAfter', 'actionObjectCategoryAddAfter', '', 0, 0),
(130, 'actionCartListOverride', 'actionCartListOverride', NULL, 1, 0),
(131, 'actionObjectManufacturerAddAfter', 'actionObjectManufacturerAddAfter', NULL, 1, 0),
(132, 'actionObjectSupplierAddAfter', 'actionObjectSupplierAddAfter', NULL, 1, 0),
(133, 'actionModuleRegisterHookAfter', 'actionModuleRegisterHookAfter', NULL, 1, 0),
(134, 'actionModuleUnRegisterHookAfter', 'actionModuleUnRegisterHookAfter', NULL, 1, 0),
(135, 'displayProductListFunctionalButtons', 'displayProductListFunctionalButtons', '', 0, 0),
(136, 'displayHomeTab', 'displayHomeTab', '', 0, 0),
(137, 'displayHomeTabContent', 'displayHomeTabContent', '', 0, 0),
(138, 'displayTopColumn', 'displayTopColumn', '', 0, 0),
(139, 'displayBackOfficeCategory', 'displayBackOfficeCategory', '', 0, 0),
(140, 'displayNav', 'displayNav', '', 0, 0);

-- --------------------------------------------------------

--
-- Structure de la table `ps_hook_alias`
--

CREATE TABLE IF NOT EXISTS `ps_hook_alias` (
  `id_hook_alias` int(10) unsigned NOT NULL AUTO_INCREMENT,
  `alias` varchar(64) NOT NULL,
  `name` varchar(64) NOT NULL,
  PRIMARY KEY (`id_hook_alias`),
  UNIQUE KEY `alias` (`alias`)
) ENGINE=InnoDB  DEFAULT CHARSET=utf8 AUTO_INCREMENT=87 ;

--
-- Contenu de la table `ps_hook_alias`
--

INSERT INTO `ps_hook_alias` (`id_hook_alias`, `alias`, `name`) VALUES
(1, 'payment', 'displayPayment'),
(2, 'newOrder', 'actionValidateOrder'),
(3, 'paymentConfirm', 'actionPaymentConfirmation'),
(4, 'paymentReturn', 'displayPaymentReturn'),
(5, 'updateQuantity', 'actionUpdateQuantity'),
(6, 'rightColumn', 'displayRightColumn'),
(7, 'leftColumn', 'displayLeftColumn'),
(8, 'home', 'displayHome'),
(9, 'header', 'displayHeader'),
(10, 'cart', 'actionCartSave'),
(11, 'authentication', 'actionAuthentication'),
(12, 'addproduct', 'actionProductAdd'),
(13, 'updateproduct', 'actionProductUpdate'),
(14, 'top', 'displayTop'),
(15, 'extraRight', 'displayRightColumnProduct'),
(16, 'deleteproduct', 'actionProductDelete'),
(17, 'productfooter', 'displayFooterProduct'),
(18, 'invoice', 'displayInvoice'),
(19, 'updateOrderStatus', 'actionOrderStatusUpdate'),
(20, 'adminOrder', 'displayAdminOrder'),
(21, 'footer', 'displayFooter'),
(22, 'PDFInvoice', 'displayPDFInvoice'),
(23, 'adminCustomers', 'displayAdminCustomers'),
(24, 'orderConfirmation', 'displayOrderConfirmation'),
(25, 'createAccount', 'actionCustomerAccountAdd'),
(26, 'customerAccount', 'displayCustomerAccount'),
(27, 'orderSlip', 'actionOrderSlipAdd'),
(28, 'productTab', 'displayProductTab'),
(29, 'productTabContent', 'displayProductTabContent'),
(30, 'shoppingCart', 'displayShoppingCartFooter'),
(31, 'createAccountForm', 'displayCustomerAccountForm'),
(32, 'AdminStatsModules', 'displayAdminStatsModules'),
(33, 'GraphEngine', 'displayAdminStatsGraphEngine'),
(34, 'orderReturn', 'actionOrderReturn'),
(35, 'productActions', 'displayProductButtons'),
(36, 'backOfficeHome', 'displayBackOfficeHome'),
(37, 'GridEngine', 'displayAdminStatsGridEngine'),
(38, 'watermark', 'actionWatermark'),
(39, 'cancelProduct', 'actionProductCancel'),
(40, 'extraLeft', 'displayLeftColumnProduct'),
(41, 'productOutOfStock', 'actionProductOutOfStock'),
(42, 'updateProductAttribute', 'actionProductAttributeUpdate'),
(43, 'extraCarrier', 'displayCarrierList'),
(44, 'shoppingCartExtra', 'displayShoppingCart'),
(45, 'search', 'actionSearch'),
(46, 'backBeforePayment', 'displayBeforePayment'),
(47, 'updateCarrier', 'actionCarrierUpdate'),
(48, 'postUpdateOrderStatus', 'actionOrderStatusPostUpdate'),
(49, 'createAccountTop', 'displayCustomerAccountFormTop'),
(50, 'backOfficeHeader', 'displayBackOfficeHeader'),
(51, 'backOfficeTop', 'displayBackOfficeTop'),
(52, 'backOfficeFooter', 'displayBackOfficeFooter'),
(53, 'deleteProductAttribute', 'actionProductAttributeDelete'),
(54, 'processCarrier', 'actionCarrierProcess'),
(55, 'orderDetail', 'actionOrderDetail'),
(56, 'beforeCarrier', 'displayBeforeCarrier'),
(57, 'orderDetailDisplayed', 'displayOrderDetail'),
(58, 'paymentCCAdded', 'actionPaymentCCAdd'),
(59, 'extraProductComparison', 'displayProductComparison'),
(60, 'categoryAddition', 'actionCategoryAdd'),
(61, 'categoryUpdate', 'actionCategoryUpdate'),
(62, 'categoryDeletion', 'actionCategoryDelete'),
(63, 'beforeAuthentication', 'actionBeforeAuthentication'),
(64, 'paymentTop', 'displayPaymentTop'),
(65, 'afterCreateHtaccess', 'actionHtaccessCreate'),
(66, 'afterSaveAdminMeta', 'actionAdminMetaSave'),
(67, 'attributeGroupForm', 'displayAttributeGroupForm'),
(68, 'afterSaveAttributeGroup', 'actionAttributeGroupSave'),
(69, 'afterDeleteAttributeGroup', 'actionAttributeGroupDelete'),
(70, 'featureForm', 'displayFeatureForm'),
(71, 'afterSaveFeature', 'actionFeatureSave'),
(72, 'afterDeleteFeature', 'actionFeatureDelete'),
(73, 'afterSaveProduct', 'actionProductSave'),
(74, 'productListAssign', 'actionProductListOverride'),
(75, 'postProcessAttributeGroup', 'displayAttributeGroupPostProcess'),
(76, 'postProcessFeature', 'displayFeaturePostProcess'),
(77, 'featureValueForm', 'displayFeatureValueForm'),
(78, 'postProcessFeatureValue', 'displayFeatureValuePostProcess'),
(79, 'afterDeleteFeatureValue', 'actionFeatureValueDelete'),
(80, 'afterSaveFeatureValue', 'actionFeatureValueSave'),
(81, 'attributeForm', 'displayAttributeForm'),
(82, 'postProcessAttribute', 'actionAttributePostProcess'),
(83, 'afterDeleteAttribute', 'actionAttributeDelete'),
(84, 'afterSaveAttribute', 'actionAttributeSave'),
(85, 'taxManager', 'actionTaxManager'),
(86, 'myAccountBlock', 'displayMyAccountBlock');

-- --------------------------------------------------------

--
-- Structure de la table `ps_hook_module`
--

CREATE TABLE IF NOT EXISTS `ps_hook_module` (
  `id_module` int(10) unsigned NOT NULL,
  `id_shop` int(11) unsigned NOT NULL DEFAULT '1',
  `id_hook` int(10) unsigned NOT NULL,
  `position` tinyint(2) unsigned NOT NULL,
  PRIMARY KEY (`id_module`,`id_hook`,`id_shop`),
  KEY `id_hook` (`id_hook`),
  KEY `id_module` (`id_module`),
  KEY `position` (`id_shop`,`position`)
) ENGINE=InnoDB DEFAULT CHARSET=utf8;

--
-- Contenu de la table `ps_hook_module`
--

INSERT INTO `ps_hook_module` (`id_module`, `id_shop`, `id_hook`, `position`) VALUES
(3, 1, 9, 1),
(3, 1, 16, 1),
(3, 1, 19, 1),
(5, 1, 60, 1),
(5, 1, 61, 1),
(5, 1, 62, 1),
(5, 1, 89, 1),
(5, 1, 90, 1),
(5, 1, 139, 1),
(6, 1, 91, 1),
(7, 1, 140, 1),
(9, 1, 14, 1),
(10, 1, 31, 1),
(10, 1, 92, 1),
(12, 1, 131, 1),
(13, 1, 133, 1),
(13, 1, 134, 1),
(19, 1, 21, 1),
(21, 1, 40, 1),
(25, 1, 132, 1),
(30, 1, 1, 1),
(30, 1, 4, 1),
(31, 1, 26, 1),
(31, 1, 86, 1),
(35, 1, 33, 1),
(37, 1, 37, 1),
(38, 1, 136, 1),
(38, 1, 137, 1),
(39, 1, 8, 1),
(39, 1, 91, 1),
(39, 1, 138, 1),
(50, 1, 11, 1),
(50, 1, 25, 1),
(60, 1, 45, 1),
(62, 1, 32, 1),
(64, 1, 2, 1),
(64, 1, 50, 1),
(64, 1, 88, 1),
(64, 1, 106, 1),
(64, 1, 107, 1),
(64, 1, 108, 1),
(64, 1, 109, 1),
(64, 1, 110, 1),
(64, 1, 111, 1),
(64, 1, 112, 1),
(64, 1, 113, 1),
(64, 1, 114, 1),
(64, 1, 115, 1),
(64, 1, 116, 1),
(64, 1, 117, 1),
(64, 1, 118, 1),
(64, 1, 119, 1),
(64, 1, 120, 1),
(64, 1, 121, 1),
(64, 1, 122, 1),
(64, 1, 123, 1),
(64, 1, 124, 1),
(67, 1, 38, 1),
(71, 1, 17, 1),
(72, 1, 28, 1),
(72, 1, 29, 1),
(72, 1, 41, 1),
(72, 1, 59, 1),
(76, 1, 30, 1),
(77, 1, 13, 1),
(77, 1, 20, 1),
(77, 1, 42, 1),
(77, 1, 48, 1),
(77, 1, 51, 1),
(85, 1, 135, 1),
(92, 1, 96, 1),
(92, 1, 97, 1),
(92, 1, 98, 1),
(92, 1, 99, 1),
(92, 1, 100, 1),
(92, 1, 101, 1),
(92, 1, 102, 1),
(92, 1, 103, 1),
(92, 1, 104, 1),
(92, 1, 105, 1),
(92, 1, 129, 1),
(103, 1, 39, 1),
(103, 1, 44, 1),
(103, 1, 46, 1),
(103, 1, 125, 1),
(103, 1, 126, 1),
(103, 1, 127, 1),
(104, 1, 12, 1),
(106, 1, 47, 1),
(111, 1, 7, 1),
(111, 1, 95, 1),
(112, 1, 15, 1),
(112, 1, 23, 1),
(112, 1, 34, 1),
(116, 1, 6, 1),
(116, 1, 130, 1),
(122, 1, 22, 1),
(123, 1, 36, 1),
(130, 1, 24, 1),
(137, 1, 5, 1),
(137, 1, 53, 1),
(137, 1, 128, 1),
(154, 1, 43, 1),
(154, 1, 64, 1),
(1, 1, 1, 2),
(1, 1, 4, 2),
(3, 1, 6, 2),
(3, 1, 12, 2),
(3, 1, 48, 2),
(3, 1, 136, 2),
(3, 1, 137, 2),
(5, 1, 7, 2),
(5, 1, 21, 2),
(6, 1, 98, 2),
(6, 1, 99, 2),
(6, 1, 110, 2),
(12, 1, 102, 2),
(12, 1, 103, 2),
(14, 1, 133, 2),
(14, 1, 134, 2),
(15, 1, 16, 2),
(17, 1, 9, 2),
(25, 1, 100, 2),
(25, 1, 101, 2),
(31, 1, 40, 2),
(36, 1, 33, 2),
(38, 1, 8, 2),
(41, 1, 14, 2),
(59, 1, 32, 2),
(64, 1, 19, 2),
(75, 1, 28, 2),
(75, 1, 29, 2),
(77, 1, 2, 2),
(92, 1, 61, 2),
(92, 1, 91, 2),
(103, 1, 20, 2),
(103, 1, 50, 2),
(104, 1, 13, 2),
(112, 1, 26, 2),
(112, 1, 30, 2),
(112, 1, 39, 2),
(112, 1, 86, 2),
(115, 1, 140, 2),
(137, 1, 41, 2),
(137, 1, 42, 2),
(140, 1, 5, 2),
(140, 1, 51, 2),
(144, 1, 47, 2),
(156, 1, 43, 2),
(156, 1, 64, 2),
(3, 1, 13, 3),
(6, 1, 21, 3),
(15, 1, 6, 3),
(15, 1, 12, 3),
(23, 1, 16, 3),
(29, 1, 7, 3),
(34, 1, 33, 3),
(38, 1, 61, 3),
(58, 1, 32, 3),
(70, 1, 40, 3),
(90, 1, 48, 3),
(94, 1, 9, 3),
(94, 1, 14, 3),
(103, 1, 1, 3),
(103, 1, 4, 3),
(105, 1, 20, 3),
(106, 1, 19, 3),
(112, 1, 2, 3),
(137, 1, 26, 3),
(137, 1, 86, 3),
(144, 1, 5, 3),
(144, 1, 50, 3),
(154, 1, 47, 3),
(6, 1, 7, 4),
(7, 1, 6, 4),
(14, 1, 21, 4),
(15, 1, 13, 4),
(23, 1, 12, 4),
(29, 1, 9, 4),
(33, 1, 33, 4),
(38, 1, 16, 4),
(53, 1, 32, 4),
(112, 1, 19, 4),
(115, 1, 14, 4),
(123, 1, 20, 4),
(136, 1, 48, 4),
(137, 1, 2, 4),
(156, 1, 47, 4),
(16, 1, 7, 5),
(22, 1, 9, 5),
(22, 1, 21, 5),
(23, 1, 13, 5),
(38, 1, 12, 5),
(40, 1, 14, 5),
(51, 1, 32, 5),
(71, 1, 16, 5),
(103, 1, 6, 5),
(131, 1, 20, 5),
(140, 1, 2, 5),
(144, 1, 19, 5),
(7, 1, 9, 6),
(8, 1, 21, 6),
(17, 1, 7, 6),
(38, 1, 13, 6),
(46, 1, 32, 6),
(48, 1, 32, 6),
(71, 1, 12, 6),
(92, 1, 14, 6),
(134, 1, 20, 6),
(137, 1, 16, 6),
(145, 1, 19, 6),
(156, 1, 2, 6),
(13, 1, 9, 7),
(26, 1, 7, 7),
(43, 1, 32, 7),
(50, 1, 21, 7),
(71, 1, 13, 7),
(77, 1, 14, 7),
(140, 1, 12, 7),
(140, 1, 16, 7),
(141, 1, 20, 7),
(10, 1, 9, 8),
(55, 1, 32, 8),
(77, 1, 21, 8),
(85, 1, 14, 8),
(140, 1, 13, 8),
(144, 1, 20, 8),
(5, 1, 9, 9),
(40, 1, 32, 9),
(123, 1, 21, 9),
(144, 1, 13, 9),
(23, 1, 9, 10),
(41, 1, 32, 10),
(9, 1, 9, 11),
(57, 1, 32, 11),
(14, 1, 9, 12),
(44, 1, 32, 12),
(15, 1, 9, 13),
(56, 1, 32, 13),
(6, 1, 9, 14),
(26, 1, 9, 15),
(42, 1, 32, 15),
(8, 1, 9, 16),
(45, 1, 32, 16),
(31, 1, 9, 17),
(47, 1, 32, 17),
(38, 1, 9, 18),
(54, 1, 32, 18),
(16, 1, 9, 19),
(60, 1, 32, 19),
(32, 1, 9, 20),
(49, 1, 32, 20),
(61, 1, 32, 21),
(78, 1, 9, 21),
(52, 1, 32, 22),
(91, 1, 9, 22),
(71, 1, 9, 23),
(142, 1, 32, 23),
(72, 1, 9, 24),
(76, 1, 9, 25),
(80, 1, 9, 26),
(90, 1, 9, 27),
(103, 1, 9, 28),
(115, 1, 9, 29),
(116, 1, 9, 30),
(130, 1, 9, 31),
(137, 1, 9, 32),
(140, 1, 9, 33),
(39, 1, 9, 34),
(154, 1, 9, 35),
(156, 1, 9, 36);

-- --------------------------------------------------------

--
-- Structure de la table `ps_hook_module_exceptions`
--

CREATE TABLE IF NOT EXISTS `ps_hook_module_exceptions` (
  `id_hook_module_exceptions` int(10) unsigned NOT NULL AUTO_INCREMENT,
  `id_shop` int(11) unsigned NOT NULL DEFAULT '1',
  `id_module` int(10) unsigned NOT NULL,
  `id_hook` int(10) unsigned NOT NULL,
  `file_name` varchar(255) DEFAULT NULL,
  PRIMARY KEY (`id_hook_module_exceptions`),
  KEY `id_module` (`id_module`),
  KEY `id_hook` (`id_hook`)
) ENGINE=InnoDB  DEFAULT CHARSET=utf8 AUTO_INCREMENT=2 ;

--
-- Contenu de la table `ps_hook_module_exceptions`
--

INSERT INTO `ps_hook_module_exceptions` (`id_hook_module_exceptions`, `id_shop`, `id_module`, `id_hook`, `file_name`) VALUES
(1, 1, 5, 60, 'search');

-- --------------------------------------------------------

--
-- Structure de la table `ps_icirelais_selected`
--

CREATE TABLE IF NOT EXISTS `ps_icirelais_selected` (
  `id_customer` int(10) unsigned DEFAULT NULL,
  `id_cart` int(10) unsigned DEFAULT NULL,
  `relay_id` varchar(8) DEFAULT NULL,
  `company` varchar(23) DEFAULT NULL,
  `address1` varchar(128) DEFAULT NULL,
  `address2` varchar(128) DEFAULT NULL,
  `postcode` varchar(10) DEFAULT NULL,
  `city` varchar(100) DEFAULT NULL,
  `id_country` int(11) DEFAULT NULL
) ENGINE=MyISAM DEFAULT CHARSET=utf8;

-- --------------------------------------------------------

--
-- Structure de la table `ps_image`
--

CREATE TABLE IF NOT EXISTS `ps_image` (
  `id_image` int(10) unsigned NOT NULL AUTO_INCREMENT,
  `id_product` int(10) unsigned NOT NULL,
  `position` smallint(2) unsigned NOT NULL DEFAULT '0',
  `cover` tinyint(1) unsigned NOT NULL DEFAULT '0',
  PRIMARY KEY (`id_image`),
  UNIQUE KEY `idx_product_image` (`id_image`,`id_product`,`cover`),
  KEY `image_product` (`id_product`),
  KEY `id_product_cover` (`id_product`,`cover`)
) ENGINE=InnoDB  DEFAULT CHARSET=utf8 AUTO_INCREMENT=805 ;

--
-- Contenu de la table `ps_image`
--

INSERT INTO `ps_image` (`id_image`, `id_product`, `position`, `cover`) VALUES
(31, 14, 1, 1),
(32, 15, 1, 1),
(33, 16, 1, 1),
(34, 17, 1, 1),
(35, 18, 1, 1),
(36, 19, 1, 1),
(37, 19, 2, 0),
(38, 20, 1, 1),
(39, 20, 2, 0),
(40, 21, 1, 1),
(41, 23, 1, 1),
(42, 24, 1, 1),
(44, 26, 1, 1),
(45, 26, 2, 0),
(48, 27, 1, 1),
(49, 27, 2, 0),
(56, 20, 3, 0),
(57, 23, 2, 0),
(59, 24, 2, 0),
(67, 17, 2, 0),
(68, 20, 4, 0),
(69, 23, 3, 0),
(71, 15, 2, 0),
(73, 24, 3, 0),
(151, 15, 3, 0),
(153, 24, 4, 0),
(160, 17, 3, 0),
(161, 20, 5, 0),
(162, 23, 4, 0),
(164, 117, 1, 1),
(169, 120, 1, 1),
(170, 139, 1, 1),
(171, 125, 1, 1),
(172, 142, 1, 1),
(173, 126, 1, 1),
(174, 127, 1, 1),
(176, 148, 1, 1),
(178, 188, 1, 1),
(179, 124, 1, 1),
(180, 129, 1, 1),
(181, 177, 1, 1),
(182, 189, 1, 1),
(183, 191, 1, 1),
(184, 138, 1, 1),
(185, 141, 1, 1),
(186, 166, 1, 1),
(187, 143, 1, 1),
(188, 161, 1, 1),
(189, 168, 1, 1),
(190, 184, 1, 1),
(192, 135, 1, 1),
(193, 187, 1, 1),
(194, 190, 1, 1),
(195, 508, 1, 1),
(196, 509, 1, 1),
(197, 543, 1, 1),
(198, 544, 1, 1),
(199, 547, 1, 1),
(200, 548, 1, 1),
(201, 348, 1, 1),
(202, 349, 1, 1),
(203, 351, 1, 1),
(204, 352, 1, 1),
(205, 367, 1, 1),
(206, 373, 1, 1),
(207, 375, 1, 1),
(208, 376, 1, 1),
(209, 378, 1, 1),
(210, 384, 1, 1),
(211, 471, 1, 1),
(212, 472, 1, 1),
(213, 473, 1, 1),
(214, 474, 1, 1),
(215, 477, 1, 1),
(216, 476, 1, 1),
(217, 478, 1, 1),
(218, 480, 1, 1),
(219, 483, 1, 1),
(220, 485, 1, 1),
(221, 487, 1, 1),
(222, 488, 1, 1),
(223, 506, 1, 1),
(224, 512, 1, 1),
(225, 517, 1, 1),
(227, 387, 1, 1),
(228, 385, 1, 1),
(229, 372, 1, 1),
(230, 513, 1, 1),
(231, 511, 1, 1),
(232, 510, 1, 1),
(233, 507, 1, 1),
(234, 504, 1, 1),
(235, 505, 1, 1),
(236, 503, 1, 1),
(237, 515, 1, 1),
(238, 516, 1, 1),
(239, 482, 1, 1),
(240, 479, 1, 1),
(241, 486, 1, 1),
(242, 489, 1, 1),
(243, 490, 1, 1),
(244, 491, 1, 1),
(245, 492, 1, 1),
(246, 493, 1, 1),
(247, 494, 1, 1),
(248, 495, 1, 1),
(249, 497, 1, 1),
(250, 500, 1, 1),
(251, 499, 1, 1),
(252, 498, 1, 1),
(253, 534, 1, 1),
(254, 535, 1, 1),
(256, 533, 1, 1),
(257, 530, 1, 1),
(258, 531, 1, 1),
(259, 532, 1, 1),
(261, 529, 1, 1),
(262, 532, 2, 0),
(263, 527, 1, 1),
(264, 528, 1, 1),
(266, 565, 1, 1),
(267, 568, 1, 1),
(268, 567, 1, 1),
(269, 597, 1, 1),
(270, 581, 1, 1),
(272, 582, 1, 1),
(273, 583, 1, 1),
(274, 584, 1, 1),
(275, 585, 1, 1),
(276, 586, 1, 1),
(277, 591, 1, 1),
(278, 606, 1, 1),
(279, 607, 1, 1),
(280, 604, 1, 1),
(282, 571, 1, 1),
(285, 598, 1, 1),
(286, 379, 1, 1),
(287, 380, 1, 1),
(288, 381, 1, 1),
(289, 382, 1, 1),
(290, 383, 1, 1),
(291, 389, 1, 1),
(292, 388, 1, 1),
(293, 386, 1, 1),
(294, 366, 1, 1),
(295, 365, 1, 1),
(296, 364, 1, 1),
(297, 358, 1, 1),
(298, 361, 1, 1),
(300, 362, 1, 1),
(301, 518, 1, 1),
(302, 519, 1, 1),
(303, 520, 1, 1),
(304, 521, 1, 1),
(305, 522, 1, 1),
(306, 475, 1, 1),
(307, 484, 1, 1),
(317, 432, 1, 1),
(324, 1773, 1, 1),
(325, 395, 1, 1),
(326, 396, 1, 1),
(327, 397, 1, 1),
(328, 398, 1, 1),
(329, 400, 1, 1),
(330, 399, 1, 1),
(331, 402, 1, 1),
(332, 403, 1, 1),
(333, 405, 1, 1),
(334, 406, 1, 1),
(335, 404, 1, 1),
(336, 407, 1, 1),
(337, 409, 1, 1),
(338, 408, 1, 1),
(339, 204, 1, 1),
(340, 201, 1, 1),
(341, 208, 1, 1),
(342, 207, 1, 1),
(343, 206, 1, 1),
(344, 205, 1, 1),
(345, 648, 1, 1),
(346, 649, 1, 1),
(347, 650, 1, 1),
(348, 651, 1, 1),
(349, 652, 1, 1),
(350, 273, 1, 1),
(351, 272, 1, 1),
(352, 274, 1, 1),
(353, 360, 1, 1),
(354, 359, 1, 1),
(355, 353, 1, 1),
(356, 354, 1, 1),
(357, 355, 1, 1),
(358, 356, 1, 1),
(359, 357, 1, 1),
(360, 350, 1, 1),
(361, 347, 1, 1),
(362, 346, 1, 1),
(363, 343, 1, 1),
(364, 344, 1, 1),
(365, 345, 1, 1),
(366, 341, 1, 1),
(367, 340, 1, 1),
(368, 339, 1, 1),
(369, 338, 1, 1),
(370, 342, 1, 1),
(371, 337, 1, 1),
(372, 336, 1, 1),
(373, 334, 1, 1),
(374, 335, 1, 1),
(375, 333, 1, 1),
(376, 332, 1, 1),
(377, 331, 1, 1),
(378, 330, 1, 1),
(379, 329, 1, 1),
(380, 374, 1, 1),
(381, 369, 1, 1),
(382, 324, 1, 1),
(383, 325, 1, 1),
(384, 326, 1, 1),
(385, 328, 1, 1),
(386, 436, 1, 1),
(387, 437, 1, 1),
(391, 437, 2, 0),
(394, 437, 3, 0),
(395, 363, 1, 1),
(396, 318, 1, 1),
(397, 319, 1, 1),
(398, 320, 1, 1),
(399, 321, 1, 1),
(400, 322, 1, 1),
(401, 323, 1, 1),
(402, 317, 1, 1),
(403, 316, 1, 1),
(404, 315, 1, 1),
(405, 314, 1, 1),
(406, 313, 1, 1),
(407, 312, 1, 1),
(408, 310, 1, 1),
(409, 311, 1, 1),
(411, 307, 1, 1),
(412, 308, 1, 1),
(413, 309, 1, 1),
(414, 291, 1, 1),
(415, 368, 1, 1),
(417, 434, 1, 1),
(418, 433, 1, 1),
(419, 435, 1, 1),
(420, 431, 1, 1),
(421, 430, 1, 1),
(422, 429, 1, 1),
(423, 430, 2, 0),
(424, 523, 1, 1),
(425, 524, 1, 1),
(426, 526, 1, 1),
(427, 525, 1, 1),
(428, 546, 1, 1),
(429, 545, 1, 1),
(430, 542, 1, 1),
(431, 541, 1, 1),
(432, 549, 1, 1),
(436, 800, 1, 1),
(437, 803, 1, 1),
(438, 804, 1, 1),
(439, 798, 1, 1),
(440, 799, 1, 1),
(442, 805, 1, 1),
(443, 817, 1, 1),
(444, 817, 2, 0),
(445, 791, 1, 1),
(446, 815, 1, 1),
(447, 814, 1, 1),
(448, 701, 1, 1),
(449, 700, 1, 1),
(450, 699, 1, 1),
(451, 693, 1, 1),
(452, 692, 1, 1),
(453, 691, 1, 1),
(454, 694, 1, 1),
(455, 702, 1, 1),
(456, 695, 1, 1),
(457, 696, 1, 1),
(458, 697, 1, 1),
(459, 698, 1, 1),
(460, 689, 1, 1),
(461, 690, 1, 1),
(462, 427, 1, 1),
(463, 428, 1, 1),
(467, 879, 1, 1),
(468, 880, 1, 1),
(470, 855, 1, 1),
(472, 911, 2, 1),
(473, 911, 3, 0),
(474, 911, 1, 0),
(475, 862, 1, 1),
(476, 863, 1, 1),
(477, 864, 1, 1),
(478, 887, 1, 1),
(479, 888, 1, 1),
(480, 889, 1, 1),
(481, 890, 1, 1),
(482, 893, 1, 1),
(483, 894, 1, 1),
(484, 895, 1, 1),
(485, 822, 1, 1),
(486, 896, 1, 1),
(487, 912, 1, 1),
(488, 823, 1, 1),
(489, 824, 1, 1),
(491, 821, 1, 1),
(492, 826, 1, 1),
(494, 825, 1, 1),
(495, 835, 1, 1),
(496, 856, 1, 1),
(497, 882, 1, 1),
(498, 904, 1, 1),
(499, 878, 1, 1),
(500, 877, 1, 1),
(501, 1686, 1, 1),
(502, 885, 1, 1),
(503, 827, 1, 1),
(504, 857, 1, 1),
(507, 831, 1, 1),
(508, 831, 2, 0),
(509, 898, 1, 1),
(510, 470, 1, 1),
(511, 410, 1, 1),
(512, 496, 1, 1),
(513, 481, 1, 1),
(514, 553, 1, 1),
(515, 552, 1, 1),
(516, 551, 1, 1),
(517, 550, 1, 1),
(518, 557, 1, 1),
(520, 777, 1, 1),
(521, 667, 1, 1),
(523, 771, 1, 1),
(524, 758, 1, 1),
(525, 668, 1, 1),
(526, 9900137, 1, 1),
(529, 9900592, 3, 1),
(530, 9900586, 1, 1),
(531, 9900554, 1, 1),
(532, 9900585, 1, 1),
(533, 9900573, 1, 1),
(534, 9900561, 1, 1),
(535, 9900560, 1, 1),
(536, 9900546, 1, 1),
(537, 9900548, 1, 1),
(538, 9900579, 1, 1),
(539, 9900567, 1, 1),
(540, 9900726, 1, 1),
(541, 9900728, 1, 1),
(543, 9900547, 1, 1),
(544, 9900644, 1, 1),
(545, 9900643, 1, 1),
(546, 10, 1, 1),
(547, 428, 2, 0),
(548, 428, 3, 0),
(549, 428, 4, 0),
(550, 428, 5, 0),
(551, 428, 6, 0),
(552, 428, 7, 0),
(553, 428, 8, 0),
(554, 428, 9, 0),
(555, 428, 10, 0),
(556, 428, 11, 0),
(557, 428, 12, 0),
(558, 428, 13, 0),
(559, 428, 14, 0),
(560, 428, 15, 0),
(561, 428, 16, 0),
(562, 869, 1, 1),
(563, 868, 1, 1),
(564, 9900268, 1, 1),
(565, 9900267, 1, 1),
(566, 9900269, 1, 1),
(567, 9900270, 1, 1),
(568, 9900598, 1, 1),
(569, 9900741, 1, 1),
(570, 9900606, 1, 1),
(571, 9900743, 1, 1),
(572, 20000, 1, 1),
(573, 20000, 2, 0),
(574, 164, 1, 1),
(575, 164, 2, 0),
(576, 9900751, 1, 1),
(577, 9900158, 1, 1),
(578, 9900157, 1, 1),
(579, 9900157, 2, 0),
(580, 9900158, 2, 0),
(581, 9900752, 1, 1),
(582, 128, 1, 1),
(583, 9900753, 1, 1),
(584, 9900754, 1, 1),
(585, 9900754, 2, 0),
(586, 9900754, 3, 0),
(587, 9900754, 4, 0),
(588, 9900757, 1, 1),
(589, 9900759, 1, 1),
(590, 9900642, 1, 1),
(591, 9900642, 2, 0),
(592, 9900762, 1, 1),
(594, 9900650, 1, 1),
(595, 9900763, 1, 1),
(596, 9900672, 1, 1),
(597, 9900109, 1, 1),
(598, 9900116, 1, 1),
(599, 9900493, 1, 1),
(600, 9900633, 2, 0),
(601, 9900633, 1, 1),
(602, 9900233, 1, 1),
(604, 9900713, 1, 1),
(605, 9900688, 1, 1),
(606, 9900682, 1, 1),
(607, 9900683, 1, 1),
(608, 9900377, 1, 1),
(609, 9900261, 2, 0),
(610, 9900261, 3, 0),
(611, 9900261, 1, 1),
(612, 9900261, 4, 0),
(613, 9900261, 5, 0),
(614, 773, 1, 1),
(615, 898, 2, 0),
(616, 119, 1, 1),
(617, 119, 2, 0),
(618, 688, 2, 1),
(619, 688, 1, 0),
(620, 9900346, 2, 1),
(621, 9900346, 1, 0),
(623, 9900344, 1, 1),
(624, 9900344, 2, 0),
(626, 130, 1, 1),
(628, 905, 1, 1),
(629, 566, 1, 1),
(630, 574, 1, 1),
(631, 576, 1, 1),
(632, 577, 1, 1),
(633, 588, 1, 1),
(634, 9900634, 1, 1),
(635, 776, 1, 1),
(636, 9900139, 2, 0),
(637, 9900141, 1, 1),
(639, 9900783, 1, 1),
(640, 9900783, 2, 0),
(643, 9900784, 1, 1),
(644, 9900785, 1, 1),
(645, 9900001, 1, 1),
(646, 9900001, 2, 0),
(647, 9900001, 3, 0),
(648, 9900786, 1, 1),
(649, 757, 1, 1),
(650, 9900789, 1, 1),
(651, 9900792, 1, 1),
(652, 759, 1, 1),
(653, 762, 1, 1),
(654, 770, 1, 1),
(655, 592, 1, 1),
(657, 594, 1, 1),
(658, 593, 1, 1),
(659, 595, 1, 1),
(660, 600, 1, 1),
(661, 820, 1, 1),
(662, 760, 1, 1),
(663, 870, 1, 1),
(664, 832, 1, 1),
(665, 833, 1, 1),
(668, 151, 1, 1),
(669, 587, 1, 1),
(670, 601, 1, 1),
(671, 602, 1, 1),
(672, 639, 1, 1),
(673, 671, 1, 1),
(674, 672, 1, 1),
(675, 673, 1, 1),
(676, 674, 1, 1),
(677, 761, 1, 1),
(678, 763, 1, 1),
(679, 764, 1, 1),
(680, 765, 1, 1),
(681, 766, 1, 1),
(682, 767, 1, 1),
(683, 768, 1, 1),
(684, 769, 1, 1),
(685, 772, 1, 1),
(686, 775, 1, 1),
(687, 837, 1, 1),
(688, 834, 1, 1),
(689, 858, 1, 1),
(690, 635, 1, 1),
(691, 631, 1, 1),
(692, 247, 1, 1),
(693, 249, 1, 1),
(694, 260, 1, 1),
(695, 259, 1, 1),
(696, 257, 1, 1),
(697, 256, 1, 1),
(698, 255, 1, 1),
(699, 254, 1, 1),
(700, 253, 1, 1),
(701, 252, 1, 1),
(702, 251, 1, 1),
(703, 266, 1, 1),
(704, 265, 1, 1),
(705, 756, 1, 1),
(706, 748, 1, 1),
(707, 747, 1, 1),
(708, 746, 1, 1),
(709, 746, 2, 0),
(710, 641, 1, 1),
(711, 640, 1, 1),
(712, 638, 1, 1),
(715, 122, 1, 1),
(716, 134, 1, 1),
(717, 122, 2, 1),
(718, 149, 1, 1),
(719, 150, 1, 1),
(720, 154, 1, 1),
(721, 147, 1, 1),
(722, 170, 1, 1),
(723, 172, 1, 1),
(724, 147, 2, 0),
(725, 170, 2, 0),
(726, 172, 2, 0),
(727, 132, 1, 1),
(728, 121, 1, 1),
(729, 147, 3, 0),
(730, 145, 1, 1),
(731, 132, 2, 0),
(732, 121, 2, 0),
(733, 121, 3, 0),
(734, 145, 2, 0),
(735, 172, 3, 0),
(736, 621, 1, 1),
(737, 622, 1, 1),
(738, 624, 1, 1),
(739, 625, 1, 1),
(740, 627, 1, 1),
(741, 162, 1, 1),
(742, 162, 2, 1),
(743, 327, 1, 1),
(744, 162, 3, 1),
(745, 371, 1, 1),
(746, 162, 4, 1),
(747, 162, 5, 1),
(748, 327, 2, 1),
(749, 327, 3, 1),
(750, 371, 2, 1),
(751, 327, 4, 1),
(752, 371, 3, 1),
(753, 438, 1, 1),
(754, 637, 1, 1),
(755, 654, 1, 1),
(756, 655, 1, 1),
(757, 828, 1, 1),
(758, 836, 1, 1),
(759, 865, 1, 1),
(760, 866, 1, 1),
(761, 867, 1, 1),
(762, 874, 1, 1),
(763, 875, 1, 1),
(764, 876, 1, 1),
(765, 913, 1, 1),
(766, 914, 1, 1),
(767, 915, 1, 1),
(768, 914, 2, 0),
(769, 9900125, 1, 1),
(770, 9900115, 1, 1),
(771, 136, 1, 1),
(772, 152, 1, 1),
(773, 153, 1, 1),
(774, 232, 1, 1),
(775, 233, 1, 1),
(776, 234, 1, 1),
(777, 235, 1, 1),
(778, 237, 1, 1),
(779, 236, 1, 1),
(780, 238, 1, 1),
(782, 137, 1, 1),
(783, 249, 2, 1),
(784, 248, 1, 1),
(785, 250, 1, 1),
(786, 261, 1, 1),
(787, 262, 1, 1),
(788, 264, 1, 1),
(789, 401, 1, 1),
(790, 241, 1, 1),
(791, 240, 1, 1),
(792, 241, 2, 1),
(793, 239, 1, 1),
(794, 240, 2, 1),
(795, 9900645, 1, 1),
(796, 9900479, 1, 1),
(797, 9900678, 1, 1),
(798, 174, 1, 1),
(799, 9900139, 1, 1),
(800, 9900653, 1, 1),
(801, 9900653, 2, 0),
(802, 9900666, 1, 1),
(803, 9900666, 2, 0),
(804, 9900134, 1, 1);

-- --------------------------------------------------------

--
-- Structure de la table `ps_image_lang`
--

CREATE TABLE IF NOT EXISTS `ps_image_lang` (
  `id_image` int(10) unsigned NOT NULL,
  `id_lang` int(10) unsigned NOT NULL,
  `legend` varchar(128) DEFAULT NULL,
  PRIMARY KEY (`id_image`,`id_lang`),
  KEY `id_image` (`id_image`)
) ENGINE=InnoDB DEFAULT CHARSET=utf8;

--
-- Contenu de la table `ps_image_lang`
--

INSERT INTO `ps_image_lang` (`id_image`, `id_lang`, `legend`) VALUES
(31, 1, ''),
(32, 1, NULL),
(33, 1, NULL),
(34, 1, NULL),
(35, 1, NULL),
(36, 1, NULL),
(37, 1, NULL),
(38, 1, NULL),
(39, 1, NULL),
(40, 1, NULL),
(41, 1, NULL),
(42, 1, NULL),
(44, 1, NULL),
(45, 1, NULL),
(48, 1, NULL),
(49, 1, NULL),
(56, 1, NULL),
(57, 1, NULL),
(59, 1, NULL),
(67, 1, NULL),
(68, 1, NULL),
(69, 1, NULL),
(71, 1, NULL),
(73, 1, NULL),
(151, 1, ''),
(153, 1, ''),
(160, 1, ''),
(161, 1, ''),
(162, 1, ''),
(164, 1, 'Enveloppe bulle H 270 X 360'),
(169, 1, 'Rouleau bulle B80 laize 100x150 ml'),
(170, 1, 'Rouleau Bulle OXO laize 50X100 ml'),
(171, 1, 'Rouleau bulle B80 laize 100x100 ml'),
(172, 1, 'Rouleau bulle B60 100 x 150'),
(173, 1, 'Rouleau bulle B80 laize 0.50x150 ml'),
(174, 1, 'Rouleau bulle B80 laize 0.50x75 ml'),
(176, 1, 'Rouleau bulle B80 laize 1.20x150 ml'),
(178, 1, 'Rouleau Bulle OXO laize 100X50 ml'),
(179, 1, 'Rouleau Bulle B80 laize 1.60x150 ml'),
(180, 1, 'Rouleau bulle B80 laize 0.80x75 ml'),
(181, 1, 'Rouleau bulle B80 laize 0.50x50 ml'),
(182, 1, 'Rouleau bulle B100 laize 100x100 ml'),
(183, 1, 'Rouleau bulle B50 100 x 150'),
(184, 1, 'Enveloppe bulle D 180 X 260'),
(185, 1, 'Enveloppe bulle F 220 X 330'),
(186, 1, 'Enveloppe bulle G 240 X 330'),
(187, 1, 'Enveloppe bulle J 300 X 440'),
(188, 1, 'Enveloppe bulle C 150 X 210'),
(189, 1, 'Enveloppe bulle K 350 X 470'),
(190, 1, 'Enveloppe bulle A 110 X 160'),
(192, 1, 'Enveloppe bulle B 120 X 220'),
(193, 1, 'Enveloppe bulle CD 180 X 160'),
(194, 1, 'Enveloppe bulle E 220 X 260'),
(195, 1, 'Caisse carton  SC 400 x 300  x 160'),
(196, 1, 'Caisse carton SC 400 X 300 X 200'),
(197, 1, 'Caisse carton TC 400 x 400 x 400'),
(198, 1, 'Caisse carton TC 410 x 310 x 240'),
(199, 1, 'Caisse Carton TC 600 x 310 x 310'),
(200, 1, 'Caisse carton TC 630 x 420 x 420'),
(201, 1, 'Caisse Carton DD 400 x 300 x 200'),
(202, 1, 'Caisse carton DD 400 x 300 x 300'),
(203, 1, 'Caisse carton DD 400 x 400 x 200'),
(204, 1, 'Caisse carton DD 400 x 400 x 400'),
(205, 1, 'Caisse Carton DD 500 x 400 x 300'),
(206, 1, 'Caisse Carton DD 600x400x100'),
(207, 1, 'Caisse Carton DD 600 x 400 x 200'),
(208, 1, 'Caisse Carton* DD 600 x 400 x 300'),
(209, 1, 'Caisse Carton DD 600 x 400 x 400'),
(210, 1, 'Caisse Carton DD 700x400x400'),
(211, 1, 'Caisse Carton SC 140 x 100 x 90'),
(212, 1, 'Caisse carton SC 150 x 130 x 170'),
(213, 1, 'Caisse carton SC 160 x 120 x 110'),
(214, 1, 'Caisse Carton SC 200 x 140 x 140'),
(215, 1, 'Caisse Carton SC 200 x 150 x 60'),
(216, 1, 'Caisse Carton SC 200 x 150 x 150'),
(217, 1, 'Caisse Carton SC 200 x 150 x 90'),
(218, 1, 'Caisse Carton SC 200 x 200 x 200'),
(219, 1, 'Caisse Carton SC 250 x 180 x 140'),
(220, 1, 'Caisse Carton SC 250 x 250 x 250'),
(221, 1, 'Caisse Carton SC 300 x 200 x 100'),
(222, 1, 'Caisse Carton SC 300 x 200 x 170'),
(223, 1, 'Caisse Carton SC 400 x 250 x 150'),
(224, 1, 'Caisse Carton SC 400 x 400 x 200'),
(225, 1, 'Caisse Carton SC 500 x 110 x 110'),
(227, 1, 'Caisse carton DD 800x500x500'),
(228, 1, 'Caisse Carton DD 800 x 500 x 300'),
(229, 1, 'Caisse Carton DD 600 X 400  X 400'),
(230, 1, 'Caisse Carton SC 400 x 400 x 400'),
(231, 1, 'Caisse carton SC 400 X 300 X 300'),
(232, 1, 'Caisse Carton SC 400 x 300 x 270'),
(233, 1, 'Caisse Carton SC 400 x 270 x 200'),
(234, 1, 'Caisse Carton SC 360 x 270 x 160'),
(235, 1, 'Caisse carton SC 400 x200x100'),
(236, 1, 'Caisse carton SC 360 x 140 x 120'),
(237, 1, 'Caisse Carton SC 430 x 350 x 200'),
(238, 1, 'Caisse Carton SC 450 x 300 x 230'),
(239, 1, 'Caisse Carton SC 230 x 190 x 160'),
(240, 1, 'Caisse Carton SC 200 x 200 x 110'),
(241, 1, 'Caisse Carton SC 270 x 190 x 120'),
(242, 1, 'Caisse Carton SC 300 x 250 x 200'),
(243, 1, 'Caisse Carton SC 300 x 300 x 100'),
(244, 1, 'Caisse Carton SC 300 x 300 x 200'),
(245, 1, 'Caisse Carton SC 300 x 300 x 300'),
(246, 1, 'Caisse Carton SC 320 x 220 x 190'),
(247, 1, 'Caisse Carton SC 320 x 250 x 180'),
(248, 1, 'Caisse carton SC 330 x 250 x 230'),
(249, 1, 'Caisse Carton SC 250 x 230 x 250'),
(250, 1, 'Caisse Carton SC 350 x 350 x 350'),
(251, 1, 'Caisse Carton SC 350 x 300 x 200'),
(252, 1, 'Caisse Carton SC 350 x 250 x 100'),
(253, 1, 'Caisse Carton SC 800 x 600 x 500'),
(254, 1, 'Caisse Carton SC 800 x 600 x 600'),
(256, 1, 'Caisse Carton SC 800 x 600 x 400'),
(257, 1, 'Caisse Carton SC 700 x 400 x 400'),
(258, 1, 'Caisse Carton SC 800 x 500 x 500'),
(259, 1, 'Caisse Carton SC 800 x 600 x 300'),
(261, 1, 'Caisse Carton SC 650 x 500 x 450'),
(262, 1, 'Caisse Carton SC 800 x 600 x 300'),
(263, 1, 'Caisse Carton SC 600 x 500 x 400'),
(264, 1, 'Caisse Carton SC 620 x 320 x 240'),
(266, 1, 'adhesif PPS havane 48 X 100 ml'),
(267, 1, 'adhesif PPS ''Ne pas depal...'''),
(268, 1, 'adhesif PPS bande de garantie'),
(269, 1, 'adhesif PP Havane bande de garantie'),
(270, 1, 'adhesif papier de masquage 100x48'),
(272, 1, 'adhesif papier de masquage 19 x 50'),
(273, 1, 'adhesif papier de masquage 38 X 25'),
(274, 1, 'adhesif papier de masquage 38 x 50'),
(275, 1, 'adhesif papier de masquage 50 X 50'),
(276, 1, 'adhesif papier de masquage 9 x 50'),
(277, 1, 'adhesif PP blanc ''NON CONFORME'''),
(278, 1, 'adhesif PVC Transpt 48 X 100'),
(279, 1, 'adhesif PVC Transpt 12 X 100'),
(280, 1, 'adhesif PVC HAVANE 48 X 100'),
(282, 1, 'adhesif PP TRANS 48 x 66 ml'),
(285, 1, 'adhesif PP silencieux Havane 48x100'),
(286, 1, 'Caisse Carton DD40  600 x 600 x 50'),
(287, 1, 'Caisse Carton DD 600x600x600'),
(288, 1, 'Caisse Carton DD 600 x 500 x 450'),
(289, 1, 'Caisses Carton DD40 650 x 650 x 50'),
(290, 1, 'Caisse Carton DD 700x350x300'),
(291, 1, 'Caisse Carton DD 800 x 600 x 600'),
(292, 1, 'caisse carton DD 800 x 600 x 300'),
(293, 1, 'Caisse carton DD 800x500x400'),
(294, 1, 'Caisse Carton DD 500 x 400 x 250'),
(295, 1, 'Caisse Carton DD 500 x 350 x 300'),
(296, 1, 'Caisse Carton DD 500 x 300 x 300'),
(297, 1, 'Caisse carton DD 460 x 260 x 260'),
(298, 1, 'Caisse carton DD 480 x 255 x 430'),
(300, 1, 'Caisse carton DD 480 x 280 x 330'),
(301, 1, 'Caisse Carton SC 500 x 300 x 300'),
(302, 1, 'Caisse carton SC 500 x 330 x 250'),
(303, 1, 'Caisse Carton SC 500 x 400 x 300'),
(304, 1, 'Caisse Carton SC 530 x 370 x 170'),
(305, 1, 'Caisse Carton SC 600 x 300 x 300'),
(306, 1, 'Caisse Carton SC 200 x 150 x 120'),
(307, 1, 'Caisse Carton SC 250 x 250 x 100'),
(317, 1, 'Papier Mousseline 10 Coloris 50x75'),
(324, 1, 'adhesif PP TRANS 48 x 66 ml'),
(325, 1, 'Caisse carton GALIA A10'),
(326, 1, 'Caisse carton GALIA A11'),
(327, 1, 'Caisse carton GALIA A12'),
(328, 1, 'caisse carton GALIA A13'),
(329, 1, 'Caisse carton GALIA A16'),
(330, 1, 'Caisse carton GALIA A15'),
(331, 1, 'Caisse carton GALIA A9'),
(332, 1, 'caisse carton GALIA C 11'),
(333, 1, 'couvercle GALIA C12 C13 C14'),
(334, 1, 'Caisse carton GALIA C 16'),
(335, 1, 'caisse carton GALIA C 13'),
(336, 1, 'Couvercle carton GALIA C15 C16'),
(337, 1, 'Couvercle carton GALIA C40'),
(338, 1, 'Caisse carton GALIA C40'),
(339, 1, 'Boite mousse 180 x 120 x 50'),
(340, 1, 'Boite mousse 300x200x80'),
(341, 1, 'Boite Mousse 400x400x90'),
(342, 1, 'Boite mousse 300x200x80'),
(343, 1, 'Boite mousse 300x200x60'),
(344, 1, 'Boite mousse 300x200x100'),
(345, 1, 'Enveloppe plastique noir opaque D'),
(346, 1, 'Enveloppe plastique noir opaque F'),
(347, 1, 'Enveloppe plastique noir opaque G'),
(348, 1, 'Enveloppe plastique noir opaque H'),
(349, 1, 'Enveloppe plastique noir opaque K'),
(350, 1, 'Boites Archives 350 x 200 x 30'),
(351, 1, 'Boites Archives 350 x 100 x 30'),
(352, 1, 'Boites Archives 520 x 350 x 260'),
(353, 1, 'Caisse carton DD 470 x 175 x 380'),
(354, 1, 'Caisse carton DD 460 x 320 x 300'),
(355, 1, 'Caisse carton DD 410 x310 x 240'),
(356, 1, 'Caisse carton DD 430 x 300 x 350'),
(357, 1, 'Caisse carton DD 450x320x270'),
(358, 1, 'Caisse carton DD 450 x 350 x 350'),
(359, 1, 'Caisse carton DD 450 x 450 x 450'),
(360, 1, 'Caisse Carton DD 400 x 400 x 100'),
(361, 1, 'Caisse carton DD 400 x 270 x 200'),
(362, 1, 'Caisse carton DD 370 x 330 x 300'),
(363, 1, 'Caisse carton DD 360 X 240 X 180'),
(364, 1, 'Caisse carton DD 360 x 310 x 150'),
(365, 1, 'Caisse carton DD 360 x 310 x 155'),
(366, 1, 'Caisse Carton DD 350 x 300 x 300'),
(367, 1, 'Caisse Carton DD 350 x 300 x 200'),
(368, 1, 'Caisse Carton DD 350 x 260 x 160'),
(369, 1, 'Caisse Carton DD 350 x 230 x 260'),
(370, 1, 'Caisse Carton DD 350 x 350  x 350'),
(371, 1, 'Caisse Carton DD 340 x 270 x 260'),
(372, 1, 'Caisse carton DD 330 x 250 x 230'),
(373, 1, 'Caisse Carton DD 315x270x256'),
(374, 1, 'Caisse Carton DD 325x265x230'),
(375, 1, 'Caisse carton DD 310 x 220 x 150'),
(376, 1, 'Caisse Carton DD 300 x 300 x 300'),
(377, 1, 'Caisse Carton DD 300x300x200'),
(378, 1, 'Caisse carton DD 300 x 270 x 180'),
(379, 1, 'Caisse Carton DD 300 x 250 x 200'),
(380, 1, 'Caisse carton DD 600 x 400 x150'),
(381, 1, 'Caisse Carton DD 500 x 500 x 500'),
(382, 1, 'Caisse carton DD 285 x 225 x 240'),
(383, 1, 'Caisse carton DD 300 x 200 x 125'),
(384, 1, 'Caisse Carton DD  300 x 200 x 170'),
(385, 1, 'Caisse Carton DD 300 x 230 x 180'),
(386, 1, 'Papier mousseline rouge 50 x 75'),
(387, 1, 'Papier mousseline vert gra 50 x 75'),
(391, 1, 'Papier mousseline vert gra 50 x 75'),
(394, 1, 'Papier mousseline vert gra 50 x 75'),
(395, 1, 'Caisse carton DD 500 x 300 x 200'),
(396, 1, 'Caisse carton DD 200 x 200 x 200'),
(397, 1, 'Caisse carton DD 250 x 170 x 100'),
(398, 1, 'Caisse carton DD 250 x 170 x 150'),
(399, 1, 'Caisse carton DD 250x180x140'),
(400, 1, 'Caisse Carton DD 250X250X160'),
(401, 1, 'Caisse carton DD 250 x 250 x 250'),
(402, 1, 'Caisse carton DD 200 x 200 x 140'),
(403, 1, 'Caisse carton DD 200 x 150 x 120'),
(404, 1, 'Caisse Carton DD 200 x 140 x 140'),
(405, 1, 'Caisse carton DD 160 x 120 x 110'),
(406, 1, 'Caisse carton DD 1650 x 600 x 1200'),
(407, 1, 'Caisse Carton DD 1210 x 900 x 74'),
(408, 1, 'Caisse Carton DD 1000 x 700 x 500'),
(409, 1, 'Caisse carton DD 1200 x 400 x 200'),
(411, 1, 'Caisse Carton DD 1000 x 650 x 500'),
(412, 1, 'Caisse Carton DD 1000 x 420 x 820'),
(413, 1, 'Caisse carton DD 1000 x 500 x 500'),
(414, 1, 'Boite postale 430 x 300 x 180'),
(415, 1, 'Caisse Carton DD 50x50x135 penderie'),
(417, 1, 'Papier mousseline jaune 50 x 75'),
(418, 1, 'Papier mousseline fuschia 50 x 75'),
(419, 1, 'Papier mousseline orange 50 x 75'),
(420, 1, 'Papier mousseline chocolat 50 x 75'),
(421, 1, 'Papier mousseline Bleu Pas 50 x 75'),
(422, 1, 'Papier mousseline blanche 75 x 100'),
(423, 1, 'Papier mousseline Bleu Pas 50 x 75'),
(424, 1, 'Caisse Carton SC 600 x  400 x 100'),
(425, 1, 'Caisse Carton SC 600 x  400 x 200'),
(426, 1, 'Caisse Carton SC 600 x 400 x 400'),
(427, 1, 'Caisse carton SC 600 x 400 x 300'),
(428, 1, 'Caisse carton TC 470 x 370 x 340'),
(429, 1, 'Caisse carton TC 460 x 260 x 260'),
(430, 1, 'Caisse Carton TC 320 x 320 x 400'),
(431, 1, 'Caisse carton TC 1200 x 800 x 850'),
(432, 1, 'Caisse carton TC 800 x 500 x 500'),
(436, 1, 'Gant latex taille 8/9 LARGE'),
(437, 1, 'Gant vinyle taille 6/7 SMALL'),
(438, 1, 'Gant vinyle taille 7/8 MEDIUM'),
(439, 1, 'Gant latex taille 6/7 SMALL'),
(440, 1, 'Gant latex taille 7/8 MEDIUM'),
(442, 1, 'Gant vinyle taille 8/9 LARGE'),
(443, 1, 'Sur  Chaussure paquet de 50 paires'),
(444, 1, 'Sur  Chaussure paquet de 50 paires'),
(445, 1, 'Tablier blanc PEBD 60 micron'),
(446, 1, 'Gant Docker'),
(447, 1, 'Gant Anti-coupure Blanc T9'),
(448, 1, 'Sac poubelle noir30 micron 750 l'),
(449, 1, 'Sac poubelle noir 30micron 50 l'),
(450, 1, 'Sac poubelle noir 35 micron 330 l'),
(451, 1, 'Sac poubelle noir 40 micron 110 l'),
(452, 1, 'Sac poubelle noir 40 micron 110 l'),
(453, 1, 'Sac poubelle noir 40 micron 100 l'),
(454, 1, 'Sac poubelle noir 60 micron 130 l'),
(455, 1, 'Sac poubelle noir 55micron 100l'),
(456, 1, 'Sac poubelle noir 45 micron 130 l'),
(457, 1, 'Sac poubelle noir 50micron 160 l'),
(458, 1, 'Sac poubelle noir 30 micron 240 l'),
(459, 1, 'Sac poubelle noir 27 micron 30 l'),
(460, 1, 'Sac poubelle noir 30 micron 240 litres'),
(461, 1, 'Sac poubelle noir 30micron 330l'),
(462, 1, 'Papier mousseline blanche 50 x 75'),
(463, 1, 'Papier mousseline blanche 65 x 100'),
(467, 1, 'Boite a pates 480 cc'),
(468, 1, 'Boite a pates 780 cc'),
(470, 1, 'Ardoise carree'),
(472, 1, 'Sac emballage  isotherme'),
(473, 1, 'Sac emballage  isotherme'),
(474, 1, 'Sac emballage  isotherme'),
(475, 1, 'Ballotin Or 250 g 103x67x45'),
(476, 1, 'Ballotin Or 375 g'),
(477, 1, 'Ballotin Or 500 g'),
(478, 1, 'Cuilliere CHINOISE Noire'),
(479, 1, 'Etuis 2 bouteilles carton poignee'),
(480, 1, 'Etuis 3 bouteilles ECRU'),
(481, 1, 'Etuis 3 bouteilles  BORDEAUX'),
(482, 1, 'ICE BAG ''BASIC CLEAR'' REF174071'),
(483, 1, 'Mini Cuilliere'),
(484, 1, 'Mini Fourchette'),
(485, 1, 'Assiette octogonales noires 24 cm'),
(486, 1, 'Moule Rectangulaire'),
(487, 1, 'Verrine 1/2 Lune'),
(488, 1, 'Assiette marbree noires 23 cm'),
(489, 1, 'Assiette marbree noires 26 cm'),
(491, 1, 'Assiette blanche carton 23 cm'),
(492, 1, 'Assiette blanche plastique 22'),
(494, 1, 'Assiette blanche plastique 17.5'),
(495, 1, 'Gobelet Carton COCA COLA 25 /30 cl'),
(496, 1, 'Ardoise rectangulaire 30 x 20 x 0.7'),
(497, 1, 'Coffret 1 bouteille Bordeaux'),
(498, 1, 'POCHES A DOUILLE JETABLES'),
(499, 1, 'Bol Salade APET cristal a/couv 750C'),
(500, 1, 'Bol Salade APET cristal a/couv 500C'),
(501, 1, 'LOTS 200 EMBALLAGES BOITE CARTON PIZZA 27 x 16 x 7 cm POUR CALZONE CHAUSSON'),
(502, 1, 'Coupe BODEGA'),
(503, 1, 'Barquette frite 500 cc'),
(504, 1, 'Assiette Blanche acrton 23 cm'),
(507, 1, 'Couvert en sachet kit 4/1'),
(508, 1, 'Couvert en sachet kit 4/1'),
(509, 1, 'Boite a oeuf carton'),
(510, 1, 'Caisse carton SC 110 x 110 x 250'),
(511, 1, 'couvercle GALIA C9 C10 C11'),
(512, 1, 'Caisse Carton SC 334 x 380 x 310'),
(513, 1, 'Caisse Carton SC 230 x 190 x 120'),
(514, 1, 'Tube carton 60 x 750'),
(515, 1, 'Tube carton 60 x 500'),
(516, 1, 'Tube carton 60 x 430'),
(517, 1, 'Tube carton 40 x 350'),
(518, 1, 'Tube Carton Triangulaire 640 long'),
(520, 1, 'Sachets ZIP 80 x 120'),
(521, 1, 'Housse protection matelas 1 pers'),
(523, 1, 'sachets ZIP 40 x 60'),
(524, 1, 'Sachets ZIP 100 x 150'),
(525, 1, 'Housse protection matelas 2 pers'),
(526, 1, 'EMBALLAGE FILM BULLES 50 cm x 10 m ROULEAU FILM BULLES'),
(529, 1, '1 Bobines de film étirable 20 µ manuel VERT 450 x 300 pour lot et emballage'),
(530, 1, 'Bobine de film étirable 20 µ manuel ROUGE 450 x 300 pour emballage et envoi'),
(531, 1, '1 rouleaux de film étirable 20 µ 45 cm x 300 ml'),
(532, 1, '1 rouleaux de film étirable noir 23 µ 45 cm x 300 ml'),
(533, 1, 'Lot de 1 rouleaux de film étirable 20 µ manuel JAUNE 450 x 300 qualité superieur'),
(534, 1, 'Emballage expedition 1 rouleaux de film étirable bleu opaque 20 micron 45 x 30'),
(535, 1, 'Bobine de film étirable bleu translucide 15 micron 45 x 30'),
(536, 1, '10 rouleaux de film étirable pour fardelage 100 x 150 en 23 micron'),
(537, 1, 'Pour emballage 1 rouleaux de film étirable 17 µ'),
(538, 1, 'Emballage rouleau de film étirable noir 17 micron 45 x 300 ml qualité standard'),
(539, 1, '1 Bobine de rouleau de film étirable manuel 15 µ BLEU TRANSLUCIDE 450 x 300'),
(540, 1, '1 rouleaux de film étirable noir 23 µ 45 cm x 300 ml'),
(541, 1, 'Pour emballage 1 rouleaux de film étirable 17 µ'),
(543, 1, 'Lot de 10 rouleaux de film étirable noir 23 µ 10 x 150 + 1 poignée offert'),
(544, 1, 'Embout de deroulage, Dévidoir, Dérouleur manuel de film etirable emballage'),
(545, 1, 'Dévidoir, dérouleur manuel de film etirable emballage'),
(546, 1, 'Bolduc PP Brillants  7 x 500 mètres'),
(547, 1, 'Papier mousseline'),
(548, 1, 'Papier mousseline'),
(549, 1, 'Papier mousseline'),
(550, 1, 'Papier mousseline'),
(551, 1, 'Papier mousseline'),
(552, 1, 'Papier mousseline'),
(553, 1, 'Papier mousseline'),
(554, 1, 'Papier mousseline'),
(555, 1, 'Papier mousseline'),
(556, 1, 'Papier mousseline'),
(557, 1, 'Papier mousseline'),
(558, 1, 'Papier mousseline'),
(559, 1, 'Papier mousseline'),
(560, 1, 'Papier mousseline'),
(561, 1, 'Papier mousseline'),
(562, 1, 'Barquette PLASTIPACK BC750'),
(563, 1, 'Barquette PLASTIPACK BC 1000'),
(564, 1, 'LOTS 100 EMBALLAGES BOITE CARTON PIZZA 29 x 29 x 3.5 cm'),
(565, 1, 'PIZZA 26 x 26 x 3.5 cm'),
(566, 1, 'LOTS 100 EMBALLAGES BOITE CARTON PIZZA 31 x 31 x 3.5 cm'),
(567, 1, 'LOTS 100 EMBALLAGES BOITE CARTON PIZZA 33 x 33 x 3.5 cm'),
(568, 1, '1 Conteneur isotherme professionnel 10.8 litres + gel pour envoi Glacière'),
(569, 1, 'lot de 5 glaçons souple pour glacière , sac isotherme , Camping , rando'),
(570, 1, 'lot de 2 bloc rigide accumulateurs de froid de 1 kg pour glaciere, pin de glace'),
(571, 1, 'SACS ISOTHERME'),
(572, 1, 'EMBALLAGES FILM A BULLES 80 x 75 + adhesif + devidoir'),
(573, 1, 'EMBALLAGES FILM A BULLES 80 x 75 + adhesif + devidoir'),
(574, 1, 'enveloppes bulle D 180 x 260 TUFF'),
(575, 1, 'enveloppes bulle D 180 x 260 TUFF'),
(576, 1, 'Rouleau Bulle B80 laize 100X50 ml'),
(577, 1, 'EMBALLAGE FILM PAPIER BULLES 100 cm x 50 m pour le callage et l''envoi de colis'),
(578, 1, 'EMBALLAGE ROULEAU FILM A BULLES 100 x 100 BULLE'),
(579, 1, 'EMBALLAGE ROULEAU FILM A BULLES 100 x 100 BULLE'),
(580, 1, 'EMBALLAGE FILM PAPIER BULLES 100 cm x 50 m pour le callage et l''envoi de colis'),
(581, 1, 'Rouleau Bulle B80 laize 100X50 ml'),
(582, 1, 'Rouleau de bulle diam 32 50 x 50'),
(583, 1, 'Rouleau Bulle B80 laize 100X50 ml'),
(584, 1, 'Carton ondule 300g Laize 100'),
(585, 1, 'Carton ondule 300g Laize 100'),
(586, 1, 'Carton ondule 300g Laize 100'),
(587, 1, 'Carton ondule 300g Laize 100'),
(588, 1, 'Caisse Carton SC 200 x 200 x 110'),
(589, 1, 'Caisse Carton SC 500 x 400 x 300'),
(590, 1, 'DEVIDOIR DISTRIBUTEUR RUBAN ADHESIF SCOTCH POUR EMBALLAGE'),
(591, 1, 'DEVIDOIR DISTRIBUTEUR RUBAN ADHESIF SCOTCH POUR EMBALLAGE'),
(592, 1, 'DEVIDOIR DISTRIBUTEUR RUBAN ADHESIF SCOTCH POUR EMBALLAGE'),
(594, 1, 'Callage protection bouteille 75 cl et 1 l'),
(595, 1, 'Enveloppe bulle J 300 X 440'),
(596, 1, 'POCHETTES ADHESIVES PORTE- DOCUMENT CI-INCLUS 340 X230 A4'),
(597, 1, 'FILM A BULLES 100 x 100 ROULEAU PAPIER BULLE + adhesif'),
(598, 1, 'EMBALLAGE FILM BULLES 100 cm x 10 mètres ou film papier bulle 100 cm x 10 mètres'),
(599, 1, '1 rouleaux d'' Adhésif 48 x 100 mètres / Scotch blanc imprimé FRAGILE'),
(600, 1, 'Particules de calage degradable CHIPS BIO FLO-PAK GREEN SAC 500 l / 0,5m'),
(601, 1, 'Particules de calage degradable CHIPS BIO FLO-PAK GREEN SAC 500 l / 0,5m'),
(602, 1, 'Papier de Soie Papier Mousseline 10 feuilles 50 x 75 Chocolat ou 18 autre model'),
(604, 1, '1 Rouleau de papier film d''Aluminium 33 cm'),
(605, 1, 'Lots de tablier de protection jetable 120 cm x 70 cm paquet de 100'),
(606, 1, 'Rehausse palette bois 1200 x 800 x 200 mm Optimisez le stockage et le transport'),
(607, 1, 'Sandow élastique 20 Mètres Ø 8 mm pour bâche de protection'),
(608, 1, 'Ruban de signalisation Rubalise plastique blanc rouge  50 x 100 Mètres'),
(609, 1, 'proteger vos emballages !! rouleau de carton ondule 80 x 30 métres no film bulle'),
(610, 1, 'proteger vos emballages !! rouleau de carton ondule 80 x 30 métres no film bulle'),
(611, 1, 'proteger vos emballages !! rouleau de carton ondule 80 x 30 métres no film bulle'),
(612, 1, 'proteger vos emballages !! rouleau de carton ondule 80 x 30 métres no film bulle'),
(613, 1, 'proteger vos emballages !! rouleau de carton ondule 80 x 30 métres no film bulle'),
(614, 1, 'Sachets  ZIP 50 x 70'),
(615, 1, 'Boite a oeuf carton'),
(616, 1, 'Pochette BULLE TRI 150 x 200 + R50'),
(617, 1, 'Pochette BULLE TRI 150 x 200 + R50'),
(618, 1, 'Sachet PEBD 60 micron MINIGRIP 80 x 120'),
(619, 1, 'Sachet PEBD 60 micron MINIGRIP 80 x 120'),
(620, 1, '100 Sachets Minigrip à fermeture Zip 120 x 180 mm pochon pour emballage et envoi'),
(621, 1, '100 Sachets Minigrip à fermeture Zip 120 x 180 mm pochon pour emballage et envoi'),
(623, 1, '100 Sachets Minigrip à fermeture Zip 100 x 150 mm pochon pour emballage et envoi'),
(624, 1, '100 Sachets Minigrip à fermeture Zip 100 x 150 mm pochon pour emballage et envoi'),
(626, 1, 'lot bulle 50x10 - 20 Caisse carton SC 16x12x11 - 1 Adhésif - 20 pochettes ci-inclus 165 x 121 mm'),
(628, 1, 'Sac Fond Carton Neutre 120 x 275'),
(629, 1, 'adhesif PP HA 50 x 66 ml'),
(630, 1, 'adhesif armee fil a fil 19 x 50'),
(631, 1, 'Adhesil armee CHAINE ET TRAME 25x50'),
(632, 1, 'adhesif armee CHAINE ET TRAME 50x50'),
(633, 1, 'adhesif PP bande de garantie Blanc'),
(634, 1, 'Particules de calage CHIPS FLO-PAK  SAC 130 litres'),
(635, 1, 'Sachets ZIP 70 x 100'),
(636, 1, 'Lots de rouleau d'' adhesif + film papier bulle 50 cm x 50 mètre de long'),
(637, 1, 'Lots de rouleaux d'' adhesif +2 films papier bulle 50 cm x 50 mètre de long'),
(639, 1, 'palette bois 1200 x 800 mm'),
(640, 1, 'palette bois 1200 x 800 mm'),
(643, 1, 'palette bois 1200 x 800 mm'),
(644, 1, 'palette bois 1200 x 800 mm'),
(645, 1, 'Palette plastique 1200 x 800 cm pour produit lourd'),
(646, 1, 'Palette plastique 1200 x 800 cm pour produit lourd'),
(647, 1, 'Palette plastique 1200 x 800 cm pour produit lourd'),
(648, 1, 'Palette plastique 1200 x 800 cm pour produit lourd'),
(649, 1, 'Sachets ZIP 100 x 100'),
(650, 1, 'FILM A BULLES 100 x 100 ROULEAU PAPIER BULLE + adhesif'),
(651, 1, 'Sachets ZIP 80 x 120'),
(652, 1, 'Sachets ZIP 100 x 200'),
(653, 1, 'Sachets ZIP 150 x 250'),
(654, 1, 'Sachets ZIP 300 x 400'),
(655, 1, 'Etirable Manuel Alimentaire 300x300 avec boite distributrice'),
(657, 1, 'BOITE DISTRI Etirable Alim 300x300'),
(658, 1, 'Etirable Manuel Alimentaire 450x300'),
(659, 1, 'BOITE DISTRI Etirable Alim 450x300'),
(660, 1, 'adhesif transparent PVC 19mm'),
(661, 1, 'Agitateur a cafe'),
(662, 1, 'Sachets ZIP 100 x 250'),
(663, 1, 'Barquette Traiteur 1000 cl'),
(664, 1, 'Goblet PP biere 33 cl'),
(665, 1, 'Goblet PP  biere 40 cl'),
(668, 1, 'Rouleau bulle 100x75 + dev + 6 adh'),
(669, 1, 'adhesif PP Blanc'),
(670, 1, 'adhesif PVC BLANC 48 x 100'),
(671, 1, 'adhesif PVC blanc 66mX48mm'),
(672, 1, 'Sac bretelles blanc'),
(673, 1, 'Sac fonds  caisses 600+200/200x600'),
(674, 1, 'Sac fonds de caisses 75+20/20x65'),
(675, 1, 'Sac fonds de caisses 65+25/25x90'),
(676, 1, 'sac fonds de caisses 60+20/20x70'),
(677, 1, 'Sachets ZIP 120 x 180'),
(678, 1, 'Sachets  ZIP 160 x 220'),
(679, 1, 'Sachets  ZIP 160 x 120'),
(680, 1, 'Sachets ZIP 180 x 150'),
(681, 1, 'Sachets ZIP  180 x 250'),
(682, 1, 'Sachets ZIP 220 x 120'),
(683, 1, 'Sachets ZIP 250 x 350'),
(684, 1, 'Sachets ZIP 270 x 380'),
(685, 1, 'Sachet ZIP 40 x 60 3 bandes blanche'),
(686, 1, 'Sachet ZIP 60 x 80 3 bandes blanche'),
(687, 1, 'Gobelet PS blanc cafe 10 cl'),
(688, 1, 'Goblet PS cha a  pied  10 cl'),
(689, 1, 'Assiette blanche plastique 12.5'),
(690, 1, 'SAC GRAVAT 600/100 x  870 100micron NOIR'),
(691, 1, 'SAC GRAVAT 400/100 x 870 100 micron'),
(692, 1, 'Rouleau mousse 1mm laize 120'),
(694, 1, 'Rouleau mousse 3mm laize 150'),
(695, 1, 'Rouleau mousse 3mm laize 120'),
(696, 1, 'Rouleau mousse 2mm laize 150'),
(697, 1, 'Rouleau mousse 2mm laize 120'),
(698, 1, 'Rouleau mousse PE 2mm laize 100'),
(699, 1, 'Rouleau mousse 1.5 mm laize 155'),
(700, 1, 'Rouleau mousse1.5mm laize 120'),
(701, 1, 'Rouleau mousse 1.5 mm laize 100'),
(702, 1, 'Rlx mousse 1 mm Laize 1m x 500m'),
(703, 1, 'Rouleau mousse 4mm laize 600'),
(704, 1, 'Rouleau mousse 4mm laize 120'),
(705, 1, 'Rouleau Mousse PE 4mm 125x125'),
(706, 1, 'SAC BRETELLE LIASSE PEHD 14micron 30x50'),
(707, 1, 'SAC BRETELLE LIASSE PEHD 14micron 260+60'),
(708, 1, 'SAC BRETELLE LIASSE PEHD 11µ 180x35'),
(709, 1, 'SAC BRETELLE LIASSE PEHD 11µ 180x35'),
(710, 1, 'Sac bretelles verte 12micron'),
(711, 1, 'Sac bretelle blanc 18micron 70*500'),
(712, 1, 'sac bretelle blanc 18micron 60*450'),
(716, 1, '2 Rlx bulle laize 50x50 ml + 1 adhe'),
(717, 1, 'Rouleau Bulle B80 laize 100X75 ml'),
(718, 1, 'Rouleau bulle 100x10 + dev + 6 adh'),
(720, 1, 'Rouleau bulle laize 50x100 dev adhe'),
(721, 1, 'Pochette BULLE TRI 300 x 250 + R50'),
(722, 1, 'Pochette BULLE TRI 180 x 300 + R50'),
(723, 1, 'Pochette BULLE TRI 300 x 400 + R50'),
(724, 1, 'Pochette BULLE TRI 300 x 250 + R50'),
(725, 1, 'Pochette BULLE TRI 180 x 300 + R50'),
(727, 1, 'Pochette B80 TRI 250X300'),
(728, 1, 'Pochette BULLE TRI 220 x 360 + R50'),
(729, 1, 'Pochette BULLE TRI 300 x 250 + R50'),
(730, 1, 'Pochette BULLE TRI 150 x 250 + R50'),
(731, 1, 'Pochette B80 TRI 250X300'),
(733, 1, 'Pochette BULLE TRI 220 x 360 + R50'),
(734, 1, 'Pochette BULLE TRI 150 x 250 + R50'),
(735, 1, 'Pochette BULLE TRI 300 x 400 + R50'),
(736, 1, 'Housse PEBD Neutre 1075 + 520'),
(737, 1, 'Housse PEBD Neutre 1075 + 520'),
(738, 1, 'Housse PEBD Neutre 3370x2470'),
(739, 1, 'Housse PEBD 1250+525 x 1400'),
(740, 1, 'Housse PEBD 1200+350X1500'),
(751, 1, 'Caisse carton DD 300 x 200 x  90'),
(752, 1, 'Caisse Carton DD DI 586 x 386 x 175'),
(753, 1, 'Carton ondule 300g Laize 100 x 80ml'),
(754, 1, 'Film PEBD de protection 4x1500'),
(755, 1, 'Film PEBD 2 x 1500 Rlx 84 ml 150 micron'),
(756, 1, 'Film PEBD 4 x 1500 Rlx  42 ml 150 micron'),
(757, 1, 'Barquette PLASTIPACK BC750'),
(758, 1, 'Gobelet PS cristal strie 20 cl'),
(759, 1, 'Barquette frite 125 CC'),
(760, 1, 'Barquette frite 250 CC'),
(761, 1, 'Barquette frite 500 cc'),
(762, 1, 'Boite MULTIPACK PET 370 CC'),
(763, 1, 'Boite MULTIPACK PET 250 CC'),
(764, 1, 'Boite MULTIPACK PET 500 CC'),
(765, 1, 'Verrine Boule'),
(766, 1, 'Verrine Tulipe'),
(767, 1, 'Sac Sandwich papier kraft ecru'),
(768, 1, 'Verrine Tulipe'),
(769, 1, 'Film GROSSE BULLE (Ø 32) 100 cm x 50 M Rouleau Emballage Papier Bulle +1 adhesif'),
(770, 1, 'FILM BULLES 100 x 10 PAPIER BULLE + avec adhesif et devidoir offert'),
(771, 1, 'Rouleau bulle kraft laize 50x100 ml'),
(772, 1, 'Rouleau bulle B80 laize 0.50x100 ml'),
(773, 1, 'Rouleau bulle B80 laize 0.80x150 ml'),
(774, 1, 'PROFILE MOUSSE PE 3-16 L 2000'),
(775, 1, 'PROFILE MOUSSE PE 10-24 L 2000'),
(776, 1, 'PROFILE MOUSSE PE 20-35 L 2000'),
(777, 1, 'PROFILE MOUSSE PE 24-44 L 2000'),
(778, 1, 'PROFILE MOUSSE PE 45-76 L 2000'),
(779, 1, 'PROFILE MOUSSE PE 30-58 L 2000'),
(780, 1, 'PROFILE MOUSSE PE 60-96 L 2000'),
(782, 1, 'Rouleau bulle laize 50x75 dev adhe'),
(783, 1, 'Rouleau mousse 1 mm laize160'),
(784, 1, 'Rouleau mousse 1mm laize 150'),
(785, 1, 'Rouleau mousse 1mm laize 60'),
(786, 1, 'Rouleau mousse 3mm laize160'),
(787, 1, 'Rouleau mousse 3 mm laize 60'),
(788, 1, 'Rouleau mousse 4mm laize 100'),
(789, 1, 'Caisse carton GALIA A8'),
(792, 1, 'Boite PSE 3 BRL 25G/L 378x332x305'),
(793, 1, 'Boite PSE 1 TE 25X25X25'),
(794, 1, 'Boite PSE 2 30G/L 332X254X230'),
(795, 1, 'LAME POUR DEVIDOIR D''ADHESIF SCOTCH S.A.V. maintenance'),
(796, 1, '50 Sachets plastique à curseur - 200 x 180 mm sachet zip a curceur 20 x 18 cm'),
(797, 1, '1 Plaque alvéolaire plastique 3 mm 600 x 800 450 gm² pour palette stockage'),
(798, 1, 'Rouleau bulle laize 100x50 dev adhe'),
(799, 1, 'Lots de rouleau d'' adhesif + film papier bulle 50 cm x 50 mètre de long'),
(800, 1, 'Etiquettes américaine 100 x 51 mm avec ligature acier colis de 1000'),
(801, 1, 'Etiquettes américaine 100 x 51 mm avec ligature acier colis de 1000'),
(802, 1, 'CAISSES PENDERIE POUR DEMENAGEMENT , STOCKAGE , EMBALLAGE 500 x 500 x 1350 mm'),
(803, 1, 'CAISSES PENDERIE POUR DEMENAGEMENT , STOCKAGE , EMBALLAGE 500 x 500 x 1350 mm'),
(804, 1, '20 CAISSES CARTON EMBALLAGE 16 x 12 x 11 + PAPIER BULLE + ADHESIF +DOC CI-INCLUS');

-- --------------------------------------------------------

--
-- Structure de la table `ps_image_shop`
--

